{"id":269,"date":"2017-11-29T16:48:28","date_gmt":"2017-11-29T15:48:28","guid":{"rendered":"http:\/\/wp.kristdemokraterna.se\/helsingborg\/?page_id=269"},"modified":"2025-11-16T11:42:53","modified_gmt":"2025-11-16T10:42:53","slug":"textsida-med-vanster-sidebar","status":"publish","type":"page","link":"https:\/\/wp.kristdemokraterna.se\/helsingborg\/textsida-med-vanster-sidebar\/","title":{"rendered":"V\u00e5r partiavdelning"},"content":{"rendered":"<p><b><a href=\"http:\/\/wp.kristdemokraterna.se\/helsingborg\/files\/2025\/10\/img_4544.jpg\"><img loading=\"lazy\" decoding=\"async\" class=\"alignnone size-medium wp-image-976\" src=\"http:\/\/wp.kristdemokraterna.se\/helsingborg\/files\/2025\/10\/img_4544-300x225.jpg\" alt=\"\" width=\"300\" height=\"225\" srcset=\"https:\/\/wp.kristdemokraterna.se\/helsingborg\/files\/2025\/10\/img_4544-300x225.jpg 300w, https:\/\/wp.kristdemokraterna.se\/helsingborg\/files\/2025\/10\/img_4544-1024x768.jpg 1024w, https:\/\/wp.kristdemokraterna.se\/helsingborg\/files\/2025\/10\/img_4544-768x576.jpg 768w, https:\/\/wp.kristdemokraterna.se\/helsingborg\/files\/2025\/10\/img_4544-1536x1152.jpg 1536w, https:\/\/wp.kristdemokraterna.se\/helsingborg\/files\/2025\/10\/img_4544-267x200.jpg 267w, https:\/\/wp.kristdemokraterna.se\/helsingborg\/files\/2025\/10\/img_4544-370x278.jpg 370w, https:\/\/wp.kristdemokraterna.se\/helsingborg\/files\/2025\/10\/img_4544-770x578.jpg 770w, https:\/\/wp.kristdemokraterna.se\/helsingborg\/files\/2025\/10\/img_4544-450x338.jpg 450w, https:\/\/wp.kristdemokraterna.se\/helsingborg\/files\/2025\/10\/img_4544-280x210.jpg 280w, https:\/\/wp.kristdemokraterna.se\/helsingborg\/files\/2025\/10\/img_4544-340x255.jpg 340w, https:\/\/wp.kristdemokraterna.se\/helsingborg\/files\/2025\/10\/img_4544-200x150.jpg 200w, https:\/\/wp.kristdemokraterna.se\/helsingborg\/files\/2025\/10\/img_4544-75x56.jpg 75w, https:\/\/wp.kristdemokraterna.se\/helsingborg\/files\/2025\/10\/img_4544.jpg 2048w\" sizes=\"auto, (max-width: 300px) 100vw, 300px\" \/><\/a><\/b><\/p>\n<p><b>Styrelsen best\u00e5r av:<\/b><\/p>\n<p><em>Ordf\u00f6rande<\/em> Cecilia Bengtsson<\/p>\n<p><em>Vice ordf\u00f6rande<\/em> Per Ola Gunnarsson<\/p>\n<p>&nbsp;<\/p>\n<p><em>Ledam\u00f6ter:<\/em><\/p>\n<p>Matilda Malmgren<\/p>\n<p>Alexander Kolind<\/p>\n<p>Anders Ivarsson<\/p>\n<p>Cecilia Engstr\u00f6m<\/p>\n<p>Josefine Brandin<\/p>\n<p>&nbsp;<\/p>\n<p><em>Adjungerande:<\/em><\/p>\n<p>Lars Thunberg, Kommunalr\u00e5d<\/p>\n<p>Louise Nilsson, Politisk sekreterare<\/p>\n<p>Anders Lundstr\u00f6m<\/p>\n<p>&nbsp;<\/p>\n<p>&nbsp;<\/p>\n<p>&nbsp;<\/p>\n<p>&nbsp;<\/p>\n<p>&nbsp;<\/p>\n<p>&nbsp;<\/p>\n<p>&nbsp;<\/p>\n","protected":false},"excerpt":{"rendered":"<p>Styrelsen best\u00e5r av: Ordf\u00f6rande Cecilia Bengtsson Vice ordf\u00f6rande Per Ola Gunnarsson &nbsp; Ledam\u00f6ter: Matilda Malmgren Alexander Kolind Anders Ivarsson Cecilia Engstr\u00f6m Josefine Brandin &nbsp; Adjungerande: Lars Thunberg, Kommunalr\u00e5d Louise Nilsson, Politisk sekreterare Anders Lundstr\u00f6m &nbsp; &nbsp; &nbsp; &nbsp; &nbsp; &nbsp; &nbsp;<\/p>\n","protected":false},"author":923,"featured_media":0,"parent":0,"menu_order":0,"comment_status":"closed","ping_status":"closed","template":"page.php","meta":{"_acf_changed":false,"footnotes":""},"class_list":["post-269","page","type-page","status-publish","hentry"],"acf":[],"yoast_head":"<!-- This site is optimized with the Yoast SEO plugin v27.4 - https:\/\/yoast.com\/product\/yoast-seo-wordpress\/ -->\n<title>V\u00e5r partiavdelning - Kristdemokraterna | Helsingborg<\/title>\n<meta name=\"robots\" content=\"index, follow, max-snippet:-1, max-image-preview:large, max-video-preview:-1\" \/>\n<link rel=\"canonical\" href=\"https:\/\/wp.kristdemokraterna.se\/helsingborg\/textsida-med-vanster-sidebar\/\" \/>\n<meta property=\"og:locale\" content=\"sv_SE\" \/>\n<meta property=\"og:type\" content=\"article\" \/>\n<meta property=\"og:title\" content=\"V\u00e5r partiavdelning - Kristdemokraterna | Helsingborg\" \/>\n<meta property=\"og:description\" content=\"Styrelsen best\u00e5r av: Ordf\u00f6rande Cecilia Bengtsson Vice ordf\u00f6rande Per Ola Gunnarsson &nbsp; Ledam\u00f6ter: Matilda Malmgren Alexander Kolind Anders Ivarsson Cecilia Engstr\u00f6m Josefine Brandin &nbsp; Adjungerande: Lars Thunberg, Kommunalr\u00e5d Louise Nilsson, Politisk sekreterare Anders Lundstr\u00f6m &nbsp; &nbsp; &nbsp; &nbsp; &nbsp; &nbsp; &nbsp;\" \/>\n<meta property=\"og:url\" content=\"https:\/\/wp.kristdemokraterna.se\/helsingborg\/textsida-med-vanster-sidebar\/\" \/>\n<meta property=\"og:site_name\" content=\"Kristdemokraterna | Helsingborg\" \/>\n<meta property=\"article:modified_time\" content=\"2025-11-16T10:42:53+00:00\" \/>\n<meta property=\"og:image\" content=\"https:\/\/wp.kristdemokraterna.se\/helsingborg\/files\/2025\/10\/img_4544.jpg\" \/>\n\t<meta property=\"og:image:width\" content=\"2048\" \/>\n\t<meta property=\"og:image:height\" content=\"1536\" \/>\n\t<meta property=\"og:image:type\" content=\"image\/jpeg\" \/>\n<meta name=\"twitter:card\" content=\"summary_large_image\" \/>\n<meta name=\"twitter:label1\" content=\"Ber\u00e4knad l\u00e4stid\" \/>\n\t<meta name=\"twitter:data1\" content=\"1 minut\" \/>\n<script type=\"application\/ld+json\" class=\"yoast-schema-graph\">{\"@context\":\"https:\\\/\\\/schema.org\",\"@graph\":[{\"@type\":\"WebPage\",\"@id\":\"https:\\\/\\\/wp.kristdemokraterna.se\\\/helsingborg\\\/textsida-med-vanster-sidebar\\\/\",\"url\":\"https:\\\/\\\/wp.kristdemokraterna.se\\\/helsingborg\\\/textsida-med-vanster-sidebar\\\/\",\"name\":\"V\u00e5r partiavdelning - Kristdemokraterna | Helsingborg\",\"isPartOf\":{\"@id\":\"https:\\\/\\\/wp.kristdemokraterna.se\\\/helsingborg\\\/#website\"},\"primaryImageOfPage\":{\"@id\":\"https:\\\/\\\/wp.kristdemokraterna.se\\\/helsingborg\\\/textsida-med-vanster-sidebar\\\/#primaryimage\"},\"image\":{\"@id\":\"https:\\\/\\\/wp.kristdemokraterna.se\\\/helsingborg\\\/textsida-med-vanster-sidebar\\\/#primaryimage\"},\"thumbnailUrl\":\"http:\\\/\\\/wp.kristdemokraterna.se\\\/helsingborg\\\/files\\\/2025\\\/10\\\/img_4544-300x225.jpg\",\"datePublished\":\"2017-11-29T15:48:28+00:00\",\"dateModified\":\"2025-11-16T10:42:53+00:00\",\"breadcrumb\":{\"@id\":\"https:\\\/\\\/wp.kristdemokraterna.se\\\/helsingborg\\\/textsida-med-vanster-sidebar\\\/#breadcrumb\"},\"inLanguage\":\"sv-SE\",\"potentialAction\":[{\"@type\":\"ReadAction\",\"target\":[\"https:\\\/\\\/wp.kristdemokraterna.se\\\/helsingborg\\\/textsida-med-vanster-sidebar\\\/\"]}]},{\"@type\":\"ImageObject\",\"inLanguage\":\"sv-SE\",\"@id\":\"https:\\\/\\\/wp.kristdemokraterna.se\\\/helsingborg\\\/textsida-med-vanster-sidebar\\\/#primaryimage\",\"url\":\"https:\\\/\\\/wp.kristdemokraterna.se\\\/helsingborg\\\/files\\\/2025\\\/10\\\/img_4544.jpg\",\"contentUrl\":\"https:\\\/\\\/wp.kristdemokraterna.se\\\/helsingborg\\\/files\\\/2025\\\/10\\\/img_4544.jpg\",\"width\":2048,\"height\":1536},{\"@type\":\"BreadcrumbList\",\"@id\":\"https:\\\/\\\/wp.kristdemokraterna.se\\\/helsingborg\\\/textsida-med-vanster-sidebar\\\/#breadcrumb\",\"itemListElement\":[{\"@type\":\"ListItem\",\"position\":1,\"name\":\"Hem\",\"item\":\"https:\\\/\\\/wp.kristdemokraterna.se\\\/helsingborg\\\/\"},{\"@type\":\"ListItem\",\"position\":2,\"name\":\"V\u00e5r partiavdelning\"}]},{\"@type\":\"WebSite\",\"@id\":\"https:\\\/\\\/wp.kristdemokraterna.se\\\/helsingborg\\\/#website\",\"url\":\"https:\\\/\\\/wp.kristdemokraterna.se\\\/helsingborg\\\/\",\"name\":\"Kristdemokraterna | Helsingborg\",\"description\":\"\u00c4nnu en webbplats hos Kristdemokraterna\",\"inLanguage\":\"sv-SE\"}]}<\/script>\n<!-- \/ Yoast SEO plugin. -->","yoast_head_json":{"title":"V\u00e5r partiavdelning - Kristdemokraterna | Helsingborg","robots":{"index":"index","follow":"follow","max-snippet":"max-snippet:-1","max-image-preview":"max-image-preview:large","max-video-preview":"max-video-preview:-1"},"canonical":"https:\/\/wp.kristdemokraterna.se\/helsingborg\/textsida-med-vanster-sidebar\/","og_locale":"sv_SE","og_type":"article","og_title":"V\u00e5r partiavdelning - Kristdemokraterna | Helsingborg","og_description":"Styrelsen best\u00e5r av: Ordf\u00f6rande Cecilia Bengtsson Vice ordf\u00f6rande Per Ola Gunnarsson &nbsp; Ledam\u00f6ter: Matilda Malmgren Alexander Kolind Anders Ivarsson Cecilia Engstr\u00f6m Josefine Brandin &nbsp; Adjungerande: Lars Thunberg, Kommunalr\u00e5d Louise Nilsson, Politisk sekreterare Anders Lundstr\u00f6m &nbsp; &nbsp; &nbsp; &nbsp; &nbsp; &nbsp; &nbsp;","og_url":"https:\/\/wp.kristdemokraterna.se\/helsingborg\/textsida-med-vanster-sidebar\/","og_site_name":"Kristdemokraterna | Helsingborg","article_modified_time":"2025-11-16T10:42:53+00:00","og_image":[{"width":2048,"height":1536,"url":"https:\/\/wp.kristdemokraterna.se\/helsingborg\/files\/2025\/10\/img_4544.jpg","type":"image\/jpeg"}],"twitter_card":"summary_large_image","twitter_misc":{"Ber\u00e4knad l\u00e4stid":"1 minut"},"schema":{"@context":"https:\/\/schema.org","@graph":[{"@type":"WebPage","@id":"https:\/\/wp.kristdemokraterna.se\/helsingborg\/textsida-med-vanster-sidebar\/","url":"https:\/\/wp.kristdemokraterna.se\/helsingborg\/textsida-med-vanster-sidebar\/","name":"V\u00e5r partiavdelning - Kristdemokraterna | Helsingborg","isPartOf":{"@id":"https:\/\/wp.kristdemokraterna.se\/helsingborg\/#website"},"primaryImageOfPage":{"@id":"https:\/\/wp.kristdemokraterna.se\/helsingborg\/textsida-med-vanster-sidebar\/#primaryimage"},"image":{"@id":"https:\/\/wp.kristdemokraterna.se\/helsingborg\/textsida-med-vanster-sidebar\/#primaryimage"},"thumbnailUrl":"http:\/\/wp.kristdemokraterna.se\/helsingborg\/files\/2025\/10\/img_4544-300x225.jpg","datePublished":"2017-11-29T15:48:28+00:00","dateModified":"2025-11-16T10:42:53+00:00","breadcrumb":{"@id":"https:\/\/wp.kristdemokraterna.se\/helsingborg\/textsida-med-vanster-sidebar\/#breadcrumb"},"inLanguage":"sv-SE","potentialAction":[{"@type":"ReadAction","target":["https:\/\/wp.kristdemokraterna.se\/helsingborg\/textsida-med-vanster-sidebar\/"]}]},{"@type":"ImageObject","inLanguage":"sv-SE","@id":"https:\/\/wp.kristdemokraterna.se\/helsingborg\/textsida-med-vanster-sidebar\/#primaryimage","url":"https:\/\/wp.kristdemokraterna.se\/helsingborg\/files\/2025\/10\/img_4544.jpg","contentUrl":"https:\/\/wp.kristdemokraterna.se\/helsingborg\/files\/2025\/10\/img_4544.jpg","width":2048,"height":1536},{"@type":"BreadcrumbList","@id":"https:\/\/wp.kristdemokraterna.se\/helsingborg\/textsida-med-vanster-sidebar\/#breadcrumb","itemListElement":[{"@type":"ListItem","position":1,"name":"Hem","item":"https:\/\/wp.kristdemokraterna.se\/helsingborg\/"},{"@type":"ListItem","position":2,"name":"V\u00e5r partiavdelning"}]},{"@type":"WebSite","@id":"https:\/\/wp.kristdemokraterna.se\/helsingborg\/#website","url":"https:\/\/wp.kristdemokraterna.se\/helsingborg\/","name":"Kristdemokraterna | Helsingborg","description":"\u00c4nnu en webbplats hos Kristdemokraterna","inLanguage":"sv-SE"}]}},"_links":{"self":[{"href":"https:\/\/wp.kristdemokraterna.se\/helsingborg\/wp-json\/wp\/v2\/pages\/269","targetHints":{"allow":["GET"]}}],"collection":[{"href":"https:\/\/wp.kristdemokraterna.se\/helsingborg\/wp-json\/wp\/v2\/pages"}],"about":[{"href":"https:\/\/wp.kristdemokraterna.se\/helsingborg\/wp-json\/wp\/v2\/types\/page"}],"author":[{"embeddable":true,"href":"https:\/\/wp.kristdemokraterna.se\/helsingborg\/wp-json\/wp\/v2\/users\/923"}],"replies":[{"embeddable":true,"href":"https:\/\/wp.kristdemokraterna.se\/helsingborg\/wp-json\/wp\/v2\/comments?post=269"}],"version-history":[{"count":18,"href":"https:\/\/wp.kristdemokraterna.se\/helsingborg\/wp-json\/wp\/v2\/pages\/269\/revisions"}],"predecessor-version":[{"id":1008,"href":"https:\/\/wp.kristdemokraterna.se\/helsingborg\/wp-json\/wp\/v2\/pages\/269\/revisions\/1008"}],"wp:attachment":[{"href":"https:\/\/wp.kristdemokraterna.se\/helsingborg\/wp-json\/wp\/v2\/media?parent=269"}],"curies":[{"name":"wp","href":"https:\/\/api.w.org\/{rel}","templated":true}]}}