{"version":"1.0","provider_name":"Kristdemokraterna i Huddinge","provider_url":"https:\/\/wp.kristdemokraterna.se\/huddinge","title":"Socialt ansvarstagande - Kristdemokraterna i Huddinge","type":"rich","width":600,"height":338,"html":"<blockquote class=\"wp-embedded-content\" data-secret=\"S1LCvN8zSy\"><a href=\"https:\/\/wp.kristdemokraterna.se\/huddinge\/socialt-ansvarstagande\/\">Socialt ansvarstagande<\/a><\/blockquote><iframe sandbox=\"allow-scripts\" security=\"restricted\" src=\"https:\/\/wp.kristdemokraterna.se\/huddinge\/socialt-ansvarstagande\/embed\/#?secret=S1LCvN8zSy\" width=\"600\" height=\"338\" title=\"\u201dSocialt ansvarstagande\u201d &ndash; Kristdemokraterna i Huddinge\" data-secret=\"S1LCvN8zSy\" frameborder=\"0\" marginwidth=\"0\" marginheight=\"0\" scrolling=\"no\" class=\"wp-embedded-content\"><\/iframe><script type=\"text\/javascript\">\n\/* <![CDATA[ *\/\n\/*! This file is auto-generated *\/\n!function(d,l){\"use strict\";l.querySelector&&d.addEventListener&&\"undefined\"!=typeof URL&&(d.wp=d.wp||{},d.wp.receiveEmbedMessage||(d.wp.receiveEmbedMessage=function(e){var t=e.data;if((t||t.secret||t.message||t.value)&&!\/[^a-zA-Z0-9]\/.test(t.secret)){for(var s,r,n,a=l.querySelectorAll('iframe[data-secret=\"'+t.secret+'\"]'),o=l.querySelectorAll('blockquote[data-secret=\"'+t.secret+'\"]'),c=new RegExp(\"^https?:$\",\"i\"),i=0;i<o.length;i++)o[i].style.display=\"none\";for(i=0;i<a.length;i++)s=a[i],e.source===s.contentWindow&&(s.removeAttribute(\"style\"),\"height\"===t.message?(1e3<(r=parseInt(t.value,10))?r=1e3:~~r<200&&(r=200),s.height=r):\"link\"===t.message&&(r=new URL(s.getAttribute(\"src\")),n=new URL(t.value),c.test(n.protocol))&&n.host===r.host&&l.activeElement===s&&(d.top.location.href=t.value))}},d.addEventListener(\"message\",d.wp.receiveEmbedMessage,!1),l.addEventListener(\"DOMContentLoaded\",function(){for(var e,t,s=l.querySelectorAll(\"iframe.wp-embedded-content\"),r=0;r<s.length;r++)(t=(e=s[r]).getAttribute(\"data-secret\"))||(t=Math.random().toString(36).substring(2,12),e.src+=\"#?secret=\"+t,e.setAttribute(\"data-secret\",t)),e.contentWindow.postMessage({message:\"ready\",secret:t},\"*\")},!1)))}(window,document);\n\/\/# sourceURL=https:\/\/wp.kristdemokraterna.se\/huddinge\/wp-includes\/js\/wp-embed.min.js\n\/* ]]> *\/\n<\/script>\n","description":"\u201dMyten om den perfekta m\u00e4nniskan som ideal och norm riskerar att bli ett hot mot viktiga v\u00e4rden som delaktighet och solidaritet. Politiken m\u00e5ste f\u00f6rankras i en m\u00e4nniskosyn som b\u00e5de tillm\u00e4ter m\u00e4nniskan ett absolut och okr\u00e4nkbart v\u00e4rde och erk\u00e4nner att alla m\u00e4nniskor \u00e4r olika med olika beg\u00e5vning, intressen och f\u00f6ruts\u00e4ttningar.\u201d (Kristdemokraternas principprogram, sida 68.) \u201dMedm\u00e4nsklighet och L\u00e4s mer"}

”Myten om den perfekta människan som ideal och norm riskerar att bli ett hot mot viktiga värden som delaktighet och solidaritet. Politiken måste förankras i en människosyn som både tillmäter människan ett absolut och okränkbart värde och erkänner att alla människor är olika med olika begåvning, intressen och förutsättningar.” (Kristdemokraternas principprogram, sida 68.) ”Medmänsklighet och Läs mer
