{"version":"1.0","provider_name":"Jan Stefanson","provider_url":"https:\/\/wp.kristdemokraterna.se\/janstefanson","title":"Lola fick plats! - Jan Stefanson","type":"rich","width":600,"height":338,"html":"<blockquote class=\"wp-embedded-content\" data-secret=\"mrrJyNvqdx\"><a href=\"https:\/\/wp.kristdemokraterna.se\/janstefanson\/lola-fick-plats\/\">Lola fick plats!<\/a><\/blockquote><iframe sandbox=\"allow-scripts\" security=\"restricted\" src=\"https:\/\/wp.kristdemokraterna.se\/janstefanson\/lola-fick-plats\/embed\/#?secret=mrrJyNvqdx\" width=\"600\" height=\"338\" title=\"\u201dLola fick plats!\u201d &ndash; Jan Stefanson\" data-secret=\"mrrJyNvqdx\" frameborder=\"0\" marginwidth=\"0\" marginheight=\"0\" scrolling=\"no\" class=\"wp-embedded-content\"><\/iframe><script type=\"text\/javascript\">\n\/* <![CDATA[ *\/\n\/*! This file is auto-generated *\/\n!function(d,l){\"use strict\";l.querySelector&&d.addEventListener&&\"undefined\"!=typeof URL&&(d.wp=d.wp||{},d.wp.receiveEmbedMessage||(d.wp.receiveEmbedMessage=function(e){var t=e.data;if((t||t.secret||t.message||t.value)&&!\/[^a-zA-Z0-9]\/.test(t.secret)){for(var s,r,n,a=l.querySelectorAll('iframe[data-secret=\"'+t.secret+'\"]'),o=l.querySelectorAll('blockquote[data-secret=\"'+t.secret+'\"]'),c=new RegExp(\"^https?:$\",\"i\"),i=0;i<o.length;i++)o[i].style.display=\"none\";for(i=0;i<a.length;i++)s=a[i],e.source===s.contentWindow&&(s.removeAttribute(\"style\"),\"height\"===t.message?(1e3<(r=parseInt(t.value,10))?r=1e3:~~r<200&&(r=200),s.height=r):\"link\"===t.message&&(r=new URL(s.getAttribute(\"src\")),n=new URL(t.value),c.test(n.protocol))&&n.host===r.host&&l.activeElement===s&&(d.top.location.href=t.value))}},d.addEventListener(\"message\",d.wp.receiveEmbedMessage,!1),l.addEventListener(\"DOMContentLoaded\",function(){for(var e,t,s=l.querySelectorAll(\"iframe.wp-embedded-content\"),r=0;r<s.length;r++)(t=(e=s[r]).getAttribute(\"data-secret\"))||(t=Math.random().toString(36).substring(2,12),e.src+=\"#?secret=\"+t,e.setAttribute(\"data-secret\",t)),e.contentWindow.postMessage({message:\"ready\",secret:t},\"*\")},!1)))}(window,document);\n\/\/# sourceURL=https:\/\/wp.kristdemokraterna.se\/janstefanson\/wp-includes\/js\/wp-embed.min.js\n\/* ]]> *\/\n<\/script>\n","description":"Idag meddelade G\u00e4vle Kommun att Lola f\u00e5tt plats p\u00e5 \u00e4ldreboende. P\u00e5 fredag f\u00e5r hon flytta in. Grattis till ett bra beslut. Av all process som tagit tid och kraft b\u00e5de fr\u00e5n familj och tj\u00e4nstem\u00e4n finns en tacksam vinnare. Lola Rigmo som f\u00e5r fira sin 89-\u00e5rs dag i midsommar med vetskap om ett tryggt omh\u00e4ndertagande. Ensamheten Read More","thumbnail_url":"http:\/\/wp.kristdemokraterna.se\/janstefanson\/files\/2019\/05\/part_1558791158065-300x281.jpeg"}

Idag meddelade Gävle Kommun att Lola fått plats på äldreboende. På fredag får hon flytta in. Grattis till ett bra beslut. Av all process som tagit tid och kraft både från familj och tjänstemän finns en tacksam vinnare. Lola Rigmo som får fira sin 89-års dag i midsommar med vetskap om ett tryggt omhändertagande. Ensamheten Read More
