{"id":2,"date":"2012-09-14T12:14:27","date_gmt":"2012-09-14T12:14:27","guid":{"rendered":"http:\/\/wp.kristdemokraterna.se\/jarfalla\/?page_id=2"},"modified":"2026-03-27T08:23:25","modified_gmt":"2026-03-27T07:23:25","slug":"kontakt","status":"publish","type":"page","link":"https:\/\/wp.kristdemokraterna.se\/jarfalla\/kontakt\/","title":{"rendered":"Kontakt"},"content":{"rendered":"<p><strong>Kristdemokraterna i J\u00e4rf\u00e4lla<\/strong><br \/>\nVasaplatsen 11<br \/>\n177 80 J\u00e4rf\u00e4lla<\/p>\n<p>&nbsp;<\/p>\n<p>&nbsp;<\/p>\n<h2><\/h2>\n<p>&nbsp;<\/p>\n<p>&nbsp;<\/p>\n<p>&nbsp;<\/p>\n<hr \/>\n<p>&nbsp;<\/p>\n","protected":false},"excerpt":{"rendered":"<p>Kristdemokraterna i J\u00e4rf\u00e4lla Vasaplatsen 11 177 80 J\u00e4rf\u00e4lla &nbsp; &nbsp; &nbsp; &nbsp; &nbsp; &nbsp;<\/p>\n","protected":false},"author":46,"featured_media":0,"parent":0,"menu_order":0,"comment_status":"closed","ping_status":"closed","template":"","meta":{"_acf_changed":false,"footnotes":""},"class_list":["post-2","page","type-page","status-publish","hentry"],"acf":[],"yoast_head":"<!-- This site is optimized with the Yoast SEO plugin v27.4 - https:\/\/yoast.com\/product\/yoast-seo-wordpress\/ -->\n<title>Kontakt - Kristdemokraterna i J\u00e4rf\u00e4lla<\/title>\n<meta name=\"robots\" content=\"index, follow, max-snippet:-1, max-image-preview:large, max-video-preview:-1\" \/>\n<link rel=\"canonical\" href=\"https:\/\/wp.kristdemokraterna.se\/jarfalla\/kontakt\/\" \/>\n<meta property=\"og:locale\" content=\"sv_SE\" \/>\n<meta property=\"og:type\" content=\"article\" \/>\n<meta property=\"og:title\" content=\"Kontakt - Kristdemokraterna i J\u00e4rf\u00e4lla\" \/>\n<meta property=\"og:description\" content=\"Kristdemokraterna i J\u00e4rf\u00e4lla Vasaplatsen 11 177 80 J\u00e4rf\u00e4lla &nbsp; &nbsp; &nbsp; &nbsp; &nbsp; &nbsp;\" \/>\n<meta property=\"og:url\" content=\"https:\/\/wp.kristdemokraterna.se\/jarfalla\/kontakt\/\" \/>\n<meta property=\"og:site_name\" content=\"Kristdemokraterna i J\u00e4rf\u00e4lla\" \/>\n<meta property=\"article:publisher\" content=\"https:\/\/www.facebook.com\/kdjarfalla\" \/>\n<meta property=\"article:modified_time\" content=\"2026-03-27T07:23:25+00:00\" \/>\n<meta name=\"twitter:card\" content=\"summary_large_image\" \/>\n<meta name=\"twitter:label1\" content=\"Ber\u00e4knad l\u00e4stid\" \/>\n\t<meta name=\"twitter:data1\" content=\"1 minut\" \/>\n<script type=\"application\/ld+json\" class=\"yoast-schema-graph\">{\"@context\":\"https:\\\/\\\/schema.org\",\"@graph\":[{\"@type\":\"WebPage\",\"@id\":\"https:\\\/\\\/wp.kristdemokraterna.se\\\/jarfalla\\\/kontakt\\\/\",\"url\":\"https:\\\/\\\/wp.kristdemokraterna.se\\\/jarfalla\\\/kontakt\\\/\",\"name\":\"Kontakt - Kristdemokraterna i J\u00e4rf\u00e4lla\",\"isPartOf\":{\"@id\":\"https:\\\/\\\/wp.kristdemokraterna.se\\\/jarfalla\\\/#website\"},\"datePublished\":\"2012-09-14T12:14:27+00:00\",\"dateModified\":\"2026-03-27T07:23:25+00:00\",\"breadcrumb\":{\"@id\":\"https:\\\/\\\/wp.kristdemokraterna.se\\\/jarfalla\\\/kontakt\\\/#breadcrumb\"},\"inLanguage\":\"sv-SE\",\"potentialAction\":[{\"@type\":\"ReadAction\",\"target\":[\"https:\\\/\\\/wp.kristdemokraterna.se\\\/jarfalla\\\/kontakt\\\/\"]}]},{\"@type\":\"BreadcrumbList\",\"@id\":\"https:\\\/\\\/wp.kristdemokraterna.se\\\/jarfalla\\\/kontakt\\\/#breadcrumb\",\"itemListElement\":[{\"@type\":\"ListItem\",\"position\":1,\"name\":\"Hem\",\"item\":\"https:\\\/\\\/wp.kristdemokraterna.se\\\/jarfalla\\\/\"},{\"@type\":\"ListItem\",\"position\":2,\"name\":\"Kontakt\"}]},{\"@type\":\"WebSite\",\"@id\":\"https:\\\/\\\/wp.kristdemokraterna.se\\\/jarfalla\\\/#website\",\"url\":\"https:\\\/\\\/wp.kristdemokraterna.se\\\/jarfalla\\\/\",\"name\":\"Kristdemokraterna i J\u00e4rf\u00e4lla\",\"description\":\"Kristdemokraterna i J\u00e4rf\u00e4lla\",\"publisher\":{\"@id\":\"https:\\\/\\\/wp.kristdemokraterna.se\\\/jarfalla\\\/#organization\"},\"inLanguage\":\"sv-SE\"},{\"@type\":\"Organization\",\"@id\":\"https:\\\/\\\/wp.kristdemokraterna.se\\\/jarfalla\\\/#organization\",\"name\":\"Kristdemokraterna i J\u00e4rf\u00e4lla\",\"url\":\"https:\\\/\\\/wp.kristdemokraterna.se\\\/jarfalla\\\/\",\"logo\":{\"@type\":\"ImageObject\",\"inLanguage\":\"sv-SE\",\"@id\":\"https:\\\/\\\/wp.kristdemokraterna.se\\\/jarfalla\\\/#\\\/schema\\\/logo\\\/image\\\/\",\"url\":\"https:\\\/\\\/wp.kristdemokraterna.se\\\/jarfalla\\\/files\\\/2026\\\/03\\\/christian_democrats_sweden_logo_2017.svg\",\"contentUrl\":\"https:\\\/\\\/wp.kristdemokraterna.se\\\/jarfalla\\\/files\\\/2026\\\/03\\\/christian_democrats_sweden_logo_2017.svg\",\"width\":487,\"height\":487,\"caption\":\"Kristdemokraterna i J\u00e4rf\u00e4lla\"},\"image\":{\"@id\":\"https:\\\/\\\/wp.kristdemokraterna.se\\\/jarfalla\\\/#\\\/schema\\\/logo\\\/image\\\/\"},\"sameAs\":[\"https:\\\/\\\/www.facebook.com\\\/kdjarfalla\",\"https:\\\/\\\/www.instagram.com\\\/kd_jarfalla\\\/\"]}]}<\/script>\n<!-- \/ Yoast SEO plugin. -->","yoast_head_json":{"title":"Kontakt - Kristdemokraterna i J\u00e4rf\u00e4lla","robots":{"index":"index","follow":"follow","max-snippet":"max-snippet:-1","max-image-preview":"max-image-preview:large","max-video-preview":"max-video-preview:-1"},"canonical":"https:\/\/wp.kristdemokraterna.se\/jarfalla\/kontakt\/","og_locale":"sv_SE","og_type":"article","og_title":"Kontakt - Kristdemokraterna i J\u00e4rf\u00e4lla","og_description":"Kristdemokraterna i J\u00e4rf\u00e4lla Vasaplatsen 11 177 80 J\u00e4rf\u00e4lla &nbsp; &nbsp; &nbsp; &nbsp; &nbsp; &nbsp;","og_url":"https:\/\/wp.kristdemokraterna.se\/jarfalla\/kontakt\/","og_site_name":"Kristdemokraterna i J\u00e4rf\u00e4lla","article_publisher":"https:\/\/www.facebook.com\/kdjarfalla","article_modified_time":"2026-03-27T07:23:25+00:00","twitter_card":"summary_large_image","twitter_misc":{"Ber\u00e4knad l\u00e4stid":"1 minut"},"schema":{"@context":"https:\/\/schema.org","@graph":[{"@type":"WebPage","@id":"https:\/\/wp.kristdemokraterna.se\/jarfalla\/kontakt\/","url":"https:\/\/wp.kristdemokraterna.se\/jarfalla\/kontakt\/","name":"Kontakt - Kristdemokraterna i J\u00e4rf\u00e4lla","isPartOf":{"@id":"https:\/\/wp.kristdemokraterna.se\/jarfalla\/#website"},"datePublished":"2012-09-14T12:14:27+00:00","dateModified":"2026-03-27T07:23:25+00:00","breadcrumb":{"@id":"https:\/\/wp.kristdemokraterna.se\/jarfalla\/kontakt\/#breadcrumb"},"inLanguage":"sv-SE","potentialAction":[{"@type":"ReadAction","target":["https:\/\/wp.kristdemokraterna.se\/jarfalla\/kontakt\/"]}]},{"@type":"BreadcrumbList","@id":"https:\/\/wp.kristdemokraterna.se\/jarfalla\/kontakt\/#breadcrumb","itemListElement":[{"@type":"ListItem","position":1,"name":"Hem","item":"https:\/\/wp.kristdemokraterna.se\/jarfalla\/"},{"@type":"ListItem","position":2,"name":"Kontakt"}]},{"@type":"WebSite","@id":"https:\/\/wp.kristdemokraterna.se\/jarfalla\/#website","url":"https:\/\/wp.kristdemokraterna.se\/jarfalla\/","name":"Kristdemokraterna i J\u00e4rf\u00e4lla","description":"Kristdemokraterna i J\u00e4rf\u00e4lla","publisher":{"@id":"https:\/\/wp.kristdemokraterna.se\/jarfalla\/#organization"},"inLanguage":"sv-SE"},{"@type":"Organization","@id":"https:\/\/wp.kristdemokraterna.se\/jarfalla\/#organization","name":"Kristdemokraterna i J\u00e4rf\u00e4lla","url":"https:\/\/wp.kristdemokraterna.se\/jarfalla\/","logo":{"@type":"ImageObject","inLanguage":"sv-SE","@id":"https:\/\/wp.kristdemokraterna.se\/jarfalla\/#\/schema\/logo\/image\/","url":"https:\/\/wp.kristdemokraterna.se\/jarfalla\/files\/2026\/03\/christian_democrats_sweden_logo_2017.svg","contentUrl":"https:\/\/wp.kristdemokraterna.se\/jarfalla\/files\/2026\/03\/christian_democrats_sweden_logo_2017.svg","width":487,"height":487,"caption":"Kristdemokraterna i J\u00e4rf\u00e4lla"},"image":{"@id":"https:\/\/wp.kristdemokraterna.se\/jarfalla\/#\/schema\/logo\/image\/"},"sameAs":["https:\/\/www.facebook.com\/kdjarfalla","https:\/\/www.instagram.com\/kd_jarfalla\/"]}]}},"_links":{"self":[{"href":"https:\/\/wp.kristdemokraterna.se\/jarfalla\/wp-json\/wp\/v2\/pages\/2","targetHints":{"allow":["GET"]}}],"collection":[{"href":"https:\/\/wp.kristdemokraterna.se\/jarfalla\/wp-json\/wp\/v2\/pages"}],"about":[{"href":"https:\/\/wp.kristdemokraterna.se\/jarfalla\/wp-json\/wp\/v2\/types\/page"}],"author":[{"embeddable":true,"href":"https:\/\/wp.kristdemokraterna.se\/jarfalla\/wp-json\/wp\/v2\/users\/46"}],"replies":[{"embeddable":true,"href":"https:\/\/wp.kristdemokraterna.se\/jarfalla\/wp-json\/wp\/v2\/comments?post=2"}],"version-history":[{"count":29,"href":"https:\/\/wp.kristdemokraterna.se\/jarfalla\/wp-json\/wp\/v2\/pages\/2\/revisions"}],"predecessor-version":[{"id":882,"href":"https:\/\/wp.kristdemokraterna.se\/jarfalla\/wp-json\/wp\/v2\/pages\/2\/revisions\/882"}],"wp:attachment":[{"href":"https:\/\/wp.kristdemokraterna.se\/jarfalla\/wp-json\/wp\/v2\/media?parent=2"}],"curies":[{"name":"wp","href":"https:\/\/api.w.org\/{rel}","templated":true}]}}

<p><strong>Kristdemokraterna i Järfälla</strong><br />
Vasaplatsen 11<br />
177 80 Järfälla</p>
<p>&nbsp;</p>
<p>&nbsp;</p>
<h2></h2>
<p>&nbsp;</p>
<p>&nbsp;</p>
<p>&nbsp;</p>
<hr />
<p>&nbsp;</p>

<p>Kristdemokraterna i Järfälla Vasaplatsen 11 177 80 Järfälla &nbsp; &nbsp; &nbsp; &nbsp; &nbsp; &nbsp;</p>

<!-- This site is optimized with the Yoast SEO plugin v27.4 - https://yoast.com/product/yoast-seo-wordpress/ -->
<title>Kontakt - Kristdemokraterna i Järfälla</title>
<meta name="robots" content="index, follow, max-snippet:-1, max-image-preview:large, max-video-preview:-1" />
<link rel="canonical" href="https://wp.kristdemokraterna.se/jarfalla/kontakt/" />
<meta property="og:locale" content="sv_SE" />
<meta property="og:type" content="article" />
<meta property="og:title" content="Kontakt - Kristdemokraterna i Järfälla" />
<meta property="og:description" content="Kristdemokraterna i Järfälla Vasaplatsen 11 177 80 Järfälla &nbsp; &nbsp; &nbsp; &nbsp; &nbsp; &nbsp;" />
<meta property="og:url" content="https://wp.kristdemokraterna.se/jarfalla/kontakt/" />
<meta property="og:site_name" content="Kristdemokraterna i Järfälla" />
<meta property="article:publisher" content="https://www.facebook.com/kdjarfalla" />
<meta property="article:modified_time" content="2026-03-27T07:23:25+00:00" />
<meta name="twitter:card" content="summary_large_image" />
<meta name="twitter:label1" content="Beräknad lästid" />
	<meta name="twitter:data1" content="1 minut" />
<script type="application/ld+json" class="yoast-schema-graph">{"@context":"https:\/\/schema.org","@graph":[{"@type":"WebPage","@id":"https:\/\/wp.kristdemokraterna.se\/jarfalla\/kontakt\/","url":"https:\/\/wp.kristdemokraterna.se\/jarfalla\/kontakt\/","name":"Kontakt - Kristdemokraterna i Järfälla","isPartOf":{"@id":"https:\/\/wp.kristdemokraterna.se\/jarfalla\/#website"},"datePublished":"2012-09-14T12:14:27+00:00","dateModified":"2026-03-27T07:23:25+00:00","breadcrumb":{"@id":"https:\/\/wp.kristdemokraterna.se\/jarfalla\/kontakt\/#breadcrumb"},"inLanguage":"sv-SE","potentialAction":[{"@type":"ReadAction","target":["https:\/\/wp.kristdemokraterna.se\/jarfalla\/kontakt\/"]}]},{"@type":"BreadcrumbList","@id":"https:\/\/wp.kristdemokraterna.se\/jarfalla\/kontakt\/#breadcrumb","itemListElement":[{"@type":"ListItem","position":1,"name":"Hem","item":"https:\/\/wp.kristdemokraterna.se\/jarfalla\/"},{"@type":"ListItem","position":2,"name":"Kontakt"}]},{"@type":"WebSite","@id":"https:\/\/wp.kristdemokraterna.se\/jarfalla\/#website","url":"https:\/\/wp.kristdemokraterna.se\/jarfalla\/","name":"Kristdemokraterna i Järfälla","description":"Kristdemokraterna i Järfälla","publisher":{"@id":"https:\/\/wp.kristdemokraterna.se\/jarfalla\/#organization"},"inLanguage":"sv-SE"},{"@type":"Organization","@id":"https:\/\/wp.kristdemokraterna.se\/jarfalla\/#organization","name":"Kristdemokraterna i Järfälla","url":"https:\/\/wp.kristdemokraterna.se\/jarfalla\/","logo":{"@type":"ImageObject","inLanguage":"sv-SE","@id":"https:\/\/wp.kristdemokraterna.se\/jarfalla\/#\/schema\/logo\/image\/","url":"https:\/\/wp.kristdemokraterna.se\/jarfalla\/files\/2026\/03\/christian_democrats_sweden_logo_2017.svg","contentUrl":"https:\/\/wp.kristdemokraterna.se\/jarfalla\/files\/2026\/03\/christian_democrats_sweden_logo_2017.svg","width":487,"height":487,"caption":"Kristdemokraterna i Järfälla"},"image":{"@id":"https:\/\/wp.kristdemokraterna.se\/jarfalla\/#\/schema\/logo\/image\/"},"sameAs":["https:\/\/www.facebook.com\/kdjarfalla","https:\/\/www.instagram.com\/kd_jarfalla\/"]}]}</script>
<!-- / Yoast SEO plugin. -->

Kontakt - Kristdemokraterna i Järfälla

Kristdemokraterna i Järfälla Vasaplatsen 11 177 80 Järfälla &nbsp; &nbsp; &nbsp; &nbsp; &nbsp; &nbsp;

Kristdemokraterna i Järfälla
