{"id":1213,"date":"2022-07-01T16:05:18","date_gmt":"2022-07-01T14:05:18","guid":{"rendered":"https:\/\/wp.kristdemokraterna.se\/jkpg\/?page_id=1213"},"modified":"2022-09-19T12:12:15","modified_gmt":"2022-09-19T10:12:15","slug":"in-other-languages","status":"publish","type":"page","link":"https:\/\/wp.kristdemokraterna.se\/jkpg\/in-other-languages\/","title":{"rendered":"\ud83c\udf10 Other languages"},"content":{"rendered":"<ul>\n<li><a href=\"https:\/\/wp.kristdemokraterna.se\/jkpg\/in-other-languages\/persiska\/\" rel=\"attachment wp-att-1224\">Persiska<\/a><\/li>\n<li><a href=\"http:\/\/wp.kristdemokraterna.se\/jkpg\/files\/2022\/09\/arabiska.pdf\">Arabiska<\/a><\/li>\n<li><a href=\"https:\/\/wp.kristdemokraterna.se\/jkpg\/in-other-languages\/syrianska\/\" rel=\"attachment wp-att-1226\">Syrianska<\/a><\/li>\n<li><a href=\"https:\/\/wp.kristdemokraterna.se\/jkpg\/in-other-languages\/somaliska\/\" rel=\"attachment wp-att-1225\">Somaliska<\/a><\/li>\n<li><a href=\"https:\/\/wp.kristdemokraterna.se\/jkpg\/in-other-languages\/img-4710\/\">Teckenspr\u00e5k<\/a><\/li>\n<\/ul>\n","protected":false},"excerpt":{"rendered":"<p>Persiska Arabiska Syrianska Somaliska Teckenspr\u00e5k<\/p>\n","protected":false},"author":895,"featured_media":0,"parent":0,"menu_order":0,"comment_status":"closed","ping_status":"closed","template":"","meta":{"_acf_changed":false,"footnotes":""},"class_list":["post-1213","page","type-page","status-publish","hentry"],"acf":[],"yoast_head":"<!-- This site is optimized with the Yoast SEO plugin v27.3 - https:\/\/yoast.com\/product\/yoast-seo-wordpress\/ -->\n<title>\ud83c\udf10 Other languages - J\u00f6nk\u00f6pings kommun<\/title>\n<meta name=\"robots\" content=\"index, follow, max-snippet:-1, max-image-preview:large, max-video-preview:-1\" \/>\n<link rel=\"canonical\" href=\"https:\/\/wp.kristdemokraterna.se\/jkpg\/in-other-languages\/\" \/>\n<meta property=\"og:locale\" content=\"sv_SE\" \/>\n<meta property=\"og:type\" content=\"article\" \/>\n<meta property=\"og:title\" content=\"\ud83c\udf10 Other languages - J\u00f6nk\u00f6pings kommun\" \/>\n<meta property=\"og:description\" content=\"Persiska Arabiska Syrianska Somaliska Teckenspr\u00e5k\" \/>\n<meta property=\"og:url\" content=\"https:\/\/wp.kristdemokraterna.se\/jkpg\/in-other-languages\/\" \/>\n<meta property=\"og:site_name\" content=\"J\u00f6nk\u00f6pings kommun\" \/>\n<meta property=\"article:modified_time\" content=\"2022-09-19T10:12:15+00:00\" \/>\n<meta name=\"twitter:card\" content=\"summary_large_image\" \/>\n<meta name=\"twitter:label1\" content=\"Ber\u00e4knad l\u00e4stid\" \/>\n\t<meta name=\"twitter:data1\" content=\"1 minut\" \/>\n<script type=\"application\/ld+json\" class=\"yoast-schema-graph\">{\"@context\":\"https:\\\/\\\/schema.org\",\"@graph\":[{\"@type\":\"WebPage\",\"@id\":\"https:\\\/\\\/wp.kristdemokraterna.se\\\/jkpg\\\/in-other-languages\\\/\",\"url\":\"https:\\\/\\\/wp.kristdemokraterna.se\\\/jkpg\\\/in-other-languages\\\/\",\"name\":\"\ud83c\udf10 Other languages - J\u00f6nk\u00f6pings kommun\",\"isPartOf\":{\"@id\":\"https:\\\/\\\/wp.kristdemokraterna.se\\\/jkpg\\\/#website\"},\"datePublished\":\"2022-07-01T14:05:18+00:00\",\"dateModified\":\"2022-09-19T10:12:15+00:00\",\"breadcrumb\":{\"@id\":\"https:\\\/\\\/wp.kristdemokraterna.se\\\/jkpg\\\/in-other-languages\\\/#breadcrumb\"},\"inLanguage\":\"sv-SE\",\"potentialAction\":[{\"@type\":\"ReadAction\",\"target\":[\"https:\\\/\\\/wp.kristdemokraterna.se\\\/jkpg\\\/in-other-languages\\\/\"]}]},{\"@type\":\"BreadcrumbList\",\"@id\":\"https:\\\/\\\/wp.kristdemokraterna.se\\\/jkpg\\\/in-other-languages\\\/#breadcrumb\",\"itemListElement\":[{\"@type\":\"ListItem\",\"position\":1,\"name\":\"Hem\",\"item\":\"https:\\\/\\\/wp.kristdemokraterna.se\\\/jkpg\\\/\"},{\"@type\":\"ListItem\",\"position\":2,\"name\":\"\ud83c\udf10 Other languages\"}]},{\"@type\":\"WebSite\",\"@id\":\"https:\\\/\\\/wp.kristdemokraterna.se\\\/jkpg\\\/#website\",\"url\":\"https:\\\/\\\/wp.kristdemokraterna.se\\\/jkpg\\\/\",\"name\":\"J\u00f6nk\u00f6pings kommun\",\"description\":\"F\u00f6r familjen och f\u00f6retagsamheten!\",\"inLanguage\":\"sv-SE\"}]}<\/script>\n<!-- \/ Yoast SEO plugin. -->","yoast_head_json":{"title":"\ud83c\udf10 Other languages - J\u00f6nk\u00f6pings kommun","robots":{"index":"index","follow":"follow","max-snippet":"max-snippet:-1","max-image-preview":"max-image-preview:large","max-video-preview":"max-video-preview:-1"},"canonical":"https:\/\/wp.kristdemokraterna.se\/jkpg\/in-other-languages\/","og_locale":"sv_SE","og_type":"article","og_title":"\ud83c\udf10 Other languages - J\u00f6nk\u00f6pings kommun","og_description":"Persiska Arabiska Syrianska Somaliska Teckenspr\u00e5k","og_url":"https:\/\/wp.kristdemokraterna.se\/jkpg\/in-other-languages\/","og_site_name":"J\u00f6nk\u00f6pings kommun","article_modified_time":"2022-09-19T10:12:15+00:00","twitter_card":"summary_large_image","twitter_misc":{"Ber\u00e4knad l\u00e4stid":"1 minut"},"schema":{"@context":"https:\/\/schema.org","@graph":[{"@type":"WebPage","@id":"https:\/\/wp.kristdemokraterna.se\/jkpg\/in-other-languages\/","url":"https:\/\/wp.kristdemokraterna.se\/jkpg\/in-other-languages\/","name":"\ud83c\udf10 Other languages - J\u00f6nk\u00f6pings kommun","isPartOf":{"@id":"https:\/\/wp.kristdemokraterna.se\/jkpg\/#website"},"datePublished":"2022-07-01T14:05:18+00:00","dateModified":"2022-09-19T10:12:15+00:00","breadcrumb":{"@id":"https:\/\/wp.kristdemokraterna.se\/jkpg\/in-other-languages\/#breadcrumb"},"inLanguage":"sv-SE","potentialAction":[{"@type":"ReadAction","target":["https:\/\/wp.kristdemokraterna.se\/jkpg\/in-other-languages\/"]}]},{"@type":"BreadcrumbList","@id":"https:\/\/wp.kristdemokraterna.se\/jkpg\/in-other-languages\/#breadcrumb","itemListElement":[{"@type":"ListItem","position":1,"name":"Hem","item":"https:\/\/wp.kristdemokraterna.se\/jkpg\/"},{"@type":"ListItem","position":2,"name":"\ud83c\udf10 Other languages"}]},{"@type":"WebSite","@id":"https:\/\/wp.kristdemokraterna.se\/jkpg\/#website","url":"https:\/\/wp.kristdemokraterna.se\/jkpg\/","name":"J\u00f6nk\u00f6pings kommun","description":"F\u00f6r familjen och f\u00f6retagsamheten!","inLanguage":"sv-SE"}]}},"_links":{"self":[{"href":"https:\/\/wp.kristdemokraterna.se\/jkpg\/wp-json\/wp\/v2\/pages\/1213","targetHints":{"allow":["GET"]}}],"collection":[{"href":"https:\/\/wp.kristdemokraterna.se\/jkpg\/wp-json\/wp\/v2\/pages"}],"about":[{"href":"https:\/\/wp.kristdemokraterna.se\/jkpg\/wp-json\/wp\/v2\/types\/page"}],"author":[{"embeddable":true,"href":"https:\/\/wp.kristdemokraterna.se\/jkpg\/wp-json\/wp\/v2\/users\/895"}],"replies":[{"embeddable":true,"href":"https:\/\/wp.kristdemokraterna.se\/jkpg\/wp-json\/wp\/v2\/comments?post=1213"}],"version-history":[{"count":4,"href":"https:\/\/wp.kristdemokraterna.se\/jkpg\/wp-json\/wp\/v2\/pages\/1213\/revisions"}],"predecessor-version":[{"id":1229,"href":"https:\/\/wp.kristdemokraterna.se\/jkpg\/wp-json\/wp\/v2\/pages\/1213\/revisions\/1229"}],"wp:attachment":[{"href":"https:\/\/wp.kristdemokraterna.se\/jkpg\/wp-json\/wp\/v2\/media?parent=1213"}],"curies":[{"name":"wp","href":"https:\/\/api.w.org\/{rel}","templated":true}]}}