{"id":198,"date":"2016-11-16T09:21:28","date_gmt":"2016-11-16T08:21:28","guid":{"rendered":"http:\/\/wp.kristdemokraterna.se\/jkpg\/?page_id=198"},"modified":"2018-07-30T10:14:14","modified_gmt":"2018-07-30T08:14:14","slug":"granna-kommundelsforening","status":"publish","type":"page","link":"https:\/\/wp.kristdemokraterna.se\/jkpg\/kommundelsforeningar\/granna-kommundelsforening\/","title":{"rendered":"Gr\u00e4nna Kommundelsf\u00f6rening"},"content":{"rendered":"<div class=\"contant-information-local\">\n<h4>Kd Gr\u00e4nna<\/h4>\n<\/div>\n<div class=\"persons-block\">\n<p>Styrelsen<\/p>\n<p><b class=\"name\"><\/b><b class=\"name\">Ewa Jonsson &#8211; <i class=\"title\">Partiavdelningsstyrelseledamot<\/i><\/b><\/p>\n<div><strong>Telefon:<\/strong> 0390-414 01<\/div>\n<div><strong>E-post:<\/strong> <a class=\"externalLink\" href=\"mailto:ewa.jonsson@kristdemokraterna.se\">ewa.jonsson@kristdemokraterna.se<\/a><\/div>\n<p><b class=\"name\">Andreas Sturesson &#8211; <i class=\"title\">Partiavdelningsstyrelseledamot<\/i><\/b><\/p>\n<p><b class=\"name\">Roland Malmberg &#8211;\u00a0<\/b><i class=\"title\">Partiavdelningsstyrelseledamot<\/i><\/p>\n<p><b class=\"name\">Ewa Nilsson &#8211;\u00a0<\/b><i class=\"title\">Partiavdelningsstyrelseledamot<\/i><\/p>\n<p><b class=\"name\">Solveig Schweitz &#8211;\u00a0<\/b><i class=\"title\">Partiavdelningsstyrelseledamot<\/i><\/p>\n<p><b class=\"name\">Hannah Sturesson Ekeroos &#8211;\u00a0<\/b><i class=\"title\">Partiavdelningsstyrelseledamot<\/i><\/p>\n<\/div>\n","protected":false},"excerpt":{"rendered":"<p>Kd Gr\u00e4nna Styrelsen Ewa Jonsson &#8211; Partiavdelningsstyrelseledamot Telefon: 0390-414 01 E-post: ewa.jonsson@kristdemokraterna.se Andreas Sturesson &#8211; Partiavdelningsstyrelseledamot Roland Malmberg &#8211;\u00a0Partiavdelningsstyrelseledamot Ewa Nilsson &#8211;\u00a0Partiavdelningsstyrelseledamot Solveig Schweitz &#8211;\u00a0Partiavdelningsstyrelseledamot Hannah Sturesson Ekeroos &#8211;\u00a0Partiavdelningsstyrelseledamot<\/p>\n","protected":false},"author":745,"featured_media":0,"parent":175,"menu_order":0,"comment_status":"closed","ping_status":"closed","template":"","meta":{"_acf_changed":false,"footnotes":""},"class_list":["post-198","page","type-page","status-publish","hentry"],"acf":[],"yoast_head":"<!-- This site is optimized with the Yoast SEO plugin v27.4 - https:\/\/yoast.com\/product\/yoast-seo-wordpress\/ -->\n<title>Gr\u00e4nna Kommundelsf\u00f6rening - J\u00f6nk\u00f6pings kommun<\/title>\n<meta name=\"robots\" content=\"index, follow, max-snippet:-1, max-image-preview:large, max-video-preview:-1\" \/>\n<link rel=\"canonical\" href=\"https:\/\/wp.kristdemokraterna.se\/jkpg\/kommundelsforeningar\/granna-kommundelsforening\/\" \/>\n<meta property=\"og:locale\" content=\"sv_SE\" \/>\n<meta property=\"og:type\" content=\"article\" \/>\n<meta property=\"og:title\" content=\"Gr\u00e4nna Kommundelsf\u00f6rening - J\u00f6nk\u00f6pings kommun\" \/>\n<meta property=\"og:description\" content=\"Kd Gr\u00e4nna Styrelsen Ewa Jonsson &#8211; Partiavdelningsstyrelseledamot Telefon: 0390-414 01 E-post: ewa.jonsson@kristdemokraterna.se Andreas Sturesson &#8211; Partiavdelningsstyrelseledamot Roland Malmberg &#8211;\u00a0Partiavdelningsstyrelseledamot Ewa Nilsson &#8211;\u00a0Partiavdelningsstyrelseledamot Solveig Schweitz &#8211;\u00a0Partiavdelningsstyrelseledamot Hannah Sturesson Ekeroos &#8211;\u00a0Partiavdelningsstyrelseledamot\" \/>\n<meta property=\"og:url\" content=\"https:\/\/wp.kristdemokraterna.se\/jkpg\/kommundelsforeningar\/granna-kommundelsforening\/\" \/>\n<meta property=\"og:site_name\" content=\"J\u00f6nk\u00f6pings kommun\" \/>\n<meta property=\"article:modified_time\" content=\"2018-07-30T08:14:14+00:00\" \/>\n<meta name=\"twitter:card\" content=\"summary_large_image\" \/>\n<script type=\"application\/ld+json\" class=\"yoast-schema-graph\">{\"@context\":\"https:\\\/\\\/schema.org\",\"@graph\":[{\"@type\":\"WebPage\",\"@id\":\"https:\\\/\\\/wp.kristdemokraterna.se\\\/jkpg\\\/kommundelsforeningar\\\/granna-kommundelsforening\\\/\",\"url\":\"https:\\\/\\\/wp.kristdemokraterna.se\\\/jkpg\\\/kommundelsforeningar\\\/granna-kommundelsforening\\\/\",\"name\":\"Gr\u00e4nna Kommundelsf\u00f6rening - J\u00f6nk\u00f6pings kommun\",\"isPartOf\":{\"@id\":\"https:\\\/\\\/wp.kristdemokraterna.se\\\/jkpg\\\/#website\"},\"datePublished\":\"2016-11-16T08:21:28+00:00\",\"dateModified\":\"2018-07-30T08:14:14+00:00\",\"breadcrumb\":{\"@id\":\"https:\\\/\\\/wp.kristdemokraterna.se\\\/jkpg\\\/kommundelsforeningar\\\/granna-kommundelsforening\\\/#breadcrumb\"},\"inLanguage\":\"sv-SE\",\"potentialAction\":[{\"@type\":\"ReadAction\",\"target\":[\"https:\\\/\\\/wp.kristdemokraterna.se\\\/jkpg\\\/kommundelsforeningar\\\/granna-kommundelsforening\\\/\"]}]},{\"@type\":\"BreadcrumbList\",\"@id\":\"https:\\\/\\\/wp.kristdemokraterna.se\\\/jkpg\\\/kommundelsforeningar\\\/granna-kommundelsforening\\\/#breadcrumb\",\"itemListElement\":[{\"@type\":\"ListItem\",\"position\":1,\"name\":\"Hem\",\"item\":\"https:\\\/\\\/wp.kristdemokraterna.se\\\/jkpg\\\/\"},{\"@type\":\"ListItem\",\"position\":2,\"name\":\"Kommundelsf\u00f6reningar\",\"item\":\"https:\\\/\\\/wp.kristdemokraterna.se\\\/jkpg\\\/kommundelsforeningar\\\/\"},{\"@type\":\"ListItem\",\"position\":3,\"name\":\"Gr\u00e4nna Kommundelsf\u00f6rening\"}]},{\"@type\":\"WebSite\",\"@id\":\"https:\\\/\\\/wp.kristdemokraterna.se\\\/jkpg\\\/#website\",\"url\":\"https:\\\/\\\/wp.kristdemokraterna.se\\\/jkpg\\\/\",\"name\":\"J\u00f6nk\u00f6pings kommun\",\"description\":\"F\u00f6r familjen och f\u00f6retagsamheten!\",\"inLanguage\":\"sv-SE\"}]}<\/script>\n<!-- \/ Yoast SEO plugin. -->","yoast_head_json":{"title":"Gr\u00e4nna Kommundelsf\u00f6rening - J\u00f6nk\u00f6pings kommun","robots":{"index":"index","follow":"follow","max-snippet":"max-snippet:-1","max-image-preview":"max-image-preview:large","max-video-preview":"max-video-preview:-1"},"canonical":"https:\/\/wp.kristdemokraterna.se\/jkpg\/kommundelsforeningar\/granna-kommundelsforening\/","og_locale":"sv_SE","og_type":"article","og_title":"Gr\u00e4nna Kommundelsf\u00f6rening - J\u00f6nk\u00f6pings kommun","og_description":"Kd Gr\u00e4nna Styrelsen Ewa Jonsson &#8211; Partiavdelningsstyrelseledamot Telefon: 0390-414 01 E-post: ewa.jonsson@kristdemokraterna.se Andreas Sturesson &#8211; Partiavdelningsstyrelseledamot Roland Malmberg &#8211;\u00a0Partiavdelningsstyrelseledamot Ewa Nilsson &#8211;\u00a0Partiavdelningsstyrelseledamot Solveig Schweitz &#8211;\u00a0Partiavdelningsstyrelseledamot Hannah Sturesson Ekeroos &#8211;\u00a0Partiavdelningsstyrelseledamot","og_url":"https:\/\/wp.kristdemokraterna.se\/jkpg\/kommundelsforeningar\/granna-kommundelsforening\/","og_site_name":"J\u00f6nk\u00f6pings kommun","article_modified_time":"2018-07-30T08:14:14+00:00","twitter_card":"summary_large_image","schema":{"@context":"https:\/\/schema.org","@graph":[{"@type":"WebPage","@id":"https:\/\/wp.kristdemokraterna.se\/jkpg\/kommundelsforeningar\/granna-kommundelsforening\/","url":"https:\/\/wp.kristdemokraterna.se\/jkpg\/kommundelsforeningar\/granna-kommundelsforening\/","name":"Gr\u00e4nna Kommundelsf\u00f6rening - J\u00f6nk\u00f6pings kommun","isPartOf":{"@id":"https:\/\/wp.kristdemokraterna.se\/jkpg\/#website"},"datePublished":"2016-11-16T08:21:28+00:00","dateModified":"2018-07-30T08:14:14+00:00","breadcrumb":{"@id":"https:\/\/wp.kristdemokraterna.se\/jkpg\/kommundelsforeningar\/granna-kommundelsforening\/#breadcrumb"},"inLanguage":"sv-SE","potentialAction":[{"@type":"ReadAction","target":["https:\/\/wp.kristdemokraterna.se\/jkpg\/kommundelsforeningar\/granna-kommundelsforening\/"]}]},{"@type":"BreadcrumbList","@id":"https:\/\/wp.kristdemokraterna.se\/jkpg\/kommundelsforeningar\/granna-kommundelsforening\/#breadcrumb","itemListElement":[{"@type":"ListItem","position":1,"name":"Hem","item":"https:\/\/wp.kristdemokraterna.se\/jkpg\/"},{"@type":"ListItem","position":2,"name":"Kommundelsf\u00f6reningar","item":"https:\/\/wp.kristdemokraterna.se\/jkpg\/kommundelsforeningar\/"},{"@type":"ListItem","position":3,"name":"Gr\u00e4nna Kommundelsf\u00f6rening"}]},{"@type":"WebSite","@id":"https:\/\/wp.kristdemokraterna.se\/jkpg\/#website","url":"https:\/\/wp.kristdemokraterna.se\/jkpg\/","name":"J\u00f6nk\u00f6pings kommun","description":"F\u00f6r familjen och f\u00f6retagsamheten!","inLanguage":"sv-SE"}]}},"_links":{"self":[{"href":"https:\/\/wp.kristdemokraterna.se\/jkpg\/wp-json\/wp\/v2\/pages\/198","targetHints":{"allow":["GET"]}}],"collection":[{"href":"https:\/\/wp.kristdemokraterna.se\/jkpg\/wp-json\/wp\/v2\/pages"}],"about":[{"href":"https:\/\/wp.kristdemokraterna.se\/jkpg\/wp-json\/wp\/v2\/types\/page"}],"author":[{"embeddable":true,"href":"https:\/\/wp.kristdemokraterna.se\/jkpg\/wp-json\/wp\/v2\/users\/745"}],"replies":[{"embeddable":true,"href":"https:\/\/wp.kristdemokraterna.se\/jkpg\/wp-json\/wp\/v2\/comments?post=198"}],"version-history":[{"count":5,"href":"https:\/\/wp.kristdemokraterna.se\/jkpg\/wp-json\/wp\/v2\/pages\/198\/revisions"}],"predecessor-version":[{"id":817,"href":"https:\/\/wp.kristdemokraterna.se\/jkpg\/wp-json\/wp\/v2\/pages\/198\/revisions\/817"}],"up":[{"embeddable":true,"href":"https:\/\/wp.kristdemokraterna.se\/jkpg\/wp-json\/wp\/v2\/pages\/175"}],"wp:attachment":[{"href":"https:\/\/wp.kristdemokraterna.se\/jkpg\/wp-json\/wp\/v2\/media?parent=198"}],"curies":[{"name":"wp","href":"https:\/\/api.w.org\/{rel}","templated":true}]}}

Gränna Kommundelsförening

<div class="contant-information-local">
<h4>Kd Gränna</h4>
</div>
<div class="persons-block">
<p>Styrelsen</p>
<p><b class="name"></b><b class="name">Ewa Jonsson &#8211; <i class="title">Partiavdelningsstyrelseledamot</i></b></p>
<div><strong>Telefon:</strong> 0390-414 01</div>
<div><strong>E-post:</strong> <a class="externalLink" href="mailto:ewa.jonsson@kristdemokraterna.se">ewa.jonsson@kristdemokraterna.se</a></div>
<p><b class="name">Andreas Sturesson &#8211; <i class="title">Partiavdelningsstyrelseledamot</i></b></p>
<p><b class="name">Roland Malmberg &#8211; </b><i class="title">Partiavdelningsstyrelseledamot</i></p>
<p><b class="name">Ewa Nilsson &#8211; </b><i class="title">Partiavdelningsstyrelseledamot</i></p>
<p><b class="name">Solveig Schweitz &#8211; </b><i class="title">Partiavdelningsstyrelseledamot</i></p>
<p><b class="name">Hannah Sturesson Ekeroos &#8211; </b><i class="title">Partiavdelningsstyrelseledamot</i></p>
</div>

<p>Kd Gränna Styrelsen Ewa Jonsson &#8211; Partiavdelningsstyrelseledamot Telefon: 0390-414 01 E-post: ewa.jonsson@kristdemokraterna.se Andreas Sturesson &#8211; Partiavdelningsstyrelseledamot Roland Malmberg &#8211; Partiavdelningsstyrelseledamot Ewa Nilsson &#8211; Partiavdelningsstyrelseledamot Solveig Schweitz &#8211; Partiavdelningsstyrelseledamot Hannah Sturesson Ekeroos &#8211; Partiavdelningsstyrelseledamot</p>

<!-- This site is optimized with the Yoast SEO plugin v27.4 - https://yoast.com/product/yoast-seo-wordpress/ -->
<title>Gränna Kommundelsförening - Jönköpings kommun</title>
<meta name="robots" content="index, follow, max-snippet:-1, max-image-preview:large, max-video-preview:-1" />
<link rel="canonical" href="https://wp.kristdemokraterna.se/jkpg/kommundelsforeningar/granna-kommundelsforening/" />
<meta property="og:locale" content="sv_SE" />
<meta property="og:type" content="article" />
<meta property="og:title" content="Gränna Kommundelsförening - Jönköpings kommun" />
<meta property="og:description" content="Kd Gränna Styrelsen Ewa Jonsson &#8211; Partiavdelningsstyrelseledamot Telefon: 0390-414 01 E-post: ewa.jonsson@kristdemokraterna.se Andreas Sturesson &#8211; Partiavdelningsstyrelseledamot Roland Malmberg &#8211; Partiavdelningsstyrelseledamot Ewa Nilsson &#8211; Partiavdelningsstyrelseledamot Solveig Schweitz &#8211; Partiavdelningsstyrelseledamot Hannah Sturesson Ekeroos &#8211; Partiavdelningsstyrelseledamot" />
<meta property="og:url" content="https://wp.kristdemokraterna.se/jkpg/kommundelsforeningar/granna-kommundelsforening/" />
<meta property="og:site_name" content="Jönköpings kommun" />
<meta property="article:modified_time" content="2018-07-30T08:14:14+00:00" />
<meta name="twitter:card" content="summary_large_image" />
<script type="application/ld+json" class="yoast-schema-graph">{"@context":"https:\/\/schema.org","@graph":[{"@type":"WebPage","@id":"https:\/\/wp.kristdemokraterna.se\/jkpg\/kommundelsforeningar\/granna-kommundelsforening\/","url":"https:\/\/wp.kristdemokraterna.se\/jkpg\/kommundelsforeningar\/granna-kommundelsforening\/","name":"Gränna Kommundelsförening - Jönköpings kommun","isPartOf":{"@id":"https:\/\/wp.kristdemokraterna.se\/jkpg\/#website"},"datePublished":"2016-11-16T08:21:28+00:00","dateModified":"2018-07-30T08:14:14+00:00","breadcrumb":{"@id":"https:\/\/wp.kristdemokraterna.se\/jkpg\/kommundelsforeningar\/granna-kommundelsforening\/#breadcrumb"},"inLanguage":"sv-SE","potentialAction":[{"@type":"ReadAction","target":["https:\/\/wp.kristdemokraterna.se\/jkpg\/kommundelsforeningar\/granna-kommundelsforening\/"]}]},{"@type":"BreadcrumbList","@id":"https:\/\/wp.kristdemokraterna.se\/jkpg\/kommundelsforeningar\/granna-kommundelsforening\/#breadcrumb","itemListElement":[{"@type":"ListItem","position":1,"name":"Hem","item":"https:\/\/wp.kristdemokraterna.se\/jkpg\/"},{"@type":"ListItem","position":2,"name":"Kommundelsföreningar","item":"https:\/\/wp.kristdemokraterna.se\/jkpg\/kommundelsforeningar\/"},{"@type":"ListItem","position":3,"name":"Gränna Kommundelsförening"}]},{"@type":"WebSite","@id":"https:\/\/wp.kristdemokraterna.se\/jkpg\/#website","url":"https:\/\/wp.kristdemokraterna.se\/jkpg\/","name":"Jönköpings kommun","description":"För familjen och företagsamheten!","inLanguage":"sv-SE"}]}</script>
<!-- / Yoast SEO plugin. -->

Gränna Kommundelsförening - Jönköpings kommun

Kd Gränna Styrelsen Ewa Jonsson &#8211; Partiavdelningsstyrelseledamot Telefon: 0390-414 01 E-post: ewa.jonsson@kristdemokraterna.se Andreas Sturesson &#8211; Partiavdelningsstyrelseledamot Roland Malmberg &#8211; Partiavdelningsstyrelseledamot Ewa Nilsson &#8211; Partiavdelningsstyrelseledamot Solveig Schweitz &#8211; Partiavdelningsstyrelseledamot Hannah Sturesson Ekeroos &#8211; Partiavdelningsstyrelseledamot

Jönköpings kommun

Kommundelsföreningar

För familjen och företagsamheten!
