{"id":215,"date":"2016-11-16T09:46:37","date_gmt":"2016-11-16T08:46:37","guid":{"rendered":"http:\/\/wp.kristdemokraterna.se\/jkpg\/?page_id=215"},"modified":"2016-11-16T09:46:58","modified_gmt":"2016-11-16T08:46:58","slug":"ideerna-bakom-politiken","status":"publish","type":"page","link":"https:\/\/wp.kristdemokraterna.se\/jkpg\/var-politik\/ideerna-bakom-politiken\/","title":{"rendered":"Id\u00e9erna bakom politiken"},"content":{"rendered":"<div id=\"ctl00_AllAreaPlaceHolder_MainContentArea_ctl00_pnlHeading\"><\/div>\n<div id=\"toolsContent\" class=\"content-box article-tools\">\n<p>I Sverige har vi l\u00e4nge haft partier som \u00e4r liberala, konservativa eller socialistiska. Kristdemokratin \u00e4r mindre k\u00e4nd. H\u00e4r kan du l\u00e4sa om v\u00e5ra grundprinciper.<\/p>\n<\/div>\n<div class=\"widget content-box on-page-list \"><\/div>\n<div><\/div>\n<div>\n<h4 class=\"Heading3\">Att misslyckas<\/h4>\n<h5 class=\"normal\">Om m\u00e4nniskans ofullkomlighet<\/h5>\n<p class=\"normal\">Historien har l\u00e4rt oss att m\u00e4nniskan inte bara \u00e4r f\u00f6rnuftig och god. \u00c4ven om vi vill v\u00e4l blir det ibland fel. Detta inneb\u00e4r till exempel att en enda m\u00e4nniska aldrig b\u00f6r ha all makt. Det g\u00e4ller f\u00f6rst\u00e5s \u00e4ven politiker. Vi tror heller inte att det g\u00e5r att bygga det perfekta lyckoriket, men mitt i all ofullkomlighet vill vi arbeta f\u00f6r en r\u00e4ttvis och harmonisk v\u00e4rld.<\/p>\n<h4 class=\"Heading3\">Kan man s\u00e4lja en m\u00e4nniska?<\/h4>\n<h5 class=\"normal\">Om det okr\u00e4nkbara m\u00e4nniskov\u00e4rdet<\/h5>\n<p class=\"normal\">M\u00e4nniskov\u00e4rdet m\u00e5ste g\u00e4lla som h\u00f6gsta princip i politiken. M\u00e4nniskolivet f\u00e5r inte kr\u00e4nkas och alla m\u00e4nniskor har samma v\u00e4rde. M\u00e4nniskov\u00e4rdet m\u00e5ste g\u00e5ng p\u00e5 g\u00e5ng f\u00f6rsvaras, till exempel i kontakt med extrema h\u00f6ger- eller v\u00e4nstergrupper.<\/p>\n<h4 class=\"Heading3\">Alla kan klara sig p\u00e5 egen hand?<\/h4>\n<h5 class=\"normal\">Om personalistisk m\u00e4nniskosyn<\/h5>\n<p class=\"normal\">Det finns olika s\u00e4tt att se p\u00e5 m\u00e4nniskan. Liberala partier betonar att individen \u00e4r viktigare \u00e4n gruppen. Andra partier framh\u00e5ller gruppen som viktigast. Kristdemokraternas tanke om m\u00e4nniskan kallas f\u00f6r personalism och \u00e4r ett alternativ till individualism och kollektivism. F\u00f6r oss \u00e4r en person varken sig sj\u00e4lv nog eller bara en kugge i samh\u00e4llsmaskineriet. Varje m\u00e4nniska \u00e4r unik, men vi beh\u00f6ver ocks\u00e5 gemenskap med andra f\u00f6r att utvecklas.<\/p>\n<h4 class=\"Heading3\">Alla h\u00f6r vi hemma n\u00e5gonstans<\/h4>\n<h5 class=\"normal\">Om familjen som den viktigaste gemenskapen<\/h5>\n<p class=\"normal\">Den viktigaste gemenskapen \u00e4r familjen. I den kan man f\u00e5 m\u00f6ta k\u00e4rlek, omtanke och f\u00f6rst\u00e5else, men ocks\u00e5 st\u00e4llas inf\u00f6r krav och ta ansvar. Familjen \u00e4r unik, och det \u00e4r sv\u00e5rt att ers\u00e4tta den med n\u00e5gon annan form av gemenskap.<\/p>\n<h4 class=\"Heading3\">Jorden kan ta slut<\/h4>\n<h5 class=\"normal\">Om f\u00f6rvaltarskapstanken<\/h5>\n<p class=\"normal\">M\u00e4nniskan har ett ansvar att bruka och bevara, i st\u00e4llet f\u00f6r att f\u00f6rbruka och f\u00f6rst\u00f6ra. Allt vi g\u00f6r p\u00e5verkar b\u00e5de oss och v\u00e5ra efterkommande. Vi kallar denna insikt f\u00f6r f\u00f6rvaltarskapstanken och den omfattar samh\u00e4llets alla omr\u00e5den \u2013 v\u00e5r milj\u00f6, v\u00e5ra naturresurser, v\u00e5r kultur och v\u00e5ra egna personliga resurser.<\/p>\n<h4 class=\"Heading3\">Politiker ska inte best\u00e4mma vilken musik du ska lyssna p\u00e5<\/h4>\n<h5 class=\"normal\">Om subsidiaritetsprincipen<\/h5>\n<p class=\"normal\">Denna princip inneb\u00e4r att beslut ska fattas p\u00e5 l\u00e4gsta m\u00f6jliga niv\u00e5. Vi menar att det som en m\u00e4nniska kan best\u00e4mma p\u00e5 egen hand, det ska staten inte l\u00e4gga sig i. Det kommunerna klarar p\u00e5 egen hand f\u00e5r inte bli en fr\u00e5ga f\u00f6r riksdagen. Oftast inneb\u00e4r principen att enskilda m\u00e4nniskor och sm\u00e5 grupper f\u00e5r mer makt, men ibland kan den medf\u00f6ra att beslut flyttas till en h\u00f6gre niv\u00e5. Milj\u00f6problemen bek\u00e4mpas exempelvis b\u00e4st p\u00e5 internationell niv\u00e5.<\/p>\n<h4>Du har miljoner syskon<\/h4>\n<h5 class=\"normal\">Om solidaritetsprincipen<\/h5>\n<p class=\"normal\">Solidaritet inneb\u00e4r att leva enligt den gyllene regeln &#8211; allt vad du vill att m\u00e4nniskor ska g\u00f6ra mot dig ska du ocks\u00e5 g\u00f6ra mot dem. Vi vill och har ett ansvar f\u00f6r att v\u00e4rna alla m\u00e4nniskors r\u00e4ttigheter &#8211; avsett om de bor n\u00e4ra eller p\u00e5 andra sidan jordklotet. Strukturella or\u00e4ttvisor ska bek\u00e4mpas s\u00e5 att vi kan f\u00e5 en r\u00e4ttvis f\u00f6rdelning av samh\u00e4llets goda.<\/p>\n<\/div>\n","protected":false},"excerpt":{"rendered":"<p>I Sverige har vi l\u00e4nge haft partier som \u00e4r liberala, konservativa eller socialistiska. Kristdemokratin \u00e4r mindre k\u00e4nd. H\u00e4r kan du l\u00e4sa om v\u00e5ra grundprinciper. Att misslyckas Om m\u00e4nniskans ofullkomlighet Historien har l\u00e4rt oss att m\u00e4nniskan inte bara \u00e4r f\u00f6rnuftig och god. \u00c4ven om vi vill v\u00e4l blir det ibland fel. Detta inneb\u00e4r till exempel att <a class=\"read-more-link\" href=\"https:\/\/wp.kristdemokraterna.se\/jkpg\/var-politik\/ideerna-bakom-politiken\/\">Read More<\/a><\/p>\n","protected":false},"author":745,"featured_media":0,"parent":37,"menu_order":0,"comment_status":"closed","ping_status":"closed","template":"page.php","meta":{"_acf_changed":false,"footnotes":""},"class_list":["post-215","page","type-page","status-publish","hentry"],"acf":[],"yoast_head":"<!-- This site is optimized with the Yoast SEO plugin v27.4 - https:\/\/yoast.com\/product\/yoast-seo-wordpress\/ -->\n<title>Id\u00e9erna bakom politiken - J\u00f6nk\u00f6pings kommun<\/title>\n<meta name=\"robots\" content=\"index, follow, max-snippet:-1, max-image-preview:large, max-video-preview:-1\" \/>\n<link rel=\"canonical\" href=\"https:\/\/wp.kristdemokraterna.se\/jkpg\/var-politik\/ideerna-bakom-politiken\/\" \/>\n<meta property=\"og:locale\" content=\"sv_SE\" \/>\n<meta property=\"og:type\" content=\"article\" \/>\n<meta property=\"og:title\" content=\"Id\u00e9erna bakom politiken - J\u00f6nk\u00f6pings kommun\" \/>\n<meta property=\"og:description\" content=\"I Sverige har vi l\u00e4nge haft partier som \u00e4r liberala, konservativa eller socialistiska. Kristdemokratin \u00e4r mindre k\u00e4nd. H\u00e4r kan du l\u00e4sa om v\u00e5ra grundprinciper. Att misslyckas Om m\u00e4nniskans ofullkomlighet Historien har l\u00e4rt oss att m\u00e4nniskan inte bara \u00e4r f\u00f6rnuftig och god. \u00c4ven om vi vill v\u00e4l blir det ibland fel. Detta inneb\u00e4r till exempel att Read More\" \/>\n<meta property=\"og:url\" content=\"https:\/\/wp.kristdemokraterna.se\/jkpg\/var-politik\/ideerna-bakom-politiken\/\" \/>\n<meta property=\"og:site_name\" content=\"J\u00f6nk\u00f6pings kommun\" \/>\n<meta property=\"article:modified_time\" content=\"2016-11-16T08:46:58+00:00\" \/>\n<meta name=\"twitter:card\" content=\"summary_large_image\" \/>\n<meta name=\"twitter:label1\" content=\"Ber\u00e4knad l\u00e4stid\" \/>\n\t<meta name=\"twitter:data1\" content=\"3 minuter\" \/>\n<script type=\"application\/ld+json\" class=\"yoast-schema-graph\">{\"@context\":\"https:\\\/\\\/schema.org\",\"@graph\":[{\"@type\":\"WebPage\",\"@id\":\"https:\\\/\\\/wp.kristdemokraterna.se\\\/jkpg\\\/var-politik\\\/ideerna-bakom-politiken\\\/\",\"url\":\"https:\\\/\\\/wp.kristdemokraterna.se\\\/jkpg\\\/var-politik\\\/ideerna-bakom-politiken\\\/\",\"name\":\"Id\u00e9erna bakom politiken - J\u00f6nk\u00f6pings kommun\",\"isPartOf\":{\"@id\":\"https:\\\/\\\/wp.kristdemokraterna.se\\\/jkpg\\\/#website\"},\"datePublished\":\"2016-11-16T08:46:37+00:00\",\"dateModified\":\"2016-11-16T08:46:58+00:00\",\"breadcrumb\":{\"@id\":\"https:\\\/\\\/wp.kristdemokraterna.se\\\/jkpg\\\/var-politik\\\/ideerna-bakom-politiken\\\/#breadcrumb\"},\"inLanguage\":\"sv-SE\",\"potentialAction\":[{\"@type\":\"ReadAction\",\"target\":[\"https:\\\/\\\/wp.kristdemokraterna.se\\\/jkpg\\\/var-politik\\\/ideerna-bakom-politiken\\\/\"]}]},{\"@type\":\"BreadcrumbList\",\"@id\":\"https:\\\/\\\/wp.kristdemokraterna.se\\\/jkpg\\\/var-politik\\\/ideerna-bakom-politiken\\\/#breadcrumb\",\"itemListElement\":[{\"@type\":\"ListItem\",\"position\":1,\"name\":\"Hem\",\"item\":\"https:\\\/\\\/wp.kristdemokraterna.se\\\/jkpg\\\/\"},{\"@type\":\"ListItem\",\"position\":2,\"name\":\"V\u00e5r politik\",\"item\":\"https:\\\/\\\/wp.kristdemokraterna.se\\\/jkpg\\\/var-politik\\\/\"},{\"@type\":\"ListItem\",\"position\":3,\"name\":\"Id\u00e9erna bakom politiken\"}]},{\"@type\":\"WebSite\",\"@id\":\"https:\\\/\\\/wp.kristdemokraterna.se\\\/jkpg\\\/#website\",\"url\":\"https:\\\/\\\/wp.kristdemokraterna.se\\\/jkpg\\\/\",\"name\":\"J\u00f6nk\u00f6pings kommun\",\"description\":\"F\u00f6r familjen och f\u00f6retagsamheten!\",\"inLanguage\":\"sv-SE\"}]}<\/script>\n<!-- \/ Yoast SEO plugin. -->","yoast_head_json":{"title":"Id\u00e9erna bakom politiken - J\u00f6nk\u00f6pings kommun","robots":{"index":"index","follow":"follow","max-snippet":"max-snippet:-1","max-image-preview":"max-image-preview:large","max-video-preview":"max-video-preview:-1"},"canonical":"https:\/\/wp.kristdemokraterna.se\/jkpg\/var-politik\/ideerna-bakom-politiken\/","og_locale":"sv_SE","og_type":"article","og_title":"Id\u00e9erna bakom politiken - J\u00f6nk\u00f6pings kommun","og_description":"I Sverige har vi l\u00e4nge haft partier som \u00e4r liberala, konservativa eller socialistiska. Kristdemokratin \u00e4r mindre k\u00e4nd. H\u00e4r kan du l\u00e4sa om v\u00e5ra grundprinciper. Att misslyckas Om m\u00e4nniskans ofullkomlighet Historien har l\u00e4rt oss att m\u00e4nniskan inte bara \u00e4r f\u00f6rnuftig och god. \u00c4ven om vi vill v\u00e4l blir det ibland fel. Detta inneb\u00e4r till exempel att Read More","og_url":"https:\/\/wp.kristdemokraterna.se\/jkpg\/var-politik\/ideerna-bakom-politiken\/","og_site_name":"J\u00f6nk\u00f6pings kommun","article_modified_time":"2016-11-16T08:46:58+00:00","twitter_card":"summary_large_image","twitter_misc":{"Ber\u00e4knad l\u00e4stid":"3 minuter"},"schema":{"@context":"https:\/\/schema.org","@graph":[{"@type":"WebPage","@id":"https:\/\/wp.kristdemokraterna.se\/jkpg\/var-politik\/ideerna-bakom-politiken\/","url":"https:\/\/wp.kristdemokraterna.se\/jkpg\/var-politik\/ideerna-bakom-politiken\/","name":"Id\u00e9erna bakom politiken - J\u00f6nk\u00f6pings kommun","isPartOf":{"@id":"https:\/\/wp.kristdemokraterna.se\/jkpg\/#website"},"datePublished":"2016-11-16T08:46:37+00:00","dateModified":"2016-11-16T08:46:58+00:00","breadcrumb":{"@id":"https:\/\/wp.kristdemokraterna.se\/jkpg\/var-politik\/ideerna-bakom-politiken\/#breadcrumb"},"inLanguage":"sv-SE","potentialAction":[{"@type":"ReadAction","target":["https:\/\/wp.kristdemokraterna.se\/jkpg\/var-politik\/ideerna-bakom-politiken\/"]}]},{"@type":"BreadcrumbList","@id":"https:\/\/wp.kristdemokraterna.se\/jkpg\/var-politik\/ideerna-bakom-politiken\/#breadcrumb","itemListElement":[{"@type":"ListItem","position":1,"name":"Hem","item":"https:\/\/wp.kristdemokraterna.se\/jkpg\/"},{"@type":"ListItem","position":2,"name":"V\u00e5r politik","item":"https:\/\/wp.kristdemokraterna.se\/jkpg\/var-politik\/"},{"@type":"ListItem","position":3,"name":"Id\u00e9erna bakom politiken"}]},{"@type":"WebSite","@id":"https:\/\/wp.kristdemokraterna.se\/jkpg\/#website","url":"https:\/\/wp.kristdemokraterna.se\/jkpg\/","name":"J\u00f6nk\u00f6pings kommun","description":"F\u00f6r familjen och f\u00f6retagsamheten!","inLanguage":"sv-SE"}]}},"_links":{"self":[{"href":"https:\/\/wp.kristdemokraterna.se\/jkpg\/wp-json\/wp\/v2\/pages\/215","targetHints":{"allow":["GET"]}}],"collection":[{"href":"https:\/\/wp.kristdemokraterna.se\/jkpg\/wp-json\/wp\/v2\/pages"}],"about":[{"href":"https:\/\/wp.kristdemokraterna.se\/jkpg\/wp-json\/wp\/v2\/types\/page"}],"author":[{"embeddable":true,"href":"https:\/\/wp.kristdemokraterna.se\/jkpg\/wp-json\/wp\/v2\/users\/745"}],"replies":[{"embeddable":true,"href":"https:\/\/wp.kristdemokraterna.se\/jkpg\/wp-json\/wp\/v2\/comments?post=215"}],"version-history":[{"count":1,"href":"https:\/\/wp.kristdemokraterna.se\/jkpg\/wp-json\/wp\/v2\/pages\/215\/revisions"}],"predecessor-version":[{"id":216,"href":"https:\/\/wp.kristdemokraterna.se\/jkpg\/wp-json\/wp\/v2\/pages\/215\/revisions\/216"}],"up":[{"embeddable":true,"href":"https:\/\/wp.kristdemokraterna.se\/jkpg\/wp-json\/wp\/v2\/pages\/37"}],"wp:attachment":[{"href":"https:\/\/wp.kristdemokraterna.se\/jkpg\/wp-json\/wp\/v2\/media?parent=215"}],"curies":[{"name":"wp","href":"https:\/\/api.w.org\/{rel}","templated":true}]}}