{"id":43,"date":"2016-04-27T13:56:56","date_gmt":"2016-04-27T11:56:56","guid":{"rendered":"http:\/\/wp.kristdemokraterna.se\/jkpg\/?page_id=43"},"modified":"2020-08-31T14:17:53","modified_gmt":"2020-08-31T12:17:53","slug":"i-landstinget","status":"publish","type":"page","link":"https:\/\/wp.kristdemokraterna.se\/jkpg\/om-kristdemokraterna\/i-landstinget\/","title":{"rendered":"I regionen"},"content":{"rendered":"<p><a href=\"https:\/\/wp.kristdemokraterna.se\/jonkopingslan\/files\/2018\/03\/regionalt-valprogram-2018_valfardsloftet_slutversion.pdf\" target=\"_blank\" rel=\"noopener noreferrer\">H\u00e4r kan du l\u00e4sa om v\u00e5r regionpolitik 2018<\/a><\/p>\n<h3><\/h3>\n","protected":false},"excerpt":{"rendered":"<p>H\u00e4r kan du l\u00e4sa om v\u00e5r regionpolitik 2018<\/p>\n","protected":false},"author":745,"featured_media":0,"parent":89,"menu_order":0,"comment_status":"closed","ping_status":"closed","template":"","meta":{"_acf_changed":false,"footnotes":""},"class_list":["post-43","page","type-page","status-publish","hentry"],"acf":[],"yoast_head":"<!-- This site is optimized with the Yoast SEO plugin v27.4 - https:\/\/yoast.com\/product\/yoast-seo-wordpress\/ -->\n<title>I regionen - J\u00f6nk\u00f6pings kommun<\/title>\n<meta name=\"robots\" content=\"index, follow, max-snippet:-1, max-image-preview:large, max-video-preview:-1\" \/>\n<link rel=\"canonical\" href=\"https:\/\/wp.kristdemokraterna.se\/jkpg\/om-kristdemokraterna\/i-landstinget\/\" \/>\n<meta property=\"og:locale\" content=\"sv_SE\" \/>\n<meta property=\"og:type\" content=\"article\" \/>\n<meta property=\"og:title\" content=\"I regionen - J\u00f6nk\u00f6pings kommun\" \/>\n<meta property=\"og:description\" content=\"H\u00e4r kan du l\u00e4sa om v\u00e5r regionpolitik 2018\" \/>\n<meta property=\"og:url\" content=\"https:\/\/wp.kristdemokraterna.se\/jkpg\/om-kristdemokraterna\/i-landstinget\/\" \/>\n<meta property=\"og:site_name\" content=\"J\u00f6nk\u00f6pings kommun\" \/>\n<meta property=\"article:modified_time\" content=\"2020-08-31T12:17:53+00:00\" \/>\n<meta name=\"twitter:card\" content=\"summary_large_image\" \/>\n<script type=\"application\/ld+json\" class=\"yoast-schema-graph\">{\"@context\":\"https:\\\/\\\/schema.org\",\"@graph\":[{\"@type\":\"WebPage\",\"@id\":\"https:\\\/\\\/wp.kristdemokraterna.se\\\/jkpg\\\/om-kristdemokraterna\\\/i-landstinget\\\/\",\"url\":\"https:\\\/\\\/wp.kristdemokraterna.se\\\/jkpg\\\/om-kristdemokraterna\\\/i-landstinget\\\/\",\"name\":\"I regionen - J\u00f6nk\u00f6pings kommun\",\"isPartOf\":{\"@id\":\"https:\\\/\\\/wp.kristdemokraterna.se\\\/jkpg\\\/#website\"},\"datePublished\":\"2016-04-27T11:56:56+00:00\",\"dateModified\":\"2020-08-31T12:17:53+00:00\",\"breadcrumb\":{\"@id\":\"https:\\\/\\\/wp.kristdemokraterna.se\\\/jkpg\\\/om-kristdemokraterna\\\/i-landstinget\\\/#breadcrumb\"},\"inLanguage\":\"sv-SE\",\"potentialAction\":[{\"@type\":\"ReadAction\",\"target\":[\"https:\\\/\\\/wp.kristdemokraterna.se\\\/jkpg\\\/om-kristdemokraterna\\\/i-landstinget\\\/\"]}]},{\"@type\":\"BreadcrumbList\",\"@id\":\"https:\\\/\\\/wp.kristdemokraterna.se\\\/jkpg\\\/om-kristdemokraterna\\\/i-landstinget\\\/#breadcrumb\",\"itemListElement\":[{\"@type\":\"ListItem\",\"position\":1,\"name\":\"Hem\",\"item\":\"https:\\\/\\\/wp.kristdemokraterna.se\\\/jkpg\\\/\"},{\"@type\":\"ListItem\",\"position\":2,\"name\":\"Om Kristdemokraterna\",\"item\":\"https:\\\/\\\/wp.kristdemokraterna.se\\\/jkpg\\\/om-kristdemokraterna\\\/\"},{\"@type\":\"ListItem\",\"position\":3,\"name\":\"I regionen\"}]},{\"@type\":\"WebSite\",\"@id\":\"https:\\\/\\\/wp.kristdemokraterna.se\\\/jkpg\\\/#website\",\"url\":\"https:\\\/\\\/wp.kristdemokraterna.se\\\/jkpg\\\/\",\"name\":\"J\u00f6nk\u00f6pings kommun\",\"description\":\"F\u00f6r familjen och f\u00f6retagsamheten!\",\"inLanguage\":\"sv-SE\"}]}<\/script>\n<!-- \/ Yoast SEO plugin. -->","yoast_head_json":{"title":"I regionen - J\u00f6nk\u00f6pings kommun","robots":{"index":"index","follow":"follow","max-snippet":"max-snippet:-1","max-image-preview":"max-image-preview:large","max-video-preview":"max-video-preview:-1"},"canonical":"https:\/\/wp.kristdemokraterna.se\/jkpg\/om-kristdemokraterna\/i-landstinget\/","og_locale":"sv_SE","og_type":"article","og_title":"I regionen - J\u00f6nk\u00f6pings kommun","og_description":"H\u00e4r kan du l\u00e4sa om v\u00e5r regionpolitik 2018","og_url":"https:\/\/wp.kristdemokraterna.se\/jkpg\/om-kristdemokraterna\/i-landstinget\/","og_site_name":"J\u00f6nk\u00f6pings kommun","article_modified_time":"2020-08-31T12:17:53+00:00","twitter_card":"summary_large_image","schema":{"@context":"https:\/\/schema.org","@graph":[{"@type":"WebPage","@id":"https:\/\/wp.kristdemokraterna.se\/jkpg\/om-kristdemokraterna\/i-landstinget\/","url":"https:\/\/wp.kristdemokraterna.se\/jkpg\/om-kristdemokraterna\/i-landstinget\/","name":"I regionen - J\u00f6nk\u00f6pings kommun","isPartOf":{"@id":"https:\/\/wp.kristdemokraterna.se\/jkpg\/#website"},"datePublished":"2016-04-27T11:56:56+00:00","dateModified":"2020-08-31T12:17:53+00:00","breadcrumb":{"@id":"https:\/\/wp.kristdemokraterna.se\/jkpg\/om-kristdemokraterna\/i-landstinget\/#breadcrumb"},"inLanguage":"sv-SE","potentialAction":[{"@type":"ReadAction","target":["https:\/\/wp.kristdemokraterna.se\/jkpg\/om-kristdemokraterna\/i-landstinget\/"]}]},{"@type":"BreadcrumbList","@id":"https:\/\/wp.kristdemokraterna.se\/jkpg\/om-kristdemokraterna\/i-landstinget\/#breadcrumb","itemListElement":[{"@type":"ListItem","position":1,"name":"Hem","item":"https:\/\/wp.kristdemokraterna.se\/jkpg\/"},{"@type":"ListItem","position":2,"name":"Om Kristdemokraterna","item":"https:\/\/wp.kristdemokraterna.se\/jkpg\/om-kristdemokraterna\/"},{"@type":"ListItem","position":3,"name":"I regionen"}]},{"@type":"WebSite","@id":"https:\/\/wp.kristdemokraterna.se\/jkpg\/#website","url":"https:\/\/wp.kristdemokraterna.se\/jkpg\/","name":"J\u00f6nk\u00f6pings kommun","description":"F\u00f6r familjen och f\u00f6retagsamheten!","inLanguage":"sv-SE"}]}},"_links":{"self":[{"href":"https:\/\/wp.kristdemokraterna.se\/jkpg\/wp-json\/wp\/v2\/pages\/43","targetHints":{"allow":["GET"]}}],"collection":[{"href":"https:\/\/wp.kristdemokraterna.se\/jkpg\/wp-json\/wp\/v2\/pages"}],"about":[{"href":"https:\/\/wp.kristdemokraterna.se\/jkpg\/wp-json\/wp\/v2\/types\/page"}],"author":[{"embeddable":true,"href":"https:\/\/wp.kristdemokraterna.se\/jkpg\/wp-json\/wp\/v2\/users\/745"}],"replies":[{"embeddable":true,"href":"https:\/\/wp.kristdemokraterna.se\/jkpg\/wp-json\/wp\/v2\/comments?post=43"}],"version-history":[{"count":11,"href":"https:\/\/wp.kristdemokraterna.se\/jkpg\/wp-json\/wp\/v2\/pages\/43\/revisions"}],"predecessor-version":[{"id":968,"href":"https:\/\/wp.kristdemokraterna.se\/jkpg\/wp-json\/wp\/v2\/pages\/43\/revisions\/968"}],"up":[{"embeddable":true,"href":"https:\/\/wp.kristdemokraterna.se\/jkpg\/wp-json\/wp\/v2\/pages\/89"}],"wp:attachment":[{"href":"https:\/\/wp.kristdemokraterna.se\/jkpg\/wp-json\/wp\/v2\/media?parent=43"}],"curies":[{"name":"wp","href":"https:\/\/api.w.org\/{rel}","templated":true}]}}

<p><a href="https://wp.kristdemokraterna.se/jonkopingslan/files/2018/03/regionalt-valprogram-2018_valfardsloftet_slutversion.pdf" target="_blank" rel="noopener noreferrer">Här kan du läsa om vår regionpolitik 2018</a></p>
<h3></h3>

<p>Här kan du läsa om vår regionpolitik 2018</p>

<!-- This site is optimized with the Yoast SEO plugin v27.4 - https://yoast.com/product/yoast-seo-wordpress/ -->
<title>I regionen - Jönköpings kommun</title>
<meta name="robots" content="index, follow, max-snippet:-1, max-image-preview:large, max-video-preview:-1" />
<link rel="canonical" href="https://wp.kristdemokraterna.se/jkpg/om-kristdemokraterna/i-landstinget/" />
<meta property="og:locale" content="sv_SE" />
<meta property="og:type" content="article" />
<meta property="og:title" content="I regionen - Jönköpings kommun" />
<meta property="og:description" content="Här kan du läsa om vår regionpolitik 2018" />
<meta property="og:url" content="https://wp.kristdemokraterna.se/jkpg/om-kristdemokraterna/i-landstinget/" />
<meta property="og:site_name" content="Jönköpings kommun" />
<meta property="article:modified_time" content="2020-08-31T12:17:53+00:00" />
<meta name="twitter:card" content="summary_large_image" />
<script type="application/ld+json" class="yoast-schema-graph">{"@context":"https:\/\/schema.org","@graph":[{"@type":"WebPage","@id":"https:\/\/wp.kristdemokraterna.se\/jkpg\/om-kristdemokraterna\/i-landstinget\/","url":"https:\/\/wp.kristdemokraterna.se\/jkpg\/om-kristdemokraterna\/i-landstinget\/","name":"I regionen - Jönköpings kommun","isPartOf":{"@id":"https:\/\/wp.kristdemokraterna.se\/jkpg\/#website"},"datePublished":"2016-04-27T11:56:56+00:00","dateModified":"2020-08-31T12:17:53+00:00","breadcrumb":{"@id":"https:\/\/wp.kristdemokraterna.se\/jkpg\/om-kristdemokraterna\/i-landstinget\/#breadcrumb"},"inLanguage":"sv-SE","potentialAction":[{"@type":"ReadAction","target":["https:\/\/wp.kristdemokraterna.se\/jkpg\/om-kristdemokraterna\/i-landstinget\/"]}]},{"@type":"BreadcrumbList","@id":"https:\/\/wp.kristdemokraterna.se\/jkpg\/om-kristdemokraterna\/i-landstinget\/#breadcrumb","itemListElement":[{"@type":"ListItem","position":1,"name":"Hem","item":"https:\/\/wp.kristdemokraterna.se\/jkpg\/"},{"@type":"ListItem","position":2,"name":"Om Kristdemokraterna","item":"https:\/\/wp.kristdemokraterna.se\/jkpg\/om-kristdemokraterna\/"},{"@type":"ListItem","position":3,"name":"I regionen"}]},{"@type":"WebSite","@id":"https:\/\/wp.kristdemokraterna.se\/jkpg\/#website","url":"https:\/\/wp.kristdemokraterna.se\/jkpg\/","name":"Jönköpings kommun","description":"För familjen och företagsamheten!","inLanguage":"sv-SE"}]}</script>
<!-- / Yoast SEO plugin. -->

I regionen - Jönköpings kommun

Här kan du läsa om vår regionpolitik 2018

Jönköpings kommun

För familjen och företagsamheten!
