{"id":574,"date":"2025-12-02T17:41:17","date_gmt":"2025-12-02T16:41:17","guid":{"rendered":"https:\/\/wp.kristdemokraterna.se\/jonkopingslan\/?page_id=574"},"modified":"2026-01-12T13:28:47","modified_gmt":"2026-01-12T12:28:47","slug":"ageranden-i-regionen","status":"publish","type":"page","link":"https:\/\/wp.kristdemokraterna.se\/jonkopingslan\/regionpolitik\/ageranden-i-regionen\/","title":{"rendered":"Ageranden i regionen"},"content":{"rendered":"<p><em>P\u00e5 sidan finns ett urval ageranden fr\u00e5n och med \u00e5r 2023 och fram\u00e5t.<\/em><\/p>\n<h2>Motioner till regionfullm\u00e4ktige<\/h2>\n<p><strong>Motion (KD) \u2013 H\u00f6j \u00e5ldersgr\u00e4nsen f\u00f6r avgiftsfri kollektivtrafik f\u00f6r barn i J\u00f6nk\u00f6pings l\u00e4n, fr\u00e5n 7 till 10 \u00e5r<br \/>\n<\/strong><a href=\"http:\/\/wp.kristdemokraterna.se\/jonkopingslan\/files\/2026\/01\/motion-hoja-aldersgransen-for-avgiftsfri-kollektivtrafik-for-barn-fran-7-till-10-ar-i-jonkopings-lan.pdf\">L\u00e4s motionen (2025-12-09)<\/a><\/p>\n<p><strong>Motion (KD) \u2013 G\u00f6r det, m\u00f6jligt att ta bussen till skogen och teatern<\/strong><br \/>\n<a href=\"http:\/\/wp.kristdemokraterna.se\/jonkopingslan\/files\/2025\/12\/motion-gor-det-mojligt-att-ta-bussen-till-skogen-och-teatern.pdf\">L\u00e4s motionen (2024-10-01)<\/a><br \/>\n<a href=\"http:\/\/wp.kristdemokraterna.se\/jonkopingslan\/files\/2025\/12\/beslut-rf-ta-bussen-skogen-teatern.pdf\">L\u00e4s regionfullm\u00e4ktiges beslut 2025-06-10 \u00a7 80<\/a><\/p>\n<p><strong>Motion (KD) \u2013 Ett l\u00e4n \u2013 en zon<\/strong><br \/>\n<a href=\"http:\/\/wp.kristdemokraterna.se\/jonkopingslan\/files\/2025\/12\/motion-ett-lan-en-zon.pdf\">L\u00e4s motionen (2024-10-01)<\/a><br \/>\n<a href=\"http:\/\/wp.kristdemokraterna.se\/jonkopingslan\/files\/2025\/12\/beslut-rf-ett-lan-en-zon.pdf\">L\u00e4s regionfullm\u00e4ktiges beslut 2025-04-29 \u00a7 48<\/a><\/p>\n<p><strong>Motion (KD) \u2013 S\u00e4tt upp hj\u00e4rtstartare utanf\u00f6r Region J\u00f6nk\u00f6pings l\u00e4ns byggnader<\/strong><br \/>\n<a href=\"http:\/\/wp.kristdemokraterna.se\/jonkopingslan\/files\/2025\/12\/motion-satt-upp-hjartstartare-utanfor-region-jonkopings-lans-byggnader.pdf\">L\u00e4s motionen (2024-02-14)<\/a><br \/>\n<a href=\"http:\/\/wp.kristdemokraterna.se\/jonkopingslan\/files\/2025\/12\/beslut-rf-hjartstartare.pdf\">L\u00e4s regionfullm\u00e4ktiges beslut 2025-06-10 \u00a7 78<\/a><\/p>\n<p><strong>Motion (KD) \u2013 Korta telefonk\u00f6erna till 1177 och f\u00f6rb\u00e4ttra v\u00e5rdkedjan<\/strong><br \/>\n<a href=\"http:\/\/wp.kristdemokraterna.se\/jonkopingslan\/files\/2025\/12\/motion-korta-telefonkoerna-till-1177-och-forbattra-vardkedjan.pdf\">L\u00e4s motionen (2023-10-05)<\/a><br \/>\n<a href=\"http:\/\/wp.kristdemokraterna.se\/jonkopingslan\/files\/2025\/12\/beslut-rf-korta-koer-1177.pdf\">L\u00e4s regionfullm\u00e4ktiges beslut 2024-10-01 \u00a7 117<\/a><\/p>\n<p><strong>Motion (KD) \u2013 Redovisa \u00e5rligen ett regionalt forskningsbokslut<\/strong><br \/>\n<a href=\"http:\/\/wp.kristdemokraterna.se\/jonkopingslan\/files\/2025\/12\/motion-redovisa-arligen-ett-regionalt-forskningsbokslut.pdf\">L\u00e4s motionen (2023-05-09)<\/a><br \/>\n<a href=\"http:\/\/wp.kristdemokraterna.se\/jonkopingslan\/files\/2025\/12\/beslut-rf-forskningsbokslut.pdf\">L\u00e4s regionfullm\u00e4ktiges beslut 2024-02-06 \u00a7 28<\/a><\/p>\n<p><strong>Motion (KD) \u2013 Inr\u00e4tta pris som stimulerar nyt\u00e4nkande och innovation!<\/strong><br \/>\n<a href=\"http:\/\/wp.kristdemokraterna.se\/jonkopingslan\/files\/2025\/12\/motion-inratta-pris-som-stimulerar-nytankande-och-innovation-.pdf\">L\u00e4s motionen (2023-04-11)<\/a><br \/>\n<a href=\"http:\/\/wp.kristdemokraterna.se\/jonkopingslan\/files\/2025\/12\/beslut-rf-pris-nytankande-innovation.pdf\">L\u00e4s regionfullm\u00e4ktiges beslut 2025-02-04 \u00a7 9<\/a><\/p>\n<p><strong>Motion (KD) \u2013 Ut\u00f6ka v\u00e5rdvalet f\u00f6r de v\u00e4ntande barnens skull!<\/strong><br \/>\n<a href=\"http:\/\/wp.kristdemokraterna.se\/jonkopingslan\/files\/2025\/12\/motion-utoka-vardvalet-for-de-vantande-barnens-skull-.pdf\">L\u00e4s motionen (2023-04-11)<\/a><br \/>\n<a href=\"http:\/\/wp.kristdemokraterna.se\/jonkopingslan\/files\/2025\/12\/beslut-rf-vardval-npf.pdf\">L\u00e4s regionfullm\u00e4ktiges beslut 2024-02-06 \u00a7 27<\/a><\/p>\n<p>&nbsp;<\/p>\n<h2>Interpellationer i regionfullm\u00e4ktige<\/h2>\n<p><strong>Interpellation (KD) \u2013 M\u00f6jligheterna till arbetspendling med anledning av varsel i tr\u00e4husbranschen<\/strong><br \/>\n<a href=\"http:\/\/wp.kristdemokraterna.se\/jonkopingslan\/files\/2025\/12\/2.-interpellation-arbetspendling-och-trahusbranschen.pdf\">L\u00e4s interpellationen (2025-08-19)<\/a><br \/>\n<a href=\"http:\/\/wp.kristdemokraterna.se\/jonkopingslan\/files\/2025\/12\/2.-svar-pa-interpelation-arbetspendling-och-trahusbranschen.pdf\">L\u00e4s svaret (2025-11-12)<\/a><\/p>\n<p>&nbsp;<\/p>\n<h2>Fr\u00e5gor<\/h2>\n<p>&nbsp;<\/p>\n<h2>Initiativ\u00e4renden<\/h2>\n<p><strong>Initiativ\u00e4rende (KD): Kostnadsfri HPV-vaccination upp till 26 \u00e5r i Region J\u00f6nk\u00f6pings l\u00e4n<\/strong><br \/>\n<a href=\"http:\/\/wp.kristdemokraterna.se\/jonkopingslan\/files\/2025\/12\/27.1-initiativarende-kd-kostnadsfri-hpv-vaccination-upp-till-26-ar-i-region-jonkopings-lan.pdf\">L\u00e4s initiativ\u00e4rendet i regionstyrelsen (2025-03-05)<\/a><br \/>\n<a href=\"http:\/\/wp.kristdemokraterna.se\/jonkopingslan\/files\/2025\/12\/beslut-rs-hpv.pdf\">L\u00e4s regionstyrelsens beslut 2025-03-05 \u00a7 57<\/a><br \/>\n<a href=\"http:\/\/wp.kristdemokraterna.se\/jonkopingslan\/files\/2025\/12\/19.1-initiativarende-kd-kostnadsfri-hpv-vaccination-upp-till-26-ar-i-region-jonkopings-lan.pdf\">L\u00e4s initiativ\u00e4rendet i n\u00e4mnden f\u00f6r folkh\u00e4lsa och sjukv\u00e5rd (2025-04-01)<\/a><br \/>\n<a href=\"http:\/\/wp.kristdemokraterna.se\/jonkopingslan\/files\/2025\/12\/beslut-fs-hpv.pdf\">L\u00e4s beslutet fr\u00e5n n\u00e4mnden f\u00f6r folkh\u00e4lsa och sjukv\u00e5rd 2025-06-17 \u00a7 87<\/a><\/p>\n<p>&nbsp;<\/p>\n<h2>Budgetf\u00f6rslag<\/h2>\n<p><a href=\"http:\/\/wp.kristdemokraterna.se\/jonkopingslan\/files\/2025\/12\/kd_budget-for-2026-med-flerarsplan-2027-2028-kortversion.pdf\">Kristdemokraternas budgetf\u00f6rslag f\u00f6r 2026 i Region J\u00f6nk\u00f6pings l\u00e4n<\/a><\/p>\n<p>&nbsp;<\/p>\n<h2>\u00d6vrigt<\/h2>\n<p><a href=\"http:\/\/wp.kristdemokraterna.se\/jonkopingslan\/files\/2025\/12\/agerande-rs-vardansvarskommitten.pdf\">Reservation, yrkanden och f\u00f6rslag till remissyttrande \u00f6ver V\u00e5rdansvarskommitt\u00e9ns bet\u00e4nkande<\/a><\/p>\n","protected":false},"excerpt":{"rendered":"<p>P\u00e5 sidan finns ett urval ageranden fr\u00e5n och med \u00e5r 2023 och fram\u00e5t. Motioner till regionfullm\u00e4ktige Motion (KD) \u2013 H\u00f6j \u00e5ldersgr\u00e4nsen f\u00f6r avgiftsfri kollektivtrafik f\u00f6r barn i J\u00f6nk\u00f6pings l\u00e4n, fr\u00e5n 7 till 10 \u00e5r L\u00e4s motionen (2025-12-09) Motion (KD) \u2013 G\u00f6r det, m\u00f6jligt att ta bussen till skogen och teatern L\u00e4s motionen (2024-10-01) L\u00e4s regionfullm\u00e4ktiges <a class=\"read-more-link\" href=\"https:\/\/wp.kristdemokraterna.se\/jonkopingslan\/regionpolitik\/ageranden-i-regionen\/\">L\u00e4s mer<\/a><\/p>\n","protected":false},"author":1102,"featured_media":0,"parent":342,"menu_order":0,"comment_status":"closed","ping_status":"closed","template":"","meta":{"_acf_changed":false,"footnotes":""},"class_list":["post-574","page","type-page","status-publish","hentry"],"acf":[],"yoast_head":"<!-- This site is optimized with the Yoast SEO plugin v27.3 - https:\/\/yoast.com\/product\/yoast-seo-wordpress\/ -->\n<title>Ageranden i regionen - Kristdemokraterna | J\u00f6nk\u00f6pings l\u00e4n<\/title>\n<meta name=\"robots\" content=\"index, follow, max-snippet:-1, max-image-preview:large, max-video-preview:-1\" \/>\n<link rel=\"canonical\" href=\"https:\/\/wp.kristdemokraterna.se\/jonkopingslan\/regionpolitik\/ageranden-i-regionen\/\" \/>\n<meta property=\"og:locale\" content=\"sv_SE\" \/>\n<meta property=\"og:type\" content=\"article\" \/>\n<meta property=\"og:title\" content=\"Ageranden i regionen - Kristdemokraterna | J\u00f6nk\u00f6pings l\u00e4n\" \/>\n<meta property=\"og:description\" content=\"P\u00e5 sidan finns ett urval ageranden fr\u00e5n och med \u00e5r 2023 och fram\u00e5t. Motioner till regionfullm\u00e4ktige Motion (KD) \u2013 H\u00f6j \u00e5ldersgr\u00e4nsen f\u00f6r avgiftsfri kollektivtrafik f\u00f6r barn i J\u00f6nk\u00f6pings l\u00e4n, fr\u00e5n 7 till 10 \u00e5r L\u00e4s motionen (2025-12-09) Motion (KD) \u2013 G\u00f6r det, m\u00f6jligt att ta bussen till skogen och teatern L\u00e4s motionen (2024-10-01) L\u00e4s regionfullm\u00e4ktiges L\u00e4s mer\" \/>\n<meta property=\"og:url\" content=\"https:\/\/wp.kristdemokraterna.se\/jonkopingslan\/regionpolitik\/ageranden-i-regionen\/\" \/>\n<meta property=\"og:site_name\" content=\"Kristdemokraterna | J\u00f6nk\u00f6pings l\u00e4n\" \/>\n<meta property=\"article:modified_time\" content=\"2026-01-12T12:28:47+00:00\" \/>\n<meta name=\"twitter:card\" content=\"summary_large_image\" \/>\n<meta name=\"twitter:label1\" content=\"Ber\u00e4knad l\u00e4stid\" \/>\n\t<meta name=\"twitter:data1\" content=\"2 minuter\" \/>\n<script type=\"application\/ld+json\" class=\"yoast-schema-graph\">{\"@context\":\"https:\\\/\\\/schema.org\",\"@graph\":[{\"@type\":\"WebPage\",\"@id\":\"https:\\\/\\\/wp.kristdemokraterna.se\\\/jonkopingslan\\\/regionpolitik\\\/ageranden-i-regionen\\\/\",\"url\":\"https:\\\/\\\/wp.kristdemokraterna.se\\\/jonkopingslan\\\/regionpolitik\\\/ageranden-i-regionen\\\/\",\"name\":\"Ageranden i regionen - Kristdemokraterna | J\u00f6nk\u00f6pings l\u00e4n\",\"isPartOf\":{\"@id\":\"https:\\\/\\\/wp.kristdemokraterna.se\\\/bjuv\\\/#website\"},\"datePublished\":\"2025-12-02T16:41:17+00:00\",\"dateModified\":\"2026-01-12T12:28:47+00:00\",\"breadcrumb\":{\"@id\":\"https:\\\/\\\/wp.kristdemokraterna.se\\\/jonkopingslan\\\/regionpolitik\\\/ageranden-i-regionen\\\/#breadcrumb\"},\"inLanguage\":\"sv-SE\",\"potentialAction\":[{\"@type\":\"ReadAction\",\"target\":[\"https:\\\/\\\/wp.kristdemokraterna.se\\\/jonkopingslan\\\/regionpolitik\\\/ageranden-i-regionen\\\/\"]}]},{\"@type\":\"BreadcrumbList\",\"@id\":\"https:\\\/\\\/wp.kristdemokraterna.se\\\/jonkopingslan\\\/regionpolitik\\\/ageranden-i-regionen\\\/#breadcrumb\",\"itemListElement\":[{\"@type\":\"ListItem\",\"position\":1,\"name\":\"Hem\",\"item\":\"https:\\\/\\\/wp.kristdemokraterna.se\\\/jonkopingslan\\\/\"},{\"@type\":\"ListItem\",\"position\":2,\"name\":\"Regionpolitik\",\"item\":\"https:\\\/\\\/wp.kristdemokraterna.se\\\/jonkopingslan\\\/regionpolitik\\\/\"},{\"@type\":\"ListItem\",\"position\":3,\"name\":\"Ageranden i regionen\"}]},{\"@type\":\"WebSite\",\"@id\":\"https:\\\/\\\/wp.kristdemokraterna.se\\\/bjuv\\\/#website\",\"url\":\"https:\\\/\\\/wp.kristdemokraterna.se\\\/bjuv\\\/\",\"name\":\"Kristdemokraterna | J\u00f6nk\u00f6pings l\u00e4n\",\"description\":\"\",\"inLanguage\":\"sv-SE\"}]}<\/script>\n<!-- \/ Yoast SEO plugin. -->","yoast_head_json":{"title":"Ageranden i regionen - Kristdemokraterna | J\u00f6nk\u00f6pings l\u00e4n","robots":{"index":"index","follow":"follow","max-snippet":"max-snippet:-1","max-image-preview":"max-image-preview:large","max-video-preview":"max-video-preview:-1"},"canonical":"https:\/\/wp.kristdemokraterna.se\/jonkopingslan\/regionpolitik\/ageranden-i-regionen\/","og_locale":"sv_SE","og_type":"article","og_title":"Ageranden i regionen - Kristdemokraterna | J\u00f6nk\u00f6pings l\u00e4n","og_description":"P\u00e5 sidan finns ett urval ageranden fr\u00e5n och med \u00e5r 2023 och fram\u00e5t. Motioner till regionfullm\u00e4ktige Motion (KD) \u2013 H\u00f6j \u00e5ldersgr\u00e4nsen f\u00f6r avgiftsfri kollektivtrafik f\u00f6r barn i J\u00f6nk\u00f6pings l\u00e4n, fr\u00e5n 7 till 10 \u00e5r L\u00e4s motionen (2025-12-09) Motion (KD) \u2013 G\u00f6r det, m\u00f6jligt att ta bussen till skogen och teatern L\u00e4s motionen (2024-10-01) L\u00e4s regionfullm\u00e4ktiges L\u00e4s mer","og_url":"https:\/\/wp.kristdemokraterna.se\/jonkopingslan\/regionpolitik\/ageranden-i-regionen\/","og_site_name":"Kristdemokraterna | J\u00f6nk\u00f6pings l\u00e4n","article_modified_time":"2026-01-12T12:28:47+00:00","twitter_card":"summary_large_image","twitter_misc":{"Ber\u00e4knad l\u00e4stid":"2 minuter"},"schema":{"@context":"https:\/\/schema.org","@graph":[{"@type":"WebPage","@id":"https:\/\/wp.kristdemokraterna.se\/jonkopingslan\/regionpolitik\/ageranden-i-regionen\/","url":"https:\/\/wp.kristdemokraterna.se\/jonkopingslan\/regionpolitik\/ageranden-i-regionen\/","name":"Ageranden i regionen - Kristdemokraterna | J\u00f6nk\u00f6pings l\u00e4n","isPartOf":{"@id":"https:\/\/wp.kristdemokraterna.se\/bjuv\/#website"},"datePublished":"2025-12-02T16:41:17+00:00","dateModified":"2026-01-12T12:28:47+00:00","breadcrumb":{"@id":"https:\/\/wp.kristdemokraterna.se\/jonkopingslan\/regionpolitik\/ageranden-i-regionen\/#breadcrumb"},"inLanguage":"sv-SE","potentialAction":[{"@type":"ReadAction","target":["https:\/\/wp.kristdemokraterna.se\/jonkopingslan\/regionpolitik\/ageranden-i-regionen\/"]}]},{"@type":"BreadcrumbList","@id":"https:\/\/wp.kristdemokraterna.se\/jonkopingslan\/regionpolitik\/ageranden-i-regionen\/#breadcrumb","itemListElement":[{"@type":"ListItem","position":1,"name":"Hem","item":"https:\/\/wp.kristdemokraterna.se\/jonkopingslan\/"},{"@type":"ListItem","position":2,"name":"Regionpolitik","item":"https:\/\/wp.kristdemokraterna.se\/jonkopingslan\/regionpolitik\/"},{"@type":"ListItem","position":3,"name":"Ageranden i regionen"}]},{"@type":"WebSite","@id":"https:\/\/wp.kristdemokraterna.se\/bjuv\/#website","url":"https:\/\/wp.kristdemokraterna.se\/bjuv\/","name":"Kristdemokraterna | J\u00f6nk\u00f6pings l\u00e4n","description":"","inLanguage":"sv-SE"}]}},"_links":{"self":[{"href":"https:\/\/wp.kristdemokraterna.se\/jonkopingslan\/wp-json\/wp\/v2\/pages\/574","targetHints":{"allow":["GET"]}}],"collection":[{"href":"https:\/\/wp.kristdemokraterna.se\/jonkopingslan\/wp-json\/wp\/v2\/pages"}],"about":[{"href":"https:\/\/wp.kristdemokraterna.se\/jonkopingslan\/wp-json\/wp\/v2\/types\/page"}],"author":[{"embeddable":true,"href":"https:\/\/wp.kristdemokraterna.se\/jonkopingslan\/wp-json\/wp\/v2\/users\/1102"}],"replies":[{"embeddable":true,"href":"https:\/\/wp.kristdemokraterna.se\/jonkopingslan\/wp-json\/wp\/v2\/comments?post=574"}],"version-history":[{"count":20,"href":"https:\/\/wp.kristdemokraterna.se\/jonkopingslan\/wp-json\/wp\/v2\/pages\/574\/revisions"}],"predecessor-version":[{"id":703,"href":"https:\/\/wp.kristdemokraterna.se\/jonkopingslan\/wp-json\/wp\/v2\/pages\/574\/revisions\/703"}],"up":[{"embeddable":true,"href":"https:\/\/wp.kristdemokraterna.se\/jonkopingslan\/wp-json\/wp\/v2\/pages\/342"}],"wp:attachment":[{"href":"https:\/\/wp.kristdemokraterna.se\/jonkopingslan\/wp-json\/wp\/v2\/media?parent=574"}],"curies":[{"name":"wp","href":"https:\/\/api.w.org\/{rel}","templated":true}]}}