{"version":"1.0","provider_name":"i Kalmar l\u00e4n","provider_url":"https:\/\/wp.kristdemokraterna.se\/kalmarlan","title":"Kristdemokraterna och Alliansen tar ansvar - i Kalmar l\u00e4n","type":"rich","width":600,"height":338,"html":"<blockquote class=\"wp-embedded-content\" data-secret=\"cVQVGKn986\"><a href=\"https:\/\/wp.kristdemokraterna.se\/kalmarlan\/kristdemokraterna-och-alliansen-tar-ansvar\/\">Kristdemokraterna och Alliansen tar ansvar<\/a><\/blockquote><iframe sandbox=\"allow-scripts\" security=\"restricted\" src=\"https:\/\/wp.kristdemokraterna.se\/kalmarlan\/kristdemokraterna-och-alliansen-tar-ansvar\/embed\/#?secret=cVQVGKn986\" width=\"600\" height=\"338\" title=\"\u201dKristdemokraterna och Alliansen tar ansvar\u201d &ndash; i Kalmar l\u00e4n\" data-secret=\"cVQVGKn986\" frameborder=\"0\" marginwidth=\"0\" marginheight=\"0\" scrolling=\"no\" class=\"wp-embedded-content\"><\/iframe><script type=\"text\/javascript\">\n\/* <![CDATA[ *\/\n\/*! This file is auto-generated *\/\n!function(d,l){\"use strict\";l.querySelector&&d.addEventListener&&\"undefined\"!=typeof URL&&(d.wp=d.wp||{},d.wp.receiveEmbedMessage||(d.wp.receiveEmbedMessage=function(e){var t=e.data;if((t||t.secret||t.message||t.value)&&!\/[^a-zA-Z0-9]\/.test(t.secret)){for(var s,r,n,a=l.querySelectorAll('iframe[data-secret=\"'+t.secret+'\"]'),o=l.querySelectorAll('blockquote[data-secret=\"'+t.secret+'\"]'),c=new RegExp(\"^https?:$\",\"i\"),i=0;i<o.length;i++)o[i].style.display=\"none\";for(i=0;i<a.length;i++)s=a[i],e.source===s.contentWindow&&(s.removeAttribute(\"style\"),\"height\"===t.message?(1e3<(r=parseInt(t.value,10))?r=1e3:~~r<200&&(r=200),s.height=r):\"link\"===t.message&&(r=new URL(s.getAttribute(\"src\")),n=new URL(t.value),c.test(n.protocol))&&n.host===r.host&&l.activeElement===s&&(d.top.location.href=t.value))}},d.addEventListener(\"message\",d.wp.receiveEmbedMessage,!1),l.addEventListener(\"DOMContentLoaded\",function(){for(var e,t,s=l.querySelectorAll(\"iframe.wp-embedded-content\"),r=0;r<s.length;r++)(t=(e=s[r]).getAttribute(\"data-secret\"))||(t=Math.random().toString(36).substring(2,12),e.src+=\"#?secret=\"+t,e.setAttribute(\"data-secret\",t)),e.contentWindow.postMessage({message:\"ready\",secret:t},\"*\")},!1)))}(window,document);\n\/\/# sourceURL=https:\/\/wp.kristdemokraterna.se\/kalmarlan\/wp-includes\/js\/wp-embed.min.js\n\/* ]]> *\/\n<\/script>\n","description":"Idag har vi i Alliansen presenterat v\u00e5rt budgetf\u00f6rslag under en l\u00e4nsturn\u00e9 fr\u00e5n norr till s\u00f6der. \u2013 Vi avs\u00e4tter 2 Mkr f\u00f6r att bygga upp \u00e4ldreteam p\u00e5 sjukhusens akutmottagningar f\u00f6r att personal med r\u00e4tt kompetens ska ta emot patienterna, och snabbt kunna slussa vidare. Vi vill stoppa den \u00e5ldersdiskriminering som g\u00f6r att \u00e4ldre inte f\u00e5r likv\u00e4rdig Read More","thumbnail_url":"http:\/\/wp.kristdemokraterna.se\/kalmarlan\/files\/2013\/11\/20131107-144458.jpg"}

i Kalmar län

Kristdemokraterna och Alliansen tar ansvar - i Kalmar län

<blockquote class="wp-embedded-content" data-secret="cVQVGKn986"><a href="https://wp.kristdemokraterna.se/kalmarlan/kristdemokraterna-och-alliansen-tar-ansvar/">Kristdemokraterna och Alliansen tar ansvar</a></blockquote><iframe sandbox="allow-scripts" security="restricted" src="https://wp.kristdemokraterna.se/kalmarlan/kristdemokraterna-och-alliansen-tar-ansvar/embed/#?secret=cVQVGKn986" width="600" height="338" title="”Kristdemokraterna och Alliansen tar ansvar” &ndash; i Kalmar län" data-secret="cVQVGKn986" frameborder="0" marginwidth="0" marginheight="0" scrolling="no" class="wp-embedded-content"></iframe><script type="text/javascript">
/* <![CDATA[ */
/*! This file is auto-generated */
!function(d,l){"use strict";l.querySelector&&d.addEventListener&&"undefined"!=typeof URL&&(d.wp=d.wp||{},d.wp.receiveEmbedMessage||(d.wp.receiveEmbedMessage=function(e){var t=e.data;if((t||t.secret||t.message||t.value)&&!/[^a-zA-Z0-9]/.test(t.secret)){for(var s,r,n,a=l.querySelectorAll('iframe[data-secret="'+t.secret+'"]'),o=l.querySelectorAll('blockquote[data-secret="'+t.secret+'"]'),c=new RegExp("^https?:$","i"),i=0;i<o.length;i++)o[i].style.display="none";for(i=0;i<a.length;i++)s=a[i],e.source===s.contentWindow&&(s.removeAttribute("style"),"height"===t.message?(1e3<(r=parseInt(t.value,10))?r=1e3:~~r<200&&(r=200),s.height=r):"link"===t.message&&(r=new URL(s.getAttribute("src")),n=new URL(t.value),c.test(n.protocol))&&n.host===r.host&&l.activeElement===s&&(d.top.location.href=t.value))}},d.addEventListener("message",d.wp.receiveEmbedMessage,!1),l.addEventListener("DOMContentLoaded",function(){for(var e,t,s=l.querySelectorAll("iframe.wp-embedded-content"),r=0;r<s.length;r++)(t=(e=s[r]).getAttribute("data-secret"))||(t=Math.random().toString(36).substring(2,12),e.src+="#?secret="+t,e.setAttribute("data-secret",t)),e.contentWindow.postMessage({message:"ready",secret:t},"*")},!1)))}(window,document);
//# sourceURL=https://wp.kristdemokraterna.se/kalmarlan/wp-includes/js/wp-embed.min.js
/* ]]> */
</script>

Idag har vi i Alliansen presenterat vårt budgetförslag under en länsturné från norr till söder. – Vi avsätter 2 Mkr för att bygga upp äldreteam på sjukhusens akutmottagningar för att personal med rätt kompetens ska ta emot patienterna, och snabbt kunna slussa vidare. Vi vill stoppa den åldersdiskriminering som gör att äldre inte får likvärdig Read More
