{"id":75,"date":"2013-01-28T17:19:00","date_gmt":"2013-01-28T16:19:00","guid":{"rendered":"http:\/\/wp.kristdemokraterna.se\/kalmarlan\/?page_id=75"},"modified":"2025-03-25T17:31:52","modified_gmt":"2025-03-25T16:31:52","slug":"fortroendevalda-i-landstinget","status":"publish","type":"page","link":"https:\/\/wp.kristdemokraterna.se\/kalmarlan\/fortroendevalda-i-landstinget\/","title":{"rendered":"F\u00f6rtroendevalda i Region Kalmar l\u00e4n"},"content":{"rendered":"<p style=\"text-align: justify\"><strong>Gruppledare<\/strong><\/p>\n<p style=\"text-align: justify\">Jimmy Loord, Oppositionsr\u00e5d<\/p>\n<p style=\"text-align: justify\">Tulunda Rosenberg 2<\/p>\n<p style=\"text-align: justify\">577 98 M\u00f6rlunda<\/p>\n<p style=\"text-align: justify\">0480-84826 arb, 076 &#8211; 100 90 14 mob<\/p>\n<p style=\"text-align: justify\">jimmy.loord@kristdemokraterna.se<\/p>\n<p style=\"text-align: justify\">__________________________________________<\/p>\n<p>Carl-Wiktor Svensson, Oppositionsr\u00e5d, vice ordf\u00f6rande i KTN, ledamot i RUN<\/p>\n<p>070- 898 79 51, e-post: carlwiktor.svensson@gmail.com<br \/>\n__________________________________________<\/p>\n<p style=\"text-align: justify\"><strong>F\u00f6rtroendevalda f\u00f6r valkretsen V\u00e4stervik<\/strong><\/p>\n<p style=\"text-align: justify\">Maud \u00c4rlebrant, ledamot i regionfullm\u00e4ktige, ordinarie i regionstyrelsen<\/p>\n<p style=\"text-align: justify\">Kerstin Lahi, 1:a ers\u00e4ttare<\/p>\n<p style=\"text-align: justify\">Gert Gotin, 2:e ers\u00e4ttare<\/p>\n<p>Thorbj\u00f6rn B\u00e4ckrud, 3:e ers\u00e4ttare<\/p>\n<p style=\"text-align: justify\">__________________________________________<\/p>\n<p style=\"text-align: justify\"><strong>F\u00f6rtroendevalda f\u00f6r valkretsen Hultsfred, Vimmerby<\/strong><\/p>\n<p style=\"text-align: justify\">Gudrun Bruneg\u00e5rd,\u00a0 riksdagsledamot, ordinarie ledamot i regionfullm\u00e4ktige<\/p>\n<p style=\"text-align: justify\">Anders Andersson, vice gruppledare, vice ordf\u00f6rande i regionfullm\u00e4ktige, ordinarie ledamot i RUN<\/p>\n<p>Ola Hammarb\u00e4ck, 1:e ers\u00e4ttare<\/p>\n<p>Tina B\u00e5genhammar, 2:e ers\u00e4ttare<\/p>\n<p>\u00c5ke Nilsson, 3:e ers\u00e4ttare<\/p>\n<p style=\"text-align: justify\">___________________________________________________________<\/p>\n<p style=\"text-align: justify\"><strong>F\u00f6rtroendevalda f\u00f6r valkretsen Oskarshamn, H\u00f6gsby, M\u00f6nster\u00e5s<\/strong><\/p>\n<p style=\"text-align: justify\">Chatrine P\u00e5lsson Ahlgren, ordinarie ledamot i regionfullm\u00e4ktige, ers\u00e4ttare i regionstyrelsen, ledamot i personalutskottet, ers\u00e4ttare i KTN<\/p>\n<p>Madeleine Rosenqvist, 1:a ers\u00e4ttare, ers\u00e4ttare i regionstyrelsen, vice ordf\u00f6rande i beredningen f\u00f6r inv\u00e5narfr\u00e5gor, vice ordf\u00f6rande patientn\u00e4mnden<\/p>\n<p>Rebecka Englund, 2:a ers\u00e4ttare, ordinarie i beredningen f\u00f6r h\u00e5llbarhet och folkh\u00e4lsa<\/p>\n<p style=\"text-align: justify\">Per-Eric Ohlsson, 3:e ers\u00e4ttare<\/p>\n<hr \/>\n<p style=\"text-align: justify\"><strong><u>F\u00f6rtroendevalda f\u00f6r valkretsen Emmaboda, Nybro, Tors\u00e5s<\/u><\/strong><\/p>\n<p style=\"text-align: justify\">Jimmy Loord, gruppledare, oppositionsr\u00e5d, ordinarie ledamot i regionfullm\u00e4ktige, ledamot i regionstyrelsen, ledamot i regionstyrelsens arbetsutskott, vice ordf\u00f6rande i beredningen f\u00f6r h\u00e4lso- och sjukv\u00e5rd.<\/p>\n<p style=\"text-align: justify\">Andreas Salomonsson, 1:e ers\u00e4ttare<\/p>\n<p style=\"text-align: justify\">Gull-Britt Hellborg, 2:e ers\u00e4ttare<\/p>\n<p>Helena Berzelius, 3:e ers\u00e4ttare, ers\u00e4ttare i RUN<\/p>\n<p style=\"text-align: justify\">___________________________________________________________<\/p>\n<p style=\"text-align: justify\"><strong>F\u00f6rtroendevalda f\u00f6r valkretsen Kalmar<\/strong><\/p>\n<p>Margreth Johansson, ordinarie ledamot i regionfullm\u00e4ktige, ers\u00e4ttare i beredningen f\u00f6r h\u00e4lso- och sjukv\u00e5rd, juryman enl. tryckfrihetsf\u00f6rordningen grupp 1.<\/p>\n<p style=\"text-align: justify\">Arne Sj\u00f6berg, ordinarie ledamot i regionfullm\u00e4ktige, ledamot i patientn\u00e4mnden<\/p>\n<p style=\"text-align: justify\">Tyra Graaf, 1:e ers\u00e4ttare<\/p>\n<p>Daniel Braw, 2:e ers\u00e4ttare<\/p>\n<p style=\"text-align: justify\">Andreas Salomonsson, 3:e ers\u00e4ttare<\/p>\n<p style=\"text-align: justify\">____________________________________________________________<\/p>\n<p style=\"text-align: justify\"><strong>F\u00f6rtroendevalda f\u00f6r valkretsen Borgholm, M\u00f6rbyl\u00e5nga<\/strong><\/p>\n<p style=\"text-align: justify\">Marwin Johansson, ordinarie ledamot i regionfullm\u00e4ktige<\/p>\n<p>Samuel Sigvardsson, 1:e ers\u00e4ttare<\/p>\n<p>Monika Johansson, 2:e ers\u00e4ttare<\/p>\n<p>Helena Erlandsson, 3:e ers\u00e4ttare<\/p>\n<p style=\"text-align: justify\"><strong><u>\u00d6vriga f\u00f6rtroendevalda:<\/u><\/strong><\/p>\n<p>Bj\u00f6rn \u00d6stman, ers\u00e4ttare i beredningen f\u00f6r h\u00e5llbarhet och folkh\u00e4lsa<\/p>\n<p style=\"text-align: justify\">Klaus Leidecker, ledamot revisionen<\/p>\n<p>Folke Pleijert, ledamot revisionen<\/p>\n","protected":false},"excerpt":{"rendered":"<p>Gruppledare Jimmy Loord, Oppositionsr\u00e5d Tulunda Rosenberg 2 577 98 M\u00f6rlunda 0480-84826 arb, 076 &#8211; 100 90 14 mob jimmy.loord@kristdemokraterna.se __________________________________________ Carl-Wiktor Svensson, Oppositionsr\u00e5d, vice ordf\u00f6rande i KTN, ledamot i RUN 070- 898 79 51, e-post: carlwiktor.svensson@gmail.com __________________________________________ F\u00f6rtroendevalda f\u00f6r valkretsen V\u00e4stervik Maud \u00c4rlebrant, ledamot i regionfullm\u00e4ktige, ordinarie i regionstyrelsen Kerstin Lahi, 1:a ers\u00e4ttare Gert Gotin, <a class=\"read-more-link\" href=\"https:\/\/wp.kristdemokraterna.se\/kalmarlan\/fortroendevalda-i-landstinget\/\">Read More<\/a><\/p>\n","protected":false},"author":417,"featured_media":0,"parent":0,"menu_order":4,"comment_status":"closed","ping_status":"closed","template":"","meta":{"_acf_changed":false,"footnotes":""},"class_list":["post-75","page","type-page","status-publish","hentry"],"acf":[],"yoast_head":"<!-- This site is optimized with the Yoast SEO plugin v27.4 - https:\/\/yoast.com\/product\/yoast-seo-wordpress\/ -->\n<title>F\u00f6rtroendevalda i Region Kalmar l\u00e4n - i Kalmar l\u00e4n<\/title>\n<meta name=\"robots\" content=\"index, follow, max-snippet:-1, max-image-preview:large, max-video-preview:-1\" \/>\n<link rel=\"canonical\" href=\"https:\/\/wp.kristdemokraterna.se\/kalmarlan\/fortroendevalda-i-landstinget\/\" \/>\n<meta property=\"og:locale\" content=\"sv_SE\" \/>\n<meta property=\"og:type\" content=\"article\" \/>\n<meta property=\"og:title\" content=\"F\u00f6rtroendevalda i Region Kalmar l\u00e4n - i Kalmar l\u00e4n\" \/>\n<meta property=\"og:description\" content=\"Gruppledare Jimmy Loord, Oppositionsr\u00e5d Tulunda Rosenberg 2 577 98 M\u00f6rlunda 0480-84826 arb, 076 &#8211; 100 90 14 mob jimmy.loord@kristdemokraterna.se __________________________________________ Carl-Wiktor Svensson, Oppositionsr\u00e5d, vice ordf\u00f6rande i KTN, ledamot i RUN 070- 898 79 51, e-post: carlwiktor.svensson@gmail.com __________________________________________ F\u00f6rtroendevalda f\u00f6r valkretsen V\u00e4stervik Maud \u00c4rlebrant, ledamot i regionfullm\u00e4ktige, ordinarie i regionstyrelsen Kerstin Lahi, 1:a ers\u00e4ttare Gert Gotin, Read More\" \/>\n<meta property=\"og:url\" content=\"https:\/\/wp.kristdemokraterna.se\/kalmarlan\/fortroendevalda-i-landstinget\/\" \/>\n<meta property=\"og:site_name\" content=\"i Kalmar l\u00e4n\" \/>\n<meta property=\"article:modified_time\" content=\"2025-03-25T16:31:52+00:00\" \/>\n<meta name=\"twitter:card\" content=\"summary_large_image\" \/>\n<meta name=\"twitter:label1\" content=\"Ber\u00e4knad l\u00e4stid\" \/>\n\t<meta name=\"twitter:data1\" content=\"2 minuter\" \/>\n<script type=\"application\/ld+json\" class=\"yoast-schema-graph\">{\"@context\":\"https:\\\/\\\/schema.org\",\"@graph\":[{\"@type\":\"WebPage\",\"@id\":\"https:\\\/\\\/wp.kristdemokraterna.se\\\/kalmarlan\\\/fortroendevalda-i-landstinget\\\/\",\"url\":\"https:\\\/\\\/wp.kristdemokraterna.se\\\/kalmarlan\\\/fortroendevalda-i-landstinget\\\/\",\"name\":\"F\u00f6rtroendevalda i Region Kalmar l\u00e4n - i Kalmar l\u00e4n\",\"isPartOf\":{\"@id\":\"https:\\\/\\\/wp.kristdemokraterna.se\\\/kalmarlan\\\/#website\"},\"datePublished\":\"2013-01-28T16:19:00+00:00\",\"dateModified\":\"2025-03-25T16:31:52+00:00\",\"breadcrumb\":{\"@id\":\"https:\\\/\\\/wp.kristdemokraterna.se\\\/kalmarlan\\\/fortroendevalda-i-landstinget\\\/#breadcrumb\"},\"inLanguage\":\"sv-SE\",\"potentialAction\":[{\"@type\":\"ReadAction\",\"target\":[\"https:\\\/\\\/wp.kristdemokraterna.se\\\/kalmarlan\\\/fortroendevalda-i-landstinget\\\/\"]}]},{\"@type\":\"BreadcrumbList\",\"@id\":\"https:\\\/\\\/wp.kristdemokraterna.se\\\/kalmarlan\\\/fortroendevalda-i-landstinget\\\/#breadcrumb\",\"itemListElement\":[{\"@type\":\"ListItem\",\"position\":1,\"name\":\"Hem\",\"item\":\"https:\\\/\\\/wp.kristdemokraterna.se\\\/kalmarlan\\\/\"},{\"@type\":\"ListItem\",\"position\":2,\"name\":\"F\u00f6rtroendevalda i Region Kalmar l\u00e4n\"}]},{\"@type\":\"WebSite\",\"@id\":\"https:\\\/\\\/wp.kristdemokraterna.se\\\/kalmarlan\\\/#website\",\"url\":\"https:\\\/\\\/wp.kristdemokraterna.se\\\/kalmarlan\\\/\",\"name\":\"i Kalmar l\u00e4n\",\"description\":\"\",\"inLanguage\":\"sv-SE\"}]}<\/script>\n<!-- \/ Yoast SEO plugin. -->","yoast_head_json":{"title":"F\u00f6rtroendevalda i Region Kalmar l\u00e4n - i Kalmar l\u00e4n","robots":{"index":"index","follow":"follow","max-snippet":"max-snippet:-1","max-image-preview":"max-image-preview:large","max-video-preview":"max-video-preview:-1"},"canonical":"https:\/\/wp.kristdemokraterna.se\/kalmarlan\/fortroendevalda-i-landstinget\/","og_locale":"sv_SE","og_type":"article","og_title":"F\u00f6rtroendevalda i Region Kalmar l\u00e4n - i Kalmar l\u00e4n","og_description":"Gruppledare Jimmy Loord, Oppositionsr\u00e5d Tulunda Rosenberg 2 577 98 M\u00f6rlunda 0480-84826 arb, 076 &#8211; 100 90 14 mob jimmy.loord@kristdemokraterna.se __________________________________________ Carl-Wiktor Svensson, Oppositionsr\u00e5d, vice ordf\u00f6rande i KTN, ledamot i RUN 070- 898 79 51, e-post: carlwiktor.svensson@gmail.com __________________________________________ F\u00f6rtroendevalda f\u00f6r valkretsen V\u00e4stervik Maud \u00c4rlebrant, ledamot i regionfullm\u00e4ktige, ordinarie i regionstyrelsen Kerstin Lahi, 1:a ers\u00e4ttare Gert Gotin, Read More","og_url":"https:\/\/wp.kristdemokraterna.se\/kalmarlan\/fortroendevalda-i-landstinget\/","og_site_name":"i Kalmar l\u00e4n","article_modified_time":"2025-03-25T16:31:52+00:00","twitter_card":"summary_large_image","twitter_misc":{"Ber\u00e4knad l\u00e4stid":"2 minuter"},"schema":{"@context":"https:\/\/schema.org","@graph":[{"@type":"WebPage","@id":"https:\/\/wp.kristdemokraterna.se\/kalmarlan\/fortroendevalda-i-landstinget\/","url":"https:\/\/wp.kristdemokraterna.se\/kalmarlan\/fortroendevalda-i-landstinget\/","name":"F\u00f6rtroendevalda i Region Kalmar l\u00e4n - i Kalmar l\u00e4n","isPartOf":{"@id":"https:\/\/wp.kristdemokraterna.se\/kalmarlan\/#website"},"datePublished":"2013-01-28T16:19:00+00:00","dateModified":"2025-03-25T16:31:52+00:00","breadcrumb":{"@id":"https:\/\/wp.kristdemokraterna.se\/kalmarlan\/fortroendevalda-i-landstinget\/#breadcrumb"},"inLanguage":"sv-SE","potentialAction":[{"@type":"ReadAction","target":["https:\/\/wp.kristdemokraterna.se\/kalmarlan\/fortroendevalda-i-landstinget\/"]}]},{"@type":"BreadcrumbList","@id":"https:\/\/wp.kristdemokraterna.se\/kalmarlan\/fortroendevalda-i-landstinget\/#breadcrumb","itemListElement":[{"@type":"ListItem","position":1,"name":"Hem","item":"https:\/\/wp.kristdemokraterna.se\/kalmarlan\/"},{"@type":"ListItem","position":2,"name":"F\u00f6rtroendevalda i Region Kalmar l\u00e4n"}]},{"@type":"WebSite","@id":"https:\/\/wp.kristdemokraterna.se\/kalmarlan\/#website","url":"https:\/\/wp.kristdemokraterna.se\/kalmarlan\/","name":"i Kalmar l\u00e4n","description":"","inLanguage":"sv-SE"}]}},"_links":{"self":[{"href":"https:\/\/wp.kristdemokraterna.se\/kalmarlan\/wp-json\/wp\/v2\/pages\/75","targetHints":{"allow":["GET"]}}],"collection":[{"href":"https:\/\/wp.kristdemokraterna.se\/kalmarlan\/wp-json\/wp\/v2\/pages"}],"about":[{"href":"https:\/\/wp.kristdemokraterna.se\/kalmarlan\/wp-json\/wp\/v2\/types\/page"}],"author":[{"embeddable":true,"href":"https:\/\/wp.kristdemokraterna.se\/kalmarlan\/wp-json\/wp\/v2\/users\/417"}],"replies":[{"embeddable":true,"href":"https:\/\/wp.kristdemokraterna.se\/kalmarlan\/wp-json\/wp\/v2\/comments?post=75"}],"version-history":[{"count":29,"href":"https:\/\/wp.kristdemokraterna.se\/kalmarlan\/wp-json\/wp\/v2\/pages\/75\/revisions"}],"predecessor-version":[{"id":885,"href":"https:\/\/wp.kristdemokraterna.se\/kalmarlan\/wp-json\/wp\/v2\/pages\/75\/revisions\/885"}],"wp:attachment":[{"href":"https:\/\/wp.kristdemokraterna.se\/kalmarlan\/wp-json\/wp\/v2\/media?parent=75"}],"curies":[{"name":"wp","href":"https:\/\/api.w.org\/{rel}","templated":true}]}}