{"id":8,"date":"2012-11-19T15:56:50","date_gmt":"2012-11-19T14:56:50","guid":{"rendered":"http:\/\/wp.kristdemokraterna.se\/kalmarlan\/?page_id=8"},"modified":"2023-08-26T10:54:02","modified_gmt":"2023-08-26T08:54:02","slug":"kontakta-oss","status":"publish","type":"page","link":"https:\/\/wp.kristdemokraterna.se\/kalmarlan\/kontakta-oss\/","title":{"rendered":"Kontakta oss"},"content":{"rendered":"<p><strong>Kansliet i Kalmar<\/strong><br \/>\nKristdemokraterna i Kalmar l\u00e4n<br \/>\nAdress: Tr\u00e4dg\u00e5rdsgatan 12, 392 49 Kalmar<br \/>\nTele: 0480-279 50<br \/>\nE-post: kalmar@kristdemokraterna.se<\/p>\n<p><strong>Madeleine Rosenqvist<\/strong>, Ombudsman<br \/>\nTel. 070-221 14 87<br \/>\nE-post: madeleine.rosenqvist@kristdemokraterna.se<\/p>\n<p><strong>Bj\u00f6rn \u00d6stman<\/strong>, Ombudsman och sekreterare<br \/>\nTel. 070-567 89 13<br \/>\nE-post: bjorn.ostman@kristdemokraterna.se<\/p>\n<p><b>Karl-Gustav Kyrk<\/b>, Kass\u00f6r<br \/>\nTel. 070-647 81 18<br \/>\nE-post: karl-gustav.kyrk@kristdemokraterna.se<\/p>\n<p><b>Sebastian Hall\u00e9n<\/b>, politisk sekreterare Region Kalmar l\u00e4n<br \/>\nTel. 073-909 71 93<br \/>\ne-post: basse.hallen@gmail.com<\/p>\n<p><strong>Margreth Johansson<\/strong>, politisk sekreterare Region Kalmar l\u00e4n<br \/>\nTel. 070-357 14 12<br \/>\nE-post: margreth.johansson@kristdemokraterna.se<\/p>\n","protected":false},"excerpt":{"rendered":"<p>Kansliet i Kalmar Kristdemokraterna i Kalmar l\u00e4n Adress: Tr\u00e4dg\u00e5rdsgatan 12, 392 49 Kalmar Tele: 0480-279 50 E-post: kalmar@kristdemokraterna.se Madeleine Rosenqvist, Ombudsman Tel. 070-221 14 87 E-post: madeleine.rosenqvist@kristdemokraterna.se Bj\u00f6rn \u00d6stman, Ombudsman och sekreterare Tel. 070-567 89 13 E-post: bjorn.ostman@kristdemokraterna.se Karl-Gustav Kyrk, Kass\u00f6r Tel. 070-647 81 18 E-post: karl-gustav.kyrk@kristdemokraterna.se Sebastian Hall\u00e9n, politisk sekreterare Region Kalmar l\u00e4n Tel. <a class=\"read-more-link\" href=\"https:\/\/wp.kristdemokraterna.se\/kalmarlan\/kontakta-oss\/\">Read More<\/a><\/p>\n","protected":false},"author":417,"featured_media":0,"parent":0,"menu_order":4,"comment_status":"closed","ping_status":"closed","template":"","meta":{"_acf_changed":false,"footnotes":""},"class_list":["post-8","page","type-page","status-publish","hentry"],"acf":[],"yoast_head":"<!-- This site is optimized with the Yoast SEO plugin v27.4 - https:\/\/yoast.com\/product\/yoast-seo-wordpress\/ -->\n<title>Kontakta oss - i Kalmar l\u00e4n<\/title>\n<meta name=\"robots\" content=\"index, follow, max-snippet:-1, max-image-preview:large, max-video-preview:-1\" \/>\n<link rel=\"canonical\" href=\"https:\/\/wp.kristdemokraterna.se\/kalmarlan\/kontakta-oss\/\" \/>\n<meta property=\"og:locale\" content=\"sv_SE\" \/>\n<meta property=\"og:type\" content=\"article\" \/>\n<meta property=\"og:title\" content=\"Kontakta oss - i Kalmar l\u00e4n\" \/>\n<meta property=\"og:description\" content=\"Kansliet i Kalmar Kristdemokraterna i Kalmar l\u00e4n Adress: Tr\u00e4dg\u00e5rdsgatan 12, 392 49 Kalmar Tele: 0480-279 50 E-post: kalmar@kristdemokraterna.se Madeleine Rosenqvist, Ombudsman Tel. 070-221 14 87 E-post: madeleine.rosenqvist@kristdemokraterna.se Bj\u00f6rn \u00d6stman, Ombudsman och sekreterare Tel. 070-567 89 13 E-post: bjorn.ostman@kristdemokraterna.se Karl-Gustav Kyrk, Kass\u00f6r Tel. 070-647 81 18 E-post: karl-gustav.kyrk@kristdemokraterna.se Sebastian Hall\u00e9n, politisk sekreterare Region Kalmar l\u00e4n Tel. Read More\" \/>\n<meta property=\"og:url\" content=\"https:\/\/wp.kristdemokraterna.se\/kalmarlan\/kontakta-oss\/\" \/>\n<meta property=\"og:site_name\" content=\"i Kalmar l\u00e4n\" \/>\n<meta property=\"article:modified_time\" content=\"2023-08-26T08:54:02+00:00\" \/>\n<meta name=\"twitter:card\" content=\"summary_large_image\" \/>\n<meta name=\"twitter:label1\" content=\"Ber\u00e4knad l\u00e4stid\" \/>\n\t<meta name=\"twitter:data1\" content=\"1 minut\" \/>\n<script type=\"application\/ld+json\" class=\"yoast-schema-graph\">{\"@context\":\"https:\\\/\\\/schema.org\",\"@graph\":[{\"@type\":\"WebPage\",\"@id\":\"https:\\\/\\\/wp.kristdemokraterna.se\\\/kalmarlan\\\/kontakta-oss\\\/\",\"url\":\"https:\\\/\\\/wp.kristdemokraterna.se\\\/kalmarlan\\\/kontakta-oss\\\/\",\"name\":\"Kontakta oss - i Kalmar l\u00e4n\",\"isPartOf\":{\"@id\":\"https:\\\/\\\/wp.kristdemokraterna.se\\\/kalmarlan\\\/#website\"},\"datePublished\":\"2012-11-19T14:56:50+00:00\",\"dateModified\":\"2023-08-26T08:54:02+00:00\",\"breadcrumb\":{\"@id\":\"https:\\\/\\\/wp.kristdemokraterna.se\\\/kalmarlan\\\/kontakta-oss\\\/#breadcrumb\"},\"inLanguage\":\"sv-SE\",\"potentialAction\":[{\"@type\":\"ReadAction\",\"target\":[\"https:\\\/\\\/wp.kristdemokraterna.se\\\/kalmarlan\\\/kontakta-oss\\\/\"]}]},{\"@type\":\"BreadcrumbList\",\"@id\":\"https:\\\/\\\/wp.kristdemokraterna.se\\\/kalmarlan\\\/kontakta-oss\\\/#breadcrumb\",\"itemListElement\":[{\"@type\":\"ListItem\",\"position\":1,\"name\":\"Hem\",\"item\":\"https:\\\/\\\/wp.kristdemokraterna.se\\\/kalmarlan\\\/\"},{\"@type\":\"ListItem\",\"position\":2,\"name\":\"Kontakta oss\"}]},{\"@type\":\"WebSite\",\"@id\":\"https:\\\/\\\/wp.kristdemokraterna.se\\\/kalmarlan\\\/#website\",\"url\":\"https:\\\/\\\/wp.kristdemokraterna.se\\\/kalmarlan\\\/\",\"name\":\"i Kalmar l\u00e4n\",\"description\":\"\",\"inLanguage\":\"sv-SE\"}]}<\/script>\n<!-- \/ Yoast SEO plugin. -->","yoast_head_json":{"title":"Kontakta oss - i Kalmar l\u00e4n","robots":{"index":"index","follow":"follow","max-snippet":"max-snippet:-1","max-image-preview":"max-image-preview:large","max-video-preview":"max-video-preview:-1"},"canonical":"https:\/\/wp.kristdemokraterna.se\/kalmarlan\/kontakta-oss\/","og_locale":"sv_SE","og_type":"article","og_title":"Kontakta oss - i Kalmar l\u00e4n","og_description":"Kansliet i Kalmar Kristdemokraterna i Kalmar l\u00e4n Adress: Tr\u00e4dg\u00e5rdsgatan 12, 392 49 Kalmar Tele: 0480-279 50 E-post: kalmar@kristdemokraterna.se Madeleine Rosenqvist, Ombudsman Tel. 070-221 14 87 E-post: madeleine.rosenqvist@kristdemokraterna.se Bj\u00f6rn \u00d6stman, Ombudsman och sekreterare Tel. 070-567 89 13 E-post: bjorn.ostman@kristdemokraterna.se Karl-Gustav Kyrk, Kass\u00f6r Tel. 070-647 81 18 E-post: karl-gustav.kyrk@kristdemokraterna.se Sebastian Hall\u00e9n, politisk sekreterare Region Kalmar l\u00e4n Tel. Read More","og_url":"https:\/\/wp.kristdemokraterna.se\/kalmarlan\/kontakta-oss\/","og_site_name":"i Kalmar l\u00e4n","article_modified_time":"2023-08-26T08:54:02+00:00","twitter_card":"summary_large_image","twitter_misc":{"Ber\u00e4knad l\u00e4stid":"1 minut"},"schema":{"@context":"https:\/\/schema.org","@graph":[{"@type":"WebPage","@id":"https:\/\/wp.kristdemokraterna.se\/kalmarlan\/kontakta-oss\/","url":"https:\/\/wp.kristdemokraterna.se\/kalmarlan\/kontakta-oss\/","name":"Kontakta oss - i Kalmar l\u00e4n","isPartOf":{"@id":"https:\/\/wp.kristdemokraterna.se\/kalmarlan\/#website"},"datePublished":"2012-11-19T14:56:50+00:00","dateModified":"2023-08-26T08:54:02+00:00","breadcrumb":{"@id":"https:\/\/wp.kristdemokraterna.se\/kalmarlan\/kontakta-oss\/#breadcrumb"},"inLanguage":"sv-SE","potentialAction":[{"@type":"ReadAction","target":["https:\/\/wp.kristdemokraterna.se\/kalmarlan\/kontakta-oss\/"]}]},{"@type":"BreadcrumbList","@id":"https:\/\/wp.kristdemokraterna.se\/kalmarlan\/kontakta-oss\/#breadcrumb","itemListElement":[{"@type":"ListItem","position":1,"name":"Hem","item":"https:\/\/wp.kristdemokraterna.se\/kalmarlan\/"},{"@type":"ListItem","position":2,"name":"Kontakta oss"}]},{"@type":"WebSite","@id":"https:\/\/wp.kristdemokraterna.se\/kalmarlan\/#website","url":"https:\/\/wp.kristdemokraterna.se\/kalmarlan\/","name":"i Kalmar l\u00e4n","description":"","inLanguage":"sv-SE"}]}},"_links":{"self":[{"href":"https:\/\/wp.kristdemokraterna.se\/kalmarlan\/wp-json\/wp\/v2\/pages\/8","targetHints":{"allow":["GET"]}}],"collection":[{"href":"https:\/\/wp.kristdemokraterna.se\/kalmarlan\/wp-json\/wp\/v2\/pages"}],"about":[{"href":"https:\/\/wp.kristdemokraterna.se\/kalmarlan\/wp-json\/wp\/v2\/types\/page"}],"author":[{"embeddable":true,"href":"https:\/\/wp.kristdemokraterna.se\/kalmarlan\/wp-json\/wp\/v2\/users\/417"}],"replies":[{"embeddable":true,"href":"https:\/\/wp.kristdemokraterna.se\/kalmarlan\/wp-json\/wp\/v2\/comments?post=8"}],"version-history":[{"count":38,"href":"https:\/\/wp.kristdemokraterna.se\/kalmarlan\/wp-json\/wp\/v2\/pages\/8\/revisions"}],"predecessor-version":[{"id":873,"href":"https:\/\/wp.kristdemokraterna.se\/kalmarlan\/wp-json\/wp\/v2\/pages\/8\/revisions\/873"}],"wp:attachment":[{"href":"https:\/\/wp.kristdemokraterna.se\/kalmarlan\/wp-json\/wp\/v2\/media?parent=8"}],"curies":[{"name":"wp","href":"https:\/\/api.w.org\/{rel}","templated":true}]}}