{"id":342,"date":"2017-11-30T15:21:10","date_gmt":"2017-11-30T14:21:10","guid":{"rendered":"http:\/\/wp.kristdemokraterna.se\/karlsborg\/?page_id=342"},"modified":"2021-03-14T20:54:59","modified_gmt":"2021-03-14T19:54:59","slug":"i-var-kommun","status":"publish","type":"page","link":"https:\/\/wp.kristdemokraterna.se\/karlsborg\/i-var-kommun\/","title":{"rendered":"Vad vill vi i v\u00e5r kommun"},"content":{"rendered":"<p>V\u00e5ra beslut utg\u00e5r alltid utifr\u00e5n kommunens b\u00e4sta.<\/p>\n<p>\u00c4ldrev\u00e5rden, familjen och f\u00f6retagande \u00e4r v\u00e5ra k\u00e4rnfr\u00e5gor.<\/p>\n<p>Inte en enda skattekrona skall g\u00e5 till spillo.<\/p>\n<p>&nbsp;<\/p>\n","protected":false},"excerpt":{"rendered":"<p>V\u00e5ra beslut utg\u00e5r alltid utifr\u00e5n kommunens b\u00e4sta. \u00c4ldrev\u00e5rden, familjen och f\u00f6retagande \u00e4r v\u00e5ra k\u00e4rnfr\u00e5gor. Inte en enda skattekrona skall g\u00e5 till spillo. &nbsp;<\/p>\n","protected":false},"author":847,"featured_media":0,"parent":0,"menu_order":0,"comment_status":"closed","ping_status":"closed","template":"page.php","meta":{"_acf_changed":false,"footnotes":""},"class_list":["post-342","page","type-page","status-publish","hentry"],"acf":[],"yoast_head":"<!-- This site is optimized with the Yoast SEO plugin v27.4 - https:\/\/yoast.com\/product\/yoast-seo-wordpress\/ -->\n<title>Vad vill vi i v\u00e5r kommun - Kristdemokraterna | Karlsborg<\/title>\n<meta name=\"description\" content=\"V\u00e5ra beslut utg\u00e5r alltid utifr\u00e5n kommunens b\u00e4sta. \u00c4ldrev\u00e5rden, milj\u00f6 och f\u00f6retagande \u00e4r v\u00e5ra k\u00e4rnfr\u00e5gor.\" \/>\n<meta name=\"robots\" content=\"index, follow, max-snippet:-1, max-image-preview:large, max-video-preview:-1\" \/>\n<link rel=\"canonical\" href=\"https:\/\/wp.kristdemokraterna.se\/karlsborg\/i-var-kommun\/\" \/>\n<meta property=\"og:locale\" content=\"sv_SE\" \/>\n<meta property=\"og:type\" content=\"article\" \/>\n<meta property=\"og:title\" content=\"Vad vill vi i v\u00e5r kommun - Kristdemokraterna | Karlsborg\" \/>\n<meta property=\"og:description\" content=\"V\u00e5ra beslut utg\u00e5r alltid utifr\u00e5n kommunens b\u00e4sta. \u00c4ldrev\u00e5rden, milj\u00f6 och f\u00f6retagande \u00e4r v\u00e5ra k\u00e4rnfr\u00e5gor.\" \/>\n<meta property=\"og:url\" content=\"https:\/\/wp.kristdemokraterna.se\/karlsborg\/i-var-kommun\/\" \/>\n<meta property=\"og:site_name\" content=\"Kristdemokraterna | Karlsborg\" \/>\n<meta property=\"article:modified_time\" content=\"2021-03-14T19:54:59+00:00\" \/>\n<meta name=\"twitter:card\" content=\"summary_large_image\" \/>\n<meta name=\"twitter:label1\" content=\"Ber\u00e4knad l\u00e4stid\" \/>\n\t<meta name=\"twitter:data1\" content=\"1 minut\" \/>\n<script type=\"application\/ld+json\" class=\"yoast-schema-graph\">{\"@context\":\"https:\\\/\\\/schema.org\",\"@graph\":[{\"@type\":\"WebPage\",\"@id\":\"https:\\\/\\\/wp.kristdemokraterna.se\\\/karlsborg\\\/i-var-kommun\\\/\",\"url\":\"https:\\\/\\\/wp.kristdemokraterna.se\\\/karlsborg\\\/i-var-kommun\\\/\",\"name\":\"Vad vill vi i v\u00e5r kommun - Kristdemokraterna | Karlsborg\",\"isPartOf\":{\"@id\":\"https:\\\/\\\/wp.kristdemokraterna.se\\\/karlsborg\\\/#website\"},\"datePublished\":\"2017-11-30T14:21:10+00:00\",\"dateModified\":\"2021-03-14T19:54:59+00:00\",\"description\":\"V\u00e5ra beslut utg\u00e5r alltid utifr\u00e5n kommunens b\u00e4sta. \u00c4ldrev\u00e5rden, milj\u00f6 och f\u00f6retagande \u00e4r v\u00e5ra k\u00e4rnfr\u00e5gor.\",\"breadcrumb\":{\"@id\":\"https:\\\/\\\/wp.kristdemokraterna.se\\\/karlsborg\\\/i-var-kommun\\\/#breadcrumb\"},\"inLanguage\":\"sv-SE\",\"potentialAction\":[{\"@type\":\"ReadAction\",\"target\":[\"https:\\\/\\\/wp.kristdemokraterna.se\\\/karlsborg\\\/i-var-kommun\\\/\"]}]},{\"@type\":\"BreadcrumbList\",\"@id\":\"https:\\\/\\\/wp.kristdemokraterna.se\\\/karlsborg\\\/i-var-kommun\\\/#breadcrumb\",\"itemListElement\":[{\"@type\":\"ListItem\",\"position\":1,\"name\":\"Hem\",\"item\":\"https:\\\/\\\/wp.kristdemokraterna.se\\\/karlsborg\\\/\"},{\"@type\":\"ListItem\",\"position\":2,\"name\":\"Vad vill vi i v\u00e5r kommun\"}]},{\"@type\":\"WebSite\",\"@id\":\"https:\\\/\\\/wp.kristdemokraterna.se\\\/karlsborg\\\/#website\",\"url\":\"https:\\\/\\\/wp.kristdemokraterna.se\\\/karlsborg\\\/\",\"name\":\"Kristdemokraterna | Karlsborg\",\"description\":\"En till Kristdemokraterna webbplats\",\"inLanguage\":\"sv-SE\"}]}<\/script>\n<!-- \/ Yoast SEO plugin. -->","yoast_head_json":{"title":"Vad vill vi i v\u00e5r kommun - Kristdemokraterna | Karlsborg","description":"V\u00e5ra beslut utg\u00e5r alltid utifr\u00e5n kommunens b\u00e4sta. \u00c4ldrev\u00e5rden, milj\u00f6 och f\u00f6retagande \u00e4r v\u00e5ra k\u00e4rnfr\u00e5gor.","robots":{"index":"index","follow":"follow","max-snippet":"max-snippet:-1","max-image-preview":"max-image-preview:large","max-video-preview":"max-video-preview:-1"},"canonical":"https:\/\/wp.kristdemokraterna.se\/karlsborg\/i-var-kommun\/","og_locale":"sv_SE","og_type":"article","og_title":"Vad vill vi i v\u00e5r kommun - Kristdemokraterna | Karlsborg","og_description":"V\u00e5ra beslut utg\u00e5r alltid utifr\u00e5n kommunens b\u00e4sta. \u00c4ldrev\u00e5rden, milj\u00f6 och f\u00f6retagande \u00e4r v\u00e5ra k\u00e4rnfr\u00e5gor.","og_url":"https:\/\/wp.kristdemokraterna.se\/karlsborg\/i-var-kommun\/","og_site_name":"Kristdemokraterna | Karlsborg","article_modified_time":"2021-03-14T19:54:59+00:00","twitter_card":"summary_large_image","twitter_misc":{"Ber\u00e4knad l\u00e4stid":"1 minut"},"schema":{"@context":"https:\/\/schema.org","@graph":[{"@type":"WebPage","@id":"https:\/\/wp.kristdemokraterna.se\/karlsborg\/i-var-kommun\/","url":"https:\/\/wp.kristdemokraterna.se\/karlsborg\/i-var-kommun\/","name":"Vad vill vi i v\u00e5r kommun - Kristdemokraterna | Karlsborg","isPartOf":{"@id":"https:\/\/wp.kristdemokraterna.se\/karlsborg\/#website"},"datePublished":"2017-11-30T14:21:10+00:00","dateModified":"2021-03-14T19:54:59+00:00","description":"V\u00e5ra beslut utg\u00e5r alltid utifr\u00e5n kommunens b\u00e4sta. \u00c4ldrev\u00e5rden, milj\u00f6 och f\u00f6retagande \u00e4r v\u00e5ra k\u00e4rnfr\u00e5gor.","breadcrumb":{"@id":"https:\/\/wp.kristdemokraterna.se\/karlsborg\/i-var-kommun\/#breadcrumb"},"inLanguage":"sv-SE","potentialAction":[{"@type":"ReadAction","target":["https:\/\/wp.kristdemokraterna.se\/karlsborg\/i-var-kommun\/"]}]},{"@type":"BreadcrumbList","@id":"https:\/\/wp.kristdemokraterna.se\/karlsborg\/i-var-kommun\/#breadcrumb","itemListElement":[{"@type":"ListItem","position":1,"name":"Hem","item":"https:\/\/wp.kristdemokraterna.se\/karlsborg\/"},{"@type":"ListItem","position":2,"name":"Vad vill vi i v\u00e5r kommun"}]},{"@type":"WebSite","@id":"https:\/\/wp.kristdemokraterna.se\/karlsborg\/#website","url":"https:\/\/wp.kristdemokraterna.se\/karlsborg\/","name":"Kristdemokraterna | Karlsborg","description":"En till Kristdemokraterna webbplats","inLanguage":"sv-SE"}]}},"_links":{"self":[{"href":"https:\/\/wp.kristdemokraterna.se\/karlsborg\/wp-json\/wp\/v2\/pages\/342","targetHints":{"allow":["GET"]}}],"collection":[{"href":"https:\/\/wp.kristdemokraterna.se\/karlsborg\/wp-json\/wp\/v2\/pages"}],"about":[{"href":"https:\/\/wp.kristdemokraterna.se\/karlsborg\/wp-json\/wp\/v2\/types\/page"}],"author":[{"embeddable":true,"href":"https:\/\/wp.kristdemokraterna.se\/karlsborg\/wp-json\/wp\/v2\/users\/847"}],"replies":[{"embeddable":true,"href":"https:\/\/wp.kristdemokraterna.se\/karlsborg\/wp-json\/wp\/v2\/comments?post=342"}],"version-history":[{"count":5,"href":"https:\/\/wp.kristdemokraterna.se\/karlsborg\/wp-json\/wp\/v2\/pages\/342\/revisions"}],"predecessor-version":[{"id":521,"href":"https:\/\/wp.kristdemokraterna.se\/karlsborg\/wp-json\/wp\/v2\/pages\/342\/revisions\/521"}],"wp:attachment":[{"href":"https:\/\/wp.kristdemokraterna.se\/karlsborg\/wp-json\/wp\/v2\/media?parent=342"}],"curies":[{"name":"wp","href":"https:\/\/api.w.org\/{rel}","templated":true}]}}