{"id":352,"date":"2017-12-01T09:56:02","date_gmt":"2017-12-01T08:56:02","guid":{"rendered":"http:\/\/wp.kristdemokraterna.se\/karlsborg\/?page_id=352"},"modified":"2021-03-14T21:18:50","modified_gmt":"2021-03-14T20:18:50","slug":"styrelse-politiker","status":"publish","type":"page","link":"https:\/\/wp.kristdemokraterna.se\/karlsborg\/styrelse-politiker\/","title":{"rendered":"Kontakta oss!"},"content":{"rendered":"<h2><strong>Partiavdelningsstyrelse<\/strong><\/h2>\n<p>Ingvar K\u00e4rrsmyr<br \/>\nPartiavdelningsordf\u00f6rande<\/p>\n<p>Patrik Holm<br \/>\n1:e vice partiavdelningsordf\u00f6rande<\/p>\n<p>Barbro Bj\u00f6rklund<br \/>\nPartiavdelningsstyrelseledamot<\/p>\n<p>Gregor Allert<br \/>\nPartiavdelningsstyrelseledamot<\/p>\n<h2><a href=\"https:\/\/www.facebook.com\/kdkarlsborg\">https:\/\/www.facebook.com\/kdkarlsborg<\/a><\/h2>\n<p>Ingvar K\u00e4rrsmyr<br \/>\nKommunfullm\u00e4ktige, gruppledare<\/p>\n<p>Barbro Bj\u00f6rklund<br \/>\nSocialn\u00e4mnden\u00a0 ordinarie<\/p>\n<p>Patrik Holm<br \/>\nKultur och fritid\u00a0 ers\u00e4ttare<\/p>\n<p>Niklas Johansson<br \/>\nKommunfullm\u00e4ktige, ers\u00e4ttare<\/p>\n<p>Gregor Allert<br \/>\nByggnadsn\u00e4mnden\u00a0 ers\u00e4ttare<\/p>\n<p>&nbsp;<\/p>\n","protected":false},"excerpt":{"rendered":"<p>Partiavdelningsstyrelse Ingvar K\u00e4rrsmyr Partiavdelningsordf\u00f6rande Patrik Holm 1:e vice partiavdelningsordf\u00f6rande Barbro Bj\u00f6rklund Partiavdelningsstyrelseledamot Gregor Allert Partiavdelningsstyrelseledamot https:\/\/www.facebook.com\/kdkarlsborg Ingvar K\u00e4rrsmyr Kommunfullm\u00e4ktige, gruppledare Barbro Bj\u00f6rklund Socialn\u00e4mnden\u00a0 ordinarie Patrik Holm Kultur och fritid\u00a0 ers\u00e4ttare Niklas Johansson Kommunfullm\u00e4ktige, ers\u00e4ttare Gregor Allert Byggnadsn\u00e4mnden\u00a0 ers\u00e4ttare &nbsp;<\/p>\n","protected":false},"author":847,"featured_media":0,"parent":0,"menu_order":0,"comment_status":"closed","ping_status":"closed","template":"page.php","meta":{"_acf_changed":false,"footnotes":""},"class_list":["post-352","page","type-page","status-publish","hentry"],"acf":[],"yoast_head":"<!-- This site is optimized with the Yoast SEO plugin v27.4 - https:\/\/yoast.com\/product\/yoast-seo-wordpress\/ -->\n<title>Kontakta oss! - Kristdemokraterna | Karlsborg<\/title>\n<meta name=\"robots\" content=\"index, follow, max-snippet:-1, max-image-preview:large, max-video-preview:-1\" \/>\n<link rel=\"canonical\" href=\"https:\/\/wp.kristdemokraterna.se\/karlsborg\/styrelse-politiker\/\" \/>\n<meta property=\"og:locale\" content=\"sv_SE\" \/>\n<meta property=\"og:type\" content=\"article\" \/>\n<meta property=\"og:title\" content=\"Kontakta oss! - Kristdemokraterna | Karlsborg\" \/>\n<meta property=\"og:description\" content=\"Partiavdelningsstyrelse Ingvar K\u00e4rrsmyr Partiavdelningsordf\u00f6rande Patrik Holm 1:e vice partiavdelningsordf\u00f6rande Barbro Bj\u00f6rklund Partiavdelningsstyrelseledamot Gregor Allert Partiavdelningsstyrelseledamot https:\/\/www.facebook.com\/kdkarlsborg Ingvar K\u00e4rrsmyr Kommunfullm\u00e4ktige, gruppledare Barbro Bj\u00f6rklund Socialn\u00e4mnden\u00a0 ordinarie Patrik Holm Kultur och fritid\u00a0 ers\u00e4ttare Niklas Johansson Kommunfullm\u00e4ktige, ers\u00e4ttare Gregor Allert Byggnadsn\u00e4mnden\u00a0 ers\u00e4ttare &nbsp;\" \/>\n<meta property=\"og:url\" content=\"https:\/\/wp.kristdemokraterna.se\/karlsborg\/styrelse-politiker\/\" \/>\n<meta property=\"og:site_name\" content=\"Kristdemokraterna | Karlsborg\" \/>\n<meta property=\"article:modified_time\" content=\"2021-03-14T20:18:50+00:00\" \/>\n<meta name=\"twitter:card\" content=\"summary_large_image\" \/>\n<meta name=\"twitter:label1\" content=\"Ber\u00e4knad l\u00e4stid\" \/>\n\t<meta name=\"twitter:data1\" content=\"1 minut\" \/>\n<script type=\"application\/ld+json\" class=\"yoast-schema-graph\">{\"@context\":\"https:\\\/\\\/schema.org\",\"@graph\":[{\"@type\":\"WebPage\",\"@id\":\"https:\\\/\\\/wp.kristdemokraterna.se\\\/karlsborg\\\/styrelse-politiker\\\/\",\"url\":\"https:\\\/\\\/wp.kristdemokraterna.se\\\/karlsborg\\\/styrelse-politiker\\\/\",\"name\":\"Kontakta oss! - Kristdemokraterna | Karlsborg\",\"isPartOf\":{\"@id\":\"https:\\\/\\\/wp.kristdemokraterna.se\\\/karlsborg\\\/#website\"},\"datePublished\":\"2017-12-01T08:56:02+00:00\",\"dateModified\":\"2021-03-14T20:18:50+00:00\",\"breadcrumb\":{\"@id\":\"https:\\\/\\\/wp.kristdemokraterna.se\\\/karlsborg\\\/styrelse-politiker\\\/#breadcrumb\"},\"inLanguage\":\"sv-SE\",\"potentialAction\":[{\"@type\":\"ReadAction\",\"target\":[\"https:\\\/\\\/wp.kristdemokraterna.se\\\/karlsborg\\\/styrelse-politiker\\\/\"]}]},{\"@type\":\"BreadcrumbList\",\"@id\":\"https:\\\/\\\/wp.kristdemokraterna.se\\\/karlsborg\\\/styrelse-politiker\\\/#breadcrumb\",\"itemListElement\":[{\"@type\":\"ListItem\",\"position\":1,\"name\":\"Hem\",\"item\":\"https:\\\/\\\/wp.kristdemokraterna.se\\\/karlsborg\\\/\"},{\"@type\":\"ListItem\",\"position\":2,\"name\":\"Kontakta oss!\"}]},{\"@type\":\"WebSite\",\"@id\":\"https:\\\/\\\/wp.kristdemokraterna.se\\\/karlsborg\\\/#website\",\"url\":\"https:\\\/\\\/wp.kristdemokraterna.se\\\/karlsborg\\\/\",\"name\":\"Kristdemokraterna | Karlsborg\",\"description\":\"En till Kristdemokraterna webbplats\",\"inLanguage\":\"sv-SE\"}]}<\/script>\n<!-- \/ Yoast SEO plugin. -->","yoast_head_json":{"title":"Kontakta oss! - Kristdemokraterna | Karlsborg","robots":{"index":"index","follow":"follow","max-snippet":"max-snippet:-1","max-image-preview":"max-image-preview:large","max-video-preview":"max-video-preview:-1"},"canonical":"https:\/\/wp.kristdemokraterna.se\/karlsborg\/styrelse-politiker\/","og_locale":"sv_SE","og_type":"article","og_title":"Kontakta oss! - Kristdemokraterna | Karlsborg","og_description":"Partiavdelningsstyrelse Ingvar K\u00e4rrsmyr Partiavdelningsordf\u00f6rande Patrik Holm 1:e vice partiavdelningsordf\u00f6rande Barbro Bj\u00f6rklund Partiavdelningsstyrelseledamot Gregor Allert Partiavdelningsstyrelseledamot https:\/\/www.facebook.com\/kdkarlsborg Ingvar K\u00e4rrsmyr Kommunfullm\u00e4ktige, gruppledare Barbro Bj\u00f6rklund Socialn\u00e4mnden\u00a0 ordinarie Patrik Holm Kultur och fritid\u00a0 ers\u00e4ttare Niklas Johansson Kommunfullm\u00e4ktige, ers\u00e4ttare Gregor Allert Byggnadsn\u00e4mnden\u00a0 ers\u00e4ttare &nbsp;","og_url":"https:\/\/wp.kristdemokraterna.se\/karlsborg\/styrelse-politiker\/","og_site_name":"Kristdemokraterna | Karlsborg","article_modified_time":"2021-03-14T20:18:50+00:00","twitter_card":"summary_large_image","twitter_misc":{"Ber\u00e4knad l\u00e4stid":"1 minut"},"schema":{"@context":"https:\/\/schema.org","@graph":[{"@type":"WebPage","@id":"https:\/\/wp.kristdemokraterna.se\/karlsborg\/styrelse-politiker\/","url":"https:\/\/wp.kristdemokraterna.se\/karlsborg\/styrelse-politiker\/","name":"Kontakta oss! - Kristdemokraterna | Karlsborg","isPartOf":{"@id":"https:\/\/wp.kristdemokraterna.se\/karlsborg\/#website"},"datePublished":"2017-12-01T08:56:02+00:00","dateModified":"2021-03-14T20:18:50+00:00","breadcrumb":{"@id":"https:\/\/wp.kristdemokraterna.se\/karlsborg\/styrelse-politiker\/#breadcrumb"},"inLanguage":"sv-SE","potentialAction":[{"@type":"ReadAction","target":["https:\/\/wp.kristdemokraterna.se\/karlsborg\/styrelse-politiker\/"]}]},{"@type":"BreadcrumbList","@id":"https:\/\/wp.kristdemokraterna.se\/karlsborg\/styrelse-politiker\/#breadcrumb","itemListElement":[{"@type":"ListItem","position":1,"name":"Hem","item":"https:\/\/wp.kristdemokraterna.se\/karlsborg\/"},{"@type":"ListItem","position":2,"name":"Kontakta oss!"}]},{"@type":"WebSite","@id":"https:\/\/wp.kristdemokraterna.se\/karlsborg\/#website","url":"https:\/\/wp.kristdemokraterna.se\/karlsborg\/","name":"Kristdemokraterna | Karlsborg","description":"En till Kristdemokraterna webbplats","inLanguage":"sv-SE"}]}},"_links":{"self":[{"href":"https:\/\/wp.kristdemokraterna.se\/karlsborg\/wp-json\/wp\/v2\/pages\/352","targetHints":{"allow":["GET"]}}],"collection":[{"href":"https:\/\/wp.kristdemokraterna.se\/karlsborg\/wp-json\/wp\/v2\/pages"}],"about":[{"href":"https:\/\/wp.kristdemokraterna.se\/karlsborg\/wp-json\/wp\/v2\/types\/page"}],"author":[{"embeddable":true,"href":"https:\/\/wp.kristdemokraterna.se\/karlsborg\/wp-json\/wp\/v2\/users\/847"}],"replies":[{"embeddable":true,"href":"https:\/\/wp.kristdemokraterna.se\/karlsborg\/wp-json\/wp\/v2\/comments?post=352"}],"version-history":[{"count":6,"href":"https:\/\/wp.kristdemokraterna.se\/karlsborg\/wp-json\/wp\/v2\/pages\/352\/revisions"}],"predecessor-version":[{"id":524,"href":"https:\/\/wp.kristdemokraterna.se\/karlsborg\/wp-json\/wp\/v2\/pages\/352\/revisions\/524"}],"wp:attachment":[{"href":"https:\/\/wp.kristdemokraterna.se\/karlsborg\/wp-json\/wp\/v2\/media?parent=352"}],"curies":[{"name":"wp","href":"https:\/\/api.w.org\/{rel}","templated":true}]}}

<h2><strong>Partiavdelningsstyrelse</strong></h2>
<p>Ingvar Kärrsmyr<br />
Partiavdelningsordförande</p>
<p>Patrik Holm<br />
1:e vice partiavdelningsordförande</p>
<p>Barbro Björklund<br />
Partiavdelningsstyrelseledamot</p>
<p>Gregor Allert<br />
Partiavdelningsstyrelseledamot</p>
<h2><a href="https://www.facebook.com/kdkarlsborg">https://www.facebook.com/kdkarlsborg</a></h2>
<p>Ingvar Kärrsmyr<br />
Kommunfullmäktige, gruppledare</p>
<p>Barbro Björklund<br />
Socialnämnden  ordinarie</p>
<p>Patrik Holm<br />
Kultur och fritid  ersättare</p>
<p>Niklas Johansson<br />
Kommunfullmäktige, ersättare</p>
<p>Gregor Allert<br />
Byggnadsnämnden  ersättare</p>
<p>&nbsp;</p>

<p>Partiavdelningsstyrelse Ingvar Kärrsmyr Partiavdelningsordförande Patrik Holm 1:e vice partiavdelningsordförande Barbro Björklund Partiavdelningsstyrelseledamot Gregor Allert Partiavdelningsstyrelseledamot https://www.facebook.com/kdkarlsborg Ingvar Kärrsmyr Kommunfullmäktige, gruppledare Barbro Björklund Socialnämnden  ordinarie Patrik Holm Kultur och fritid  ersättare Niklas Johansson Kommunfullmäktige, ersättare Gregor Allert Byggnadsnämnden  ersättare &nbsp;</p>

<!-- This site is optimized with the Yoast SEO plugin v27.4 - https://yoast.com/product/yoast-seo-wordpress/ -->
<title>Kontakta oss! - Kristdemokraterna | Karlsborg</title>
<meta name="robots" content="index, follow, max-snippet:-1, max-image-preview:large, max-video-preview:-1" />
<link rel="canonical" href="https://wp.kristdemokraterna.se/karlsborg/styrelse-politiker/" />
<meta property="og:locale" content="sv_SE" />
<meta property="og:type" content="article" />
<meta property="og:title" content="Kontakta oss! - Kristdemokraterna | Karlsborg" />
<meta property="og:description" content="Partiavdelningsstyrelse Ingvar Kärrsmyr Partiavdelningsordförande Patrik Holm 1:e vice partiavdelningsordförande Barbro Björklund Partiavdelningsstyrelseledamot Gregor Allert Partiavdelningsstyrelseledamot https://www.facebook.com/kdkarlsborg Ingvar Kärrsmyr Kommunfullmäktige, gruppledare Barbro Björklund Socialnämnden  ordinarie Patrik Holm Kultur och fritid  ersättare Niklas Johansson Kommunfullmäktige, ersättare Gregor Allert Byggnadsnämnden  ersättare &nbsp;" />
<meta property="og:url" content="https://wp.kristdemokraterna.se/karlsborg/styrelse-politiker/" />
<meta property="og:site_name" content="Kristdemokraterna | Karlsborg" />
<meta property="article:modified_time" content="2021-03-14T20:18:50+00:00" />
<meta name="twitter:card" content="summary_large_image" />
<meta name="twitter:label1" content="Beräknad lästid" />
	<meta name="twitter:data1" content="1 minut" />
<script type="application/ld+json" class="yoast-schema-graph">{"@context":"https:\/\/schema.org","@graph":[{"@type":"WebPage","@id":"https:\/\/wp.kristdemokraterna.se\/karlsborg\/styrelse-politiker\/","url":"https:\/\/wp.kristdemokraterna.se\/karlsborg\/styrelse-politiker\/","name":"Kontakta oss! - Kristdemokraterna | Karlsborg","isPartOf":{"@id":"https:\/\/wp.kristdemokraterna.se\/karlsborg\/#website"},"datePublished":"2017-12-01T08:56:02+00:00","dateModified":"2021-03-14T20:18:50+00:00","breadcrumb":{"@id":"https:\/\/wp.kristdemokraterna.se\/karlsborg\/styrelse-politiker\/#breadcrumb"},"inLanguage":"sv-SE","potentialAction":[{"@type":"ReadAction","target":["https:\/\/wp.kristdemokraterna.se\/karlsborg\/styrelse-politiker\/"]}]},{"@type":"BreadcrumbList","@id":"https:\/\/wp.kristdemokraterna.se\/karlsborg\/styrelse-politiker\/#breadcrumb","itemListElement":[{"@type":"ListItem","position":1,"name":"Hem","item":"https:\/\/wp.kristdemokraterna.se\/karlsborg\/"},{"@type":"ListItem","position":2,"name":"Kontakta oss!"}]},{"@type":"WebSite","@id":"https:\/\/wp.kristdemokraterna.se\/karlsborg\/#website","url":"https:\/\/wp.kristdemokraterna.se\/karlsborg\/","name":"Kristdemokraterna | Karlsborg","description":"En till Kristdemokraterna webbplats","inLanguage":"sv-SE"}]}</script>
<!-- / Yoast SEO plugin. -->

Partiavdelningsstyrelse Ingvar Kärrsmyr Partiavdelningsordförande Patrik Holm 1:e vice partiavdelningsordförande Barbro Björklund Partiavdelningsstyrelseledamot Gregor Allert Partiavdelningsstyrelseledamot https://www.facebook.com/kdkarlsborg Ingvar Kärrsmyr Kommunfullmäktige, gruppledare Barbro Björklund Socialnämnden  ordinarie Patrik Holm Kultur och fritid  ersättare Niklas Johansson Kommunfullmäktige, ersättare Gregor Allert Byggnadsnämnden  ersättare &nbsp;
