{"id":379,"date":"2026-02-15T21:23:25","date_gmt":"2026-02-15T20:23:25","guid":{"rendered":"https:\/\/wp.kristdemokraterna.se\/karlstad\/?page_id=379"},"modified":"2026-02-15T23:43:39","modified_gmt":"2026-02-15T22:43:39","slug":"kontakta-oss","status":"publish","type":"page","link":"https:\/\/wp.kristdemokraterna.se\/karlstad\/kontakta-oss\/","title":{"rendered":"Kontakta oss"},"content":{"rendered":"<h3><a href=\"http:\/\/wp.kristdemokraterna.se\/karlstad\/files\/2026\/02\/image.jpeg\"><img loading=\"lazy\" decoding=\"async\" class=\"alignnone size-full wp-image-423\" src=\"http:\/\/wp.kristdemokraterna.se\/karlstad\/files\/2026\/02\/image.jpeg\" alt=\"\" width=\"800\" height=\"342\" srcset=\"https:\/\/wp.kristdemokraterna.se\/karlstad\/files\/2026\/02\/image.jpeg 800w, https:\/\/wp.kristdemokraterna.se\/karlstad\/files\/2026\/02\/image-300x128.jpeg 300w, https:\/\/wp.kristdemokraterna.se\/karlstad\/files\/2026\/02\/image-768x328.jpeg 768w\" sizes=\"auto, (max-width: 800px) 100vw, 800px\" \/><\/a><\/h3>\n<h3><strong>Vi vill g\u00e4rna komma i kontakt med dig som vill veta mer om KD. V\u00e4lkommen att h\u00f6ra av dig!<\/strong><\/h3>\n<p>Maila oss p\u00e5 <a href=\"mailto:stockholm@kristdemokraterna.se\">karlstad@kristdemokraterna.se<\/a> s\u00e5 hj\u00e4lper vi dig att komma i kontakt med r\u00e4tt person. F\u00f6r mediaf\u00f6rfr\u00e5gningar, kontakta gruppledare Sarah Kullgren p\u00e5 nedan kontaktuppgifter.<\/p>\n<p><strong>Sarah Kullgren<\/strong>, <em>gruppledare KD Karlstad<\/em><br \/>\n<a href=\"mailto:Sarah.kullgren@kristdemokraterna.se\">sarah.kullgren@kristdemokraterna.se<\/a><\/p>\n<p><strong>P\u00e4r-Arne Claveroth,<\/strong> <em>partiavdelningsordf\u00f6rande<\/em><br \/>\n<a href=\"mailto:par-arne.claveroth@karlstad.se\">par-arne.claveroth@karlstad.se<\/a><\/p>\n<p><strong>Christoffer Andersson,<\/strong> <em>1:e vice partiavdelningsordf\u00f6rande<\/em><br \/>\n<a href=\"mailto:christoffer.andersson@kristdemokraterna.se\">christoffer.andersson@kristdemokraterna.se<\/a><\/p>\n<p><strong>Frida Bramstedt,<\/strong> <em>2:e vice partiavdelningsordf\u00f6rande<\/em><br \/>\n<a href=\"mailto:frida.bramstedt@kristdemokraterna.se\">frida.bramstedt@kristdemokraterna.se<\/a><\/p>\n","protected":false},"excerpt":{"rendered":"<p>Vi vill g\u00e4rna komma i kontakt med dig som vill veta mer om KD. V\u00e4lkommen att h\u00f6ra av dig! Maila oss p\u00e5 karlstad@kristdemokraterna.se s\u00e5 hj\u00e4lper vi dig att komma i kontakt med r\u00e4tt person. F\u00f6r mediaf\u00f6rfr\u00e5gningar, kontakta gruppledare Sarah Kullgren p\u00e5 nedan kontaktuppgifter. Sarah Kullgren, gruppledare KD Karlstad sarah.kullgren@kristdemokraterna.se P\u00e4r-Arne Claveroth, partiavdelningsordf\u00f6rande par-arne.claveroth@karlstad.se Christoffer Andersson, <a class=\"read-more-link\" href=\"https:\/\/wp.kristdemokraterna.se\/karlstad\/kontakta-oss\/\">Read More<\/a><\/p>\n","protected":false},"author":18,"featured_media":0,"parent":0,"menu_order":0,"comment_status":"closed","ping_status":"closed","template":"","meta":{"_acf_changed":false,"footnotes":""},"class_list":["post-379","page","type-page","status-publish","hentry"],"acf":[],"yoast_head":"<!-- This site is optimized with the Yoast SEO plugin v27.3 - https:\/\/yoast.com\/product\/yoast-seo-wordpress\/ -->\n<title>Kontakta oss - Karlstad<\/title>\n<meta name=\"robots\" content=\"index, follow, max-snippet:-1, max-image-preview:large, max-video-preview:-1\" \/>\n<link rel=\"canonical\" href=\"https:\/\/wp.kristdemokraterna.se\/karlstad\/kontakta-oss\/\" \/>\n<meta property=\"og:locale\" content=\"sv_SE\" \/>\n<meta property=\"og:type\" content=\"article\" \/>\n<meta property=\"og:title\" content=\"Kontakta oss - Karlstad\" \/>\n<meta property=\"og:description\" content=\"Vi vill g\u00e4rna komma i kontakt med dig som vill veta mer om KD. V\u00e4lkommen att h\u00f6ra av dig! Maila oss p\u00e5 karlstad@kristdemokraterna.se s\u00e5 hj\u00e4lper vi dig att komma i kontakt med r\u00e4tt person. F\u00f6r mediaf\u00f6rfr\u00e5gningar, kontakta gruppledare Sarah Kullgren p\u00e5 nedan kontaktuppgifter. Sarah Kullgren, gruppledare KD Karlstad sarah.kullgren@kristdemokraterna.se P\u00e4r-Arne Claveroth, partiavdelningsordf\u00f6rande par-arne.claveroth@karlstad.se Christoffer Andersson, Read More\" \/>\n<meta property=\"og:url\" content=\"https:\/\/wp.kristdemokraterna.se\/karlstad\/kontakta-oss\/\" \/>\n<meta property=\"og:site_name\" content=\"Karlstad\" \/>\n<meta property=\"article:modified_time\" content=\"2026-02-15T22:43:39+00:00\" \/>\n<meta property=\"og:image\" content=\"https:\/\/wp.kristdemokraterna.se\/karlstad\/files\/2026\/02\/image.jpeg\" \/>\n\t<meta property=\"og:image:width\" content=\"800\" \/>\n\t<meta property=\"og:image:height\" content=\"342\" \/>\n\t<meta property=\"og:image:type\" content=\"image\/jpeg\" \/>\n<meta name=\"twitter:card\" content=\"summary_large_image\" \/>\n<meta name=\"twitter:label1\" content=\"Ber\u00e4knad l\u00e4stid\" \/>\n\t<meta name=\"twitter:data1\" content=\"1 minut\" \/>\n<script type=\"application\/ld+json\" class=\"yoast-schema-graph\">{\"@context\":\"https:\\\/\\\/schema.org\",\"@graph\":[{\"@type\":\"WebPage\",\"@id\":\"https:\\\/\\\/wp.kristdemokraterna.se\\\/karlstad\\\/kontakta-oss\\\/\",\"url\":\"https:\\\/\\\/wp.kristdemokraterna.se\\\/karlstad\\\/kontakta-oss\\\/\",\"name\":\"Kontakta oss - Karlstad\",\"isPartOf\":{\"@id\":\"https:\\\/\\\/wp.kristdemokraterna.se\\\/karlstad\\\/#website\"},\"primaryImageOfPage\":{\"@id\":\"https:\\\/\\\/wp.kristdemokraterna.se\\\/karlstad\\\/kontakta-oss\\\/#primaryimage\"},\"image\":{\"@id\":\"https:\\\/\\\/wp.kristdemokraterna.se\\\/karlstad\\\/kontakta-oss\\\/#primaryimage\"},\"thumbnailUrl\":\"http:\\\/\\\/wp.kristdemokraterna.se\\\/karlstad\\\/files\\\/2026\\\/02\\\/image.jpeg\",\"datePublished\":\"2026-02-15T20:23:25+00:00\",\"dateModified\":\"2026-02-15T22:43:39+00:00\",\"breadcrumb\":{\"@id\":\"https:\\\/\\\/wp.kristdemokraterna.se\\\/karlstad\\\/kontakta-oss\\\/#breadcrumb\"},\"inLanguage\":\"sv-SE\",\"potentialAction\":[{\"@type\":\"ReadAction\",\"target\":[\"https:\\\/\\\/wp.kristdemokraterna.se\\\/karlstad\\\/kontakta-oss\\\/\"]}]},{\"@type\":\"ImageObject\",\"inLanguage\":\"sv-SE\",\"@id\":\"https:\\\/\\\/wp.kristdemokraterna.se\\\/karlstad\\\/kontakta-oss\\\/#primaryimage\",\"url\":\"http:\\\/\\\/wp.kristdemokraterna.se\\\/karlstad\\\/files\\\/2026\\\/02\\\/image.jpeg\",\"contentUrl\":\"http:\\\/\\\/wp.kristdemokraterna.se\\\/karlstad\\\/files\\\/2026\\\/02\\\/image.jpeg\"},{\"@type\":\"BreadcrumbList\",\"@id\":\"https:\\\/\\\/wp.kristdemokraterna.se\\\/karlstad\\\/kontakta-oss\\\/#breadcrumb\",\"itemListElement\":[{\"@type\":\"ListItem\",\"position\":1,\"name\":\"Hem\",\"item\":\"https:\\\/\\\/wp.kristdemokraterna.se\\\/karlstad\\\/\"},{\"@type\":\"ListItem\",\"position\":2,\"name\":\"Kontakta oss\"}]},{\"@type\":\"WebSite\",\"@id\":\"https:\\\/\\\/wp.kristdemokraterna.se\\\/karlstad\\\/#website\",\"url\":\"https:\\\/\\\/wp.kristdemokraterna.se\\\/karlstad\\\/\",\"name\":\"Karlstad\",\"description\":\"\",\"inLanguage\":\"sv-SE\"}]}<\/script>\n<!-- \/ Yoast SEO plugin. -->","yoast_head_json":{"title":"Kontakta oss - Karlstad","robots":{"index":"index","follow":"follow","max-snippet":"max-snippet:-1","max-image-preview":"max-image-preview:large","max-video-preview":"max-video-preview:-1"},"canonical":"https:\/\/wp.kristdemokraterna.se\/karlstad\/kontakta-oss\/","og_locale":"sv_SE","og_type":"article","og_title":"Kontakta oss - Karlstad","og_description":"Vi vill g\u00e4rna komma i kontakt med dig som vill veta mer om KD. V\u00e4lkommen att h\u00f6ra av dig! Maila oss p\u00e5 karlstad@kristdemokraterna.se s\u00e5 hj\u00e4lper vi dig att komma i kontakt med r\u00e4tt person. F\u00f6r mediaf\u00f6rfr\u00e5gningar, kontakta gruppledare Sarah Kullgren p\u00e5 nedan kontaktuppgifter. Sarah Kullgren, gruppledare KD Karlstad sarah.kullgren@kristdemokraterna.se P\u00e4r-Arne Claveroth, partiavdelningsordf\u00f6rande par-arne.claveroth@karlstad.se Christoffer Andersson, Read More","og_url":"https:\/\/wp.kristdemokraterna.se\/karlstad\/kontakta-oss\/","og_site_name":"Karlstad","article_modified_time":"2026-02-15T22:43:39+00:00","og_image":[{"width":800,"height":342,"url":"https:\/\/wp.kristdemokraterna.se\/karlstad\/files\/2026\/02\/image.jpeg","type":"image\/jpeg"}],"twitter_card":"summary_large_image","twitter_misc":{"Ber\u00e4knad l\u00e4stid":"1 minut"},"schema":{"@context":"https:\/\/schema.org","@graph":[{"@type":"WebPage","@id":"https:\/\/wp.kristdemokraterna.se\/karlstad\/kontakta-oss\/","url":"https:\/\/wp.kristdemokraterna.se\/karlstad\/kontakta-oss\/","name":"Kontakta oss - Karlstad","isPartOf":{"@id":"https:\/\/wp.kristdemokraterna.se\/karlstad\/#website"},"primaryImageOfPage":{"@id":"https:\/\/wp.kristdemokraterna.se\/karlstad\/kontakta-oss\/#primaryimage"},"image":{"@id":"https:\/\/wp.kristdemokraterna.se\/karlstad\/kontakta-oss\/#primaryimage"},"thumbnailUrl":"http:\/\/wp.kristdemokraterna.se\/karlstad\/files\/2026\/02\/image.jpeg","datePublished":"2026-02-15T20:23:25+00:00","dateModified":"2026-02-15T22:43:39+00:00","breadcrumb":{"@id":"https:\/\/wp.kristdemokraterna.se\/karlstad\/kontakta-oss\/#breadcrumb"},"inLanguage":"sv-SE","potentialAction":[{"@type":"ReadAction","target":["https:\/\/wp.kristdemokraterna.se\/karlstad\/kontakta-oss\/"]}]},{"@type":"ImageObject","inLanguage":"sv-SE","@id":"https:\/\/wp.kristdemokraterna.se\/karlstad\/kontakta-oss\/#primaryimage","url":"http:\/\/wp.kristdemokraterna.se\/karlstad\/files\/2026\/02\/image.jpeg","contentUrl":"http:\/\/wp.kristdemokraterna.se\/karlstad\/files\/2026\/02\/image.jpeg"},{"@type":"BreadcrumbList","@id":"https:\/\/wp.kristdemokraterna.se\/karlstad\/kontakta-oss\/#breadcrumb","itemListElement":[{"@type":"ListItem","position":1,"name":"Hem","item":"https:\/\/wp.kristdemokraterna.se\/karlstad\/"},{"@type":"ListItem","position":2,"name":"Kontakta oss"}]},{"@type":"WebSite","@id":"https:\/\/wp.kristdemokraterna.se\/karlstad\/#website","url":"https:\/\/wp.kristdemokraterna.se\/karlstad\/","name":"Karlstad","description":"","inLanguage":"sv-SE"}]}},"_links":{"self":[{"href":"https:\/\/wp.kristdemokraterna.se\/karlstad\/wp-json\/wp\/v2\/pages\/379","targetHints":{"allow":["GET"]}}],"collection":[{"href":"https:\/\/wp.kristdemokraterna.se\/karlstad\/wp-json\/wp\/v2\/pages"}],"about":[{"href":"https:\/\/wp.kristdemokraterna.se\/karlstad\/wp-json\/wp\/v2\/types\/page"}],"author":[{"embeddable":true,"href":"https:\/\/wp.kristdemokraterna.se\/karlstad\/wp-json\/wp\/v2\/users\/18"}],"replies":[{"embeddable":true,"href":"https:\/\/wp.kristdemokraterna.se\/karlstad\/wp-json\/wp\/v2\/comments?post=379"}],"version-history":[{"count":7,"href":"https:\/\/wp.kristdemokraterna.se\/karlstad\/wp-json\/wp\/v2\/pages\/379\/revisions"}],"predecessor-version":[{"id":424,"href":"https:\/\/wp.kristdemokraterna.se\/karlstad\/wp-json\/wp\/v2\/pages\/379\/revisions\/424"}],"wp:attachment":[{"href":"https:\/\/wp.kristdemokraterna.se\/karlstad\/wp-json\/wp\/v2\/media?parent=379"}],"curies":[{"name":"wp","href":"https:\/\/api.w.org\/{rel}","templated":true}]}}