{"id":269,"date":"2017-11-29T16:48:28","date_gmt":"2017-11-29T15:48:28","guid":{"rendered":"http:\/\/wp.kristdemokraterna.se\/katrineholm22\/?page_id=269"},"modified":"2018-01-29T11:28:24","modified_gmt":"2018-01-29T10:28:24","slug":"textsida-med-vanster-sidebar","status":"publish","type":"page","link":"https:\/\/wp.kristdemokraterna.se\/katrineholm\/textsida-med-vanster-sidebar\/","title":{"rendered":"V\u00e5r partiavdelning"},"content":{"rendered":"<p><strong><img loading=\"lazy\" decoding=\"async\" class=\"alignnone size-large wp-image-457\" src=\"http:\/\/wp.kristdemokraterna.se\/katrineholm2\/files\/2018\/01\/grupp-a-1024x504.jpg\" alt=\"\" width=\"1024\" height=\"504\" srcset=\"https:\/\/wp.kristdemokraterna.se\/katrineholm\/files\/2018\/01\/grupp-a-1024x504.jpg 1024w, https:\/\/wp.kristdemokraterna.se\/katrineholm\/files\/2018\/01\/grupp-a-300x148.jpg 300w, https:\/\/wp.kristdemokraterna.se\/katrineholm\/files\/2018\/01\/grupp-a-768x378.jpg 768w, https:\/\/wp.kristdemokraterna.se\/katrineholm\/files\/2018\/01\/grupp-a-370x182.jpg 370w, https:\/\/wp.kristdemokraterna.se\/katrineholm\/files\/2018\/01\/grupp-a-770x379.jpg 770w, https:\/\/wp.kristdemokraterna.se\/katrineholm\/files\/2018\/01\/grupp-a-450x221.jpg 450w, https:\/\/wp.kristdemokraterna.se\/katrineholm\/files\/2018\/01\/grupp-a-280x138.jpg 280w, https:\/\/wp.kristdemokraterna.se\/katrineholm\/files\/2018\/01\/grupp-a-340x167.jpg 340w, https:\/\/wp.kristdemokraterna.se\/katrineholm\/files\/2018\/01\/grupp-a-200x98.jpg 200w, https:\/\/wp.kristdemokraterna.se\/katrineholm\/files\/2018\/01\/grupp-a-114x56.jpg 114w, https:\/\/wp.kristdemokraterna.se\/katrineholm\/files\/2018\/01\/grupp-a.jpg 1350w\" sizes=\"auto, (max-width: 1024px) 100vw, 1024px\" \/><br \/>\nJoha Frondelius<\/strong><br \/>\nKatrineholm<\/p>\n<p><strong>Marian Loley<\/strong><br \/>\nValla<\/p>\n<p><strong>Ingemar Bj\u00f6rklund<\/strong><br \/>\nKatrineholm<\/p>\n<p><strong>Anna-Maria Wiklund<\/strong><br \/>\nJulita<\/p>\n<p><strong>Inger Bj\u00f6rklund<\/strong><br \/>\nKatrineholm<\/p>\n<p><strong>Christina Forss<\/strong><br \/>\nKatrineholm<\/p>\n<p><strong>Carl-Johan Forss<\/strong><br \/>\nKatrineholm<\/p>\n<p><strong>Jorma Katisko<\/strong><br \/>\nKatrineholm<\/p>\n<p><strong>Gunnar G\u00e5rdestig<\/strong><br \/>\nKatrineholm<\/p>\n<p><strong>Staffan Dahlgren<\/strong><br \/>\nKatrineholm<\/p>\n<p><strong>Robert Persson<\/strong><br \/>\nKatrineholm<\/p>\n<p><strong>Margareta Eriksson<\/strong><br \/>\nValla<\/p>\n<p><strong>Dag Dun\u00e5s<\/strong><br \/>\nKatrineholm<\/p>\n<p><strong>Eva Larsson<br \/>\n<\/strong>Katrineholm<\/p>\n<p><strong>Siw Lundkvist<br \/>\n<\/strong>Katrineholm<\/p>\n<p><strong>Kjell Larsson<\/strong><br \/>\nKatrineholm<\/p>\n<p><strong>Johan Fr\u00f6berg<br \/>\n<\/strong>Katrineholm<\/p>\n<p><strong>Kurt Jonsson<br \/>\n<\/strong>Valla<\/p>\n<p><strong>Malin Andersson<br \/>\n<\/strong>Katrineholm<\/p>\n<p><strong>Alberto Bonnet<br \/>\n<\/strong>Katrineholm<\/p>\n<p>&nbsp;<\/p>\n<p>&nbsp;<\/p>\n","protected":false},"excerpt":{"rendered":"<p>Joha Frondelius Katrineholm Marian Loley Valla Ingemar Bj\u00f6rklund Katrineholm Anna-Maria Wiklund Julita Inger Bj\u00f6rklund Katrineholm Christina Forss Katrineholm Carl-Johan Forss Katrineholm Jorma Katisko Katrineholm Gunnar G\u00e5rdestig Katrineholm Staffan Dahlgren Katrineholm Robert Persson Katrineholm Margareta Eriksson Valla Dag Dun\u00e5s Katrineholm Eva Larsson Katrineholm Siw Lundkvist Katrineholm Kjell Larsson Katrineholm Johan Fr\u00f6berg Katrineholm Kurt Jonsson Valla Malin <a class=\"read-more-link\" href=\"https:\/\/wp.kristdemokraterna.se\/katrineholm\/textsida-med-vanster-sidebar\/\">Read More<\/a><\/p>\n","protected":false},"author":759,"featured_media":0,"parent":0,"menu_order":0,"comment_status":"closed","ping_status":"closed","template":"page.php","meta":{"_acf_changed":false,"footnotes":""},"class_list":["post-269","page","type-page","status-publish","hentry"],"acf":[],"yoast_head":"<!-- This site is optimized with the Yoast SEO plugin v27.4 - https:\/\/yoast.com\/product\/yoast-seo-wordpress\/ -->\n<title>V\u00e5r partiavdelning - Kristdemokraterna i Katrineholm<\/title>\n<meta name=\"robots\" content=\"index, follow, max-snippet:-1, max-image-preview:large, max-video-preview:-1\" \/>\n<link rel=\"canonical\" href=\"https:\/\/wp.kristdemokraterna.se\/katrineholm\/textsida-med-vanster-sidebar\/\" \/>\n<meta property=\"og:locale\" content=\"sv_SE\" \/>\n<meta property=\"og:type\" content=\"article\" \/>\n<meta property=\"og:title\" content=\"V\u00e5r partiavdelning - Kristdemokraterna i Katrineholm\" \/>\n<meta property=\"og:description\" content=\"Joha Frondelius Katrineholm Marian Loley Valla Ingemar Bj\u00f6rklund Katrineholm Anna-Maria Wiklund Julita Inger Bj\u00f6rklund Katrineholm Christina Forss Katrineholm Carl-Johan Forss Katrineholm Jorma Katisko Katrineholm Gunnar G\u00e5rdestig Katrineholm Staffan Dahlgren Katrineholm Robert Persson Katrineholm Margareta Eriksson Valla Dag Dun\u00e5s Katrineholm Eva Larsson Katrineholm Siw Lundkvist Katrineholm Kjell Larsson Katrineholm Johan Fr\u00f6berg Katrineholm Kurt Jonsson Valla Malin Read More\" \/>\n<meta property=\"og:url\" content=\"https:\/\/wp.kristdemokraterna.se\/katrineholm\/textsida-med-vanster-sidebar\/\" \/>\n<meta property=\"og:site_name\" content=\"Kristdemokraterna i Katrineholm\" \/>\n<meta property=\"article:modified_time\" content=\"2018-01-29T10:28:24+00:00\" \/>\n<meta property=\"og:image\" content=\"http:\/\/wp.kristdemokraterna.se\/katrineholm2\/files\/2018\/01\/grupp-a-1024x504.jpg\" \/>\n<meta name=\"twitter:card\" content=\"summary_large_image\" \/>\n<script type=\"application\/ld+json\" class=\"yoast-schema-graph\">{\"@context\":\"https:\\\/\\\/schema.org\",\"@graph\":[{\"@type\":\"WebPage\",\"@id\":\"https:\\\/\\\/wp.kristdemokraterna.se\\\/katrineholm\\\/textsida-med-vanster-sidebar\\\/\",\"url\":\"https:\\\/\\\/wp.kristdemokraterna.se\\\/katrineholm\\\/textsida-med-vanster-sidebar\\\/\",\"name\":\"V\u00e5r partiavdelning - Kristdemokraterna i Katrineholm\",\"isPartOf\":{\"@id\":\"https:\\\/\\\/wp.kristdemokraterna.se\\\/katrineholm\\\/#website\"},\"primaryImageOfPage\":{\"@id\":\"https:\\\/\\\/wp.kristdemokraterna.se\\\/katrineholm\\\/textsida-med-vanster-sidebar\\\/#primaryimage\"},\"image\":{\"@id\":\"https:\\\/\\\/wp.kristdemokraterna.se\\\/katrineholm\\\/textsida-med-vanster-sidebar\\\/#primaryimage\"},\"thumbnailUrl\":\"http:\\\/\\\/wp.kristdemokraterna.se\\\/katrineholm2\\\/files\\\/2018\\\/01\\\/grupp-a-1024x504.jpg\",\"datePublished\":\"2017-11-29T15:48:28+00:00\",\"dateModified\":\"2018-01-29T10:28:24+00:00\",\"breadcrumb\":{\"@id\":\"https:\\\/\\\/wp.kristdemokraterna.se\\\/katrineholm\\\/textsida-med-vanster-sidebar\\\/#breadcrumb\"},\"inLanguage\":\"sv-SE\",\"potentialAction\":[{\"@type\":\"ReadAction\",\"target\":[\"https:\\\/\\\/wp.kristdemokraterna.se\\\/katrineholm\\\/textsida-med-vanster-sidebar\\\/\"]}]},{\"@type\":\"ImageObject\",\"inLanguage\":\"sv-SE\",\"@id\":\"https:\\\/\\\/wp.kristdemokraterna.se\\\/katrineholm\\\/textsida-med-vanster-sidebar\\\/#primaryimage\",\"url\":\"http:\\\/\\\/wp.kristdemokraterna.se\\\/katrineholm2\\\/files\\\/2018\\\/01\\\/grupp-a-1024x504.jpg\",\"contentUrl\":\"http:\\\/\\\/wp.kristdemokraterna.se\\\/katrineholm2\\\/files\\\/2018\\\/01\\\/grupp-a-1024x504.jpg\"},{\"@type\":\"BreadcrumbList\",\"@id\":\"https:\\\/\\\/wp.kristdemokraterna.se\\\/katrineholm\\\/textsida-med-vanster-sidebar\\\/#breadcrumb\",\"itemListElement\":[{\"@type\":\"ListItem\",\"position\":1,\"name\":\"Hem\",\"item\":\"https:\\\/\\\/wp.kristdemokraterna.se\\\/katrineholm\\\/\"},{\"@type\":\"ListItem\",\"position\":2,\"name\":\"V\u00e5r partiavdelning\"}]},{\"@type\":\"WebSite\",\"@id\":\"https:\\\/\\\/wp.kristdemokraterna.se\\\/katrineholm\\\/#website\",\"url\":\"https:\\\/\\\/wp.kristdemokraterna.se\\\/katrineholm\\\/\",\"name\":\"Kristdemokraterna i Katrineholm\",\"description\":\"En till Kristdemokraterna webbplats\",\"inLanguage\":\"sv-SE\"}]}<\/script>\n<!-- \/ Yoast SEO plugin. -->","yoast_head_json":{"title":"V\u00e5r partiavdelning - Kristdemokraterna i Katrineholm","robots":{"index":"index","follow":"follow","max-snippet":"max-snippet:-1","max-image-preview":"max-image-preview:large","max-video-preview":"max-video-preview:-1"},"canonical":"https:\/\/wp.kristdemokraterna.se\/katrineholm\/textsida-med-vanster-sidebar\/","og_locale":"sv_SE","og_type":"article","og_title":"V\u00e5r partiavdelning - Kristdemokraterna i Katrineholm","og_description":"Joha Frondelius Katrineholm Marian Loley Valla Ingemar Bj\u00f6rklund Katrineholm Anna-Maria Wiklund Julita Inger Bj\u00f6rklund Katrineholm Christina Forss Katrineholm Carl-Johan Forss Katrineholm Jorma Katisko Katrineholm Gunnar G\u00e5rdestig Katrineholm Staffan Dahlgren Katrineholm Robert Persson Katrineholm Margareta Eriksson Valla Dag Dun\u00e5s Katrineholm Eva Larsson Katrineholm Siw Lundkvist Katrineholm Kjell Larsson Katrineholm Johan Fr\u00f6berg Katrineholm Kurt Jonsson Valla Malin Read More","og_url":"https:\/\/wp.kristdemokraterna.se\/katrineholm\/textsida-med-vanster-sidebar\/","og_site_name":"Kristdemokraterna i Katrineholm","article_modified_time":"2018-01-29T10:28:24+00:00","og_image":[{"url":"http:\/\/wp.kristdemokraterna.se\/katrineholm2\/files\/2018\/01\/grupp-a-1024x504.jpg","type":"","width":"","height":""}],"twitter_card":"summary_large_image","schema":{"@context":"https:\/\/schema.org","@graph":[{"@type":"WebPage","@id":"https:\/\/wp.kristdemokraterna.se\/katrineholm\/textsida-med-vanster-sidebar\/","url":"https:\/\/wp.kristdemokraterna.se\/katrineholm\/textsida-med-vanster-sidebar\/","name":"V\u00e5r partiavdelning - Kristdemokraterna i Katrineholm","isPartOf":{"@id":"https:\/\/wp.kristdemokraterna.se\/katrineholm\/#website"},"primaryImageOfPage":{"@id":"https:\/\/wp.kristdemokraterna.se\/katrineholm\/textsida-med-vanster-sidebar\/#primaryimage"},"image":{"@id":"https:\/\/wp.kristdemokraterna.se\/katrineholm\/textsida-med-vanster-sidebar\/#primaryimage"},"thumbnailUrl":"http:\/\/wp.kristdemokraterna.se\/katrineholm2\/files\/2018\/01\/grupp-a-1024x504.jpg","datePublished":"2017-11-29T15:48:28+00:00","dateModified":"2018-01-29T10:28:24+00:00","breadcrumb":{"@id":"https:\/\/wp.kristdemokraterna.se\/katrineholm\/textsida-med-vanster-sidebar\/#breadcrumb"},"inLanguage":"sv-SE","potentialAction":[{"@type":"ReadAction","target":["https:\/\/wp.kristdemokraterna.se\/katrineholm\/textsida-med-vanster-sidebar\/"]}]},{"@type":"ImageObject","inLanguage":"sv-SE","@id":"https:\/\/wp.kristdemokraterna.se\/katrineholm\/textsida-med-vanster-sidebar\/#primaryimage","url":"http:\/\/wp.kristdemokraterna.se\/katrineholm2\/files\/2018\/01\/grupp-a-1024x504.jpg","contentUrl":"http:\/\/wp.kristdemokraterna.se\/katrineholm2\/files\/2018\/01\/grupp-a-1024x504.jpg"},{"@type":"BreadcrumbList","@id":"https:\/\/wp.kristdemokraterna.se\/katrineholm\/textsida-med-vanster-sidebar\/#breadcrumb","itemListElement":[{"@type":"ListItem","position":1,"name":"Hem","item":"https:\/\/wp.kristdemokraterna.se\/katrineholm\/"},{"@type":"ListItem","position":2,"name":"V\u00e5r partiavdelning"}]},{"@type":"WebSite","@id":"https:\/\/wp.kristdemokraterna.se\/katrineholm\/#website","url":"https:\/\/wp.kristdemokraterna.se\/katrineholm\/","name":"Kristdemokraterna i Katrineholm","description":"En till Kristdemokraterna webbplats","inLanguage":"sv-SE"}]}},"_links":{"self":[{"href":"https:\/\/wp.kristdemokraterna.se\/katrineholm\/wp-json\/wp\/v2\/pages\/269","targetHints":{"allow":["GET"]}}],"collection":[{"href":"https:\/\/wp.kristdemokraterna.se\/katrineholm\/wp-json\/wp\/v2\/pages"}],"about":[{"href":"https:\/\/wp.kristdemokraterna.se\/katrineholm\/wp-json\/wp\/v2\/types\/page"}],"author":[{"embeddable":true,"href":"https:\/\/wp.kristdemokraterna.se\/katrineholm\/wp-json\/wp\/v2\/users\/759"}],"replies":[{"embeddable":true,"href":"https:\/\/wp.kristdemokraterna.se\/katrineholm\/wp-json\/wp\/v2\/comments?post=269"}],"version-history":[{"count":16,"href":"https:\/\/wp.kristdemokraterna.se\/katrineholm\/wp-json\/wp\/v2\/pages\/269\/revisions"}],"predecessor-version":[{"id":511,"href":"https:\/\/wp.kristdemokraterna.se\/katrineholm\/wp-json\/wp\/v2\/pages\/269\/revisions\/511"}],"wp:attachment":[{"href":"https:\/\/wp.kristdemokraterna.se\/katrineholm\/wp-json\/wp\/v2\/media?parent=269"}],"curies":[{"name":"wp","href":"https:\/\/api.w.org\/{rel}","templated":true}]}}

Vår partiavdelning

<p><strong><img loading="lazy" decoding="async" class="alignnone size-large wp-image-457" src="http://wp.kristdemokraterna.se/katrineholm2/files/2018/01/grupp-a-1024x504.jpg" alt="" width="1024" height="504" srcset="https://wp.kristdemokraterna.se/katrineholm/files/2018/01/grupp-a-1024x504.jpg 1024w, https://wp.kristdemokraterna.se/katrineholm/files/2018/01/grupp-a-300x148.jpg 300w, https://wp.kristdemokraterna.se/katrineholm/files/2018/01/grupp-a-768x378.jpg 768w, https://wp.kristdemokraterna.se/katrineholm/files/2018/01/grupp-a-370x182.jpg 370w, https://wp.kristdemokraterna.se/katrineholm/files/2018/01/grupp-a-770x379.jpg 770w, https://wp.kristdemokraterna.se/katrineholm/files/2018/01/grupp-a-450x221.jpg 450w, https://wp.kristdemokraterna.se/katrineholm/files/2018/01/grupp-a-280x138.jpg 280w, https://wp.kristdemokraterna.se/katrineholm/files/2018/01/grupp-a-340x167.jpg 340w, https://wp.kristdemokraterna.se/katrineholm/files/2018/01/grupp-a-200x98.jpg 200w, https://wp.kristdemokraterna.se/katrineholm/files/2018/01/grupp-a-114x56.jpg 114w, https://wp.kristdemokraterna.se/katrineholm/files/2018/01/grupp-a.jpg 1350w" sizes="auto, (max-width: 1024px) 100vw, 1024px" /><br />
Joha Frondelius</strong><br />
Katrineholm</p>
<p><strong>Marian Loley</strong><br />
Valla</p>
<p><strong>Ingemar Björklund</strong><br />
Katrineholm</p>
<p><strong>Anna-Maria Wiklund</strong><br />
Julita</p>
<p><strong>Inger Björklund</strong><br />
Katrineholm</p>
<p><strong>Christina Forss</strong><br />
Katrineholm</p>
<p><strong>Carl-Johan Forss</strong><br />
Katrineholm</p>
<p><strong>Jorma Katisko</strong><br />
Katrineholm</p>
<p><strong>Gunnar Gårdestig</strong><br />
Katrineholm</p>
<p><strong>Staffan Dahlgren</strong><br />
Katrineholm</p>
<p><strong>Robert Persson</strong><br />
Katrineholm</p>
<p><strong>Margareta Eriksson</strong><br />
Valla</p>
<p><strong>Dag Dunås</strong><br />
Katrineholm</p>
<p><strong>Eva Larsson<br />
</strong>Katrineholm</p>
<p><strong>Siw Lundkvist<br />
</strong>Katrineholm</p>
<p><strong>Kjell Larsson</strong><br />
Katrineholm</p>
<p><strong>Johan Fröberg<br />
</strong>Katrineholm</p>
<p><strong>Kurt Jonsson<br />
</strong>Valla</p>
<p><strong>Malin Andersson<br />
</strong>Katrineholm</p>
<p><strong>Alberto Bonnet<br />
</strong>Katrineholm</p>
<p>&nbsp;</p>
<p>&nbsp;</p>

<p>Joha Frondelius Katrineholm Marian Loley Valla Ingemar Björklund Katrineholm Anna-Maria Wiklund Julita Inger Björklund Katrineholm Christina Forss Katrineholm Carl-Johan Forss Katrineholm Jorma Katisko Katrineholm Gunnar Gårdestig Katrineholm Staffan Dahlgren Katrineholm Robert Persson Katrineholm Margareta Eriksson Valla Dag Dunås Katrineholm Eva Larsson Katrineholm Siw Lundkvist Katrineholm Kjell Larsson Katrineholm Johan Fröberg Katrineholm Kurt Jonsson Valla Malin <a class="read-more-link" href="https://wp.kristdemokraterna.se/katrineholm/textsida-med-vanster-sidebar/">Read More</a></p>

<!-- This site is optimized with the Yoast SEO plugin v27.4 - https://yoast.com/product/yoast-seo-wordpress/ -->
<title>Vår partiavdelning - Kristdemokraterna i Katrineholm</title>
<meta name="robots" content="index, follow, max-snippet:-1, max-image-preview:large, max-video-preview:-1" />
<link rel="canonical" href="https://wp.kristdemokraterna.se/katrineholm/textsida-med-vanster-sidebar/" />
<meta property="og:locale" content="sv_SE" />
<meta property="og:type" content="article" />
<meta property="og:title" content="Vår partiavdelning - Kristdemokraterna i Katrineholm" />
<meta property="og:description" content="Joha Frondelius Katrineholm Marian Loley Valla Ingemar Björklund Katrineholm Anna-Maria Wiklund Julita Inger Björklund Katrineholm Christina Forss Katrineholm Carl-Johan Forss Katrineholm Jorma Katisko Katrineholm Gunnar Gårdestig Katrineholm Staffan Dahlgren Katrineholm Robert Persson Katrineholm Margareta Eriksson Valla Dag Dunås Katrineholm Eva Larsson Katrineholm Siw Lundkvist Katrineholm Kjell Larsson Katrineholm Johan Fröberg Katrineholm Kurt Jonsson Valla Malin Read More" />
<meta property="og:url" content="https://wp.kristdemokraterna.se/katrineholm/textsida-med-vanster-sidebar/" />
<meta property="og:site_name" content="Kristdemokraterna i Katrineholm" />
<meta property="article:modified_time" content="2018-01-29T10:28:24+00:00" />
<meta property="og:image" content="http://wp.kristdemokraterna.se/katrineholm2/files/2018/01/grupp-a-1024x504.jpg" />
<meta name="twitter:card" content="summary_large_image" />
<script type="application/ld+json" class="yoast-schema-graph">{"@context":"https:\/\/schema.org","@graph":[{"@type":"WebPage","@id":"https:\/\/wp.kristdemokraterna.se\/katrineholm\/textsida-med-vanster-sidebar\/","url":"https:\/\/wp.kristdemokraterna.se\/katrineholm\/textsida-med-vanster-sidebar\/","name":"Vår partiavdelning - Kristdemokraterna i Katrineholm","isPartOf":{"@id":"https:\/\/wp.kristdemokraterna.se\/katrineholm\/#website"},"primaryImageOfPage":{"@id":"https:\/\/wp.kristdemokraterna.se\/katrineholm\/textsida-med-vanster-sidebar\/#primaryimage"},"image":{"@id":"https:\/\/wp.kristdemokraterna.se\/katrineholm\/textsida-med-vanster-sidebar\/#primaryimage"},"thumbnailUrl":"http:\/\/wp.kristdemokraterna.se\/katrineholm2\/files\/2018\/01\/grupp-a-1024x504.jpg","datePublished":"2017-11-29T15:48:28+00:00","dateModified":"2018-01-29T10:28:24+00:00","breadcrumb":{"@id":"https:\/\/wp.kristdemokraterna.se\/katrineholm\/textsida-med-vanster-sidebar\/#breadcrumb"},"inLanguage":"sv-SE","potentialAction":[{"@type":"ReadAction","target":["https:\/\/wp.kristdemokraterna.se\/katrineholm\/textsida-med-vanster-sidebar\/"]}]},{"@type":"ImageObject","inLanguage":"sv-SE","@id":"https:\/\/wp.kristdemokraterna.se\/katrineholm\/textsida-med-vanster-sidebar\/#primaryimage","url":"http:\/\/wp.kristdemokraterna.se\/katrineholm2\/files\/2018\/01\/grupp-a-1024x504.jpg","contentUrl":"http:\/\/wp.kristdemokraterna.se\/katrineholm2\/files\/2018\/01\/grupp-a-1024x504.jpg"},{"@type":"BreadcrumbList","@id":"https:\/\/wp.kristdemokraterna.se\/katrineholm\/textsida-med-vanster-sidebar\/#breadcrumb","itemListElement":[{"@type":"ListItem","position":1,"name":"Hem","item":"https:\/\/wp.kristdemokraterna.se\/katrineholm\/"},{"@type":"ListItem","position":2,"name":"Vår partiavdelning"}]},{"@type":"WebSite","@id":"https:\/\/wp.kristdemokraterna.se\/katrineholm\/#website","url":"https:\/\/wp.kristdemokraterna.se\/katrineholm\/","name":"Kristdemokraterna i Katrineholm","description":"En till Kristdemokraterna webbplats","inLanguage":"sv-SE"}]}</script>
<!-- / Yoast SEO plugin. -->

Vår partiavdelning - Kristdemokraterna i Katrineholm

Joha Frondelius Katrineholm Marian Loley Valla Ingemar Björklund Katrineholm Anna-Maria Wiklund Julita Inger Björklund Katrineholm Christina Forss Katrineholm Carl-Johan Forss Katrineholm Jorma Katisko Katrineholm Gunnar Gårdestig Katrineholm Staffan Dahlgren Katrineholm Robert Persson Katrineholm Margareta Eriksson Valla Dag Dunås Katrineholm Eva Larsson Katrineholm Siw Lundkvist Katrineholm Kjell Larsson Katrineholm Johan Fröberg Katrineholm Kurt Jonsson Valla Malin Read More
