{"id":401,"date":"2018-01-12T11:50:13","date_gmt":"2018-01-12T10:50:13","guid":{"rendered":"http:\/\/wp.kristdemokraterna.se\/katrineholm22\/?page_id=401"},"modified":"2026-03-17T12:36:13","modified_gmt":"2026-03-17T11:36:13","slug":"fortroendevalda","status":"publish","type":"page","link":"https:\/\/wp.kristdemokraterna.se\/katrineholm\/textsida-med-vanster-sidebar\/fortroendevalda\/","title":{"rendered":"Partiavdelningsstyrelse"},"content":{"rendered":"<p>&nbsp;<\/p>\n<p><strong>Marian Loley<\/strong><br \/>\nPartiavdelningsordf\u00f6rande<\/p>\n<p><strong>Ulf Ros\u00e9n<\/strong><br \/>\n1:e vice partiavdelningsordf\u00f6rande<\/p>\n<p><strong>Bj\u00f6rn Wahlund<\/strong><br \/>\nPartiavdelningsstyrelseledamot<\/p>\n<p><strong>Dag Dun\u00e5s<\/strong><br \/>\nPartiavdelningsstyrelseledamot<\/p>\n<p><strong>Emil \u00c5hl<\/strong><br \/>\nPartiavdelningsstyrelseledamot<\/p>\n<p><strong>Alexander Forss<\/strong><br \/>\nPartiavdelningsstyrelse ers\u00e4ttare<\/p>\n<p>&nbsp;<\/p>\n<p>&nbsp;<\/p>\n","protected":false},"excerpt":{"rendered":"<p>&nbsp; Marian Loley Partiavdelningsordf\u00f6rande Ulf Ros\u00e9n 1:e vice partiavdelningsordf\u00f6rande Bj\u00f6rn Wahlund Partiavdelningsstyrelseledamot Dag Dun\u00e5s Partiavdelningsstyrelseledamot Emil \u00c5hl Partiavdelningsstyrelseledamot Alexander Forss Partiavdelningsstyrelse ers\u00e4ttare &nbsp; &nbsp;<\/p>\n","protected":false},"author":759,"featured_media":0,"parent":269,"menu_order":0,"comment_status":"closed","ping_status":"closed","template":"","meta":{"_acf_changed":false,"footnotes":""},"class_list":["post-401","page","type-page","status-publish","hentry"],"acf":[],"yoast_head":"<!-- This site is optimized with the Yoast SEO plugin v27.4 - https:\/\/yoast.com\/product\/yoast-seo-wordpress\/ -->\n<title>Partiavdelningsstyrelse - Kristdemokraterna i Katrineholm<\/title>\n<meta name=\"robots\" content=\"index, follow, max-snippet:-1, max-image-preview:large, max-video-preview:-1\" \/>\n<link rel=\"canonical\" href=\"https:\/\/wp.kristdemokraterna.se\/katrineholm\/textsida-med-vanster-sidebar\/fortroendevalda\/\" \/>\n<meta property=\"og:locale\" content=\"sv_SE\" \/>\n<meta property=\"og:type\" content=\"article\" \/>\n<meta property=\"og:title\" content=\"Partiavdelningsstyrelse - Kristdemokraterna i Katrineholm\" \/>\n<meta property=\"og:description\" content=\"&nbsp; Marian Loley Partiavdelningsordf\u00f6rande Ulf Ros\u00e9n 1:e vice partiavdelningsordf\u00f6rande Bj\u00f6rn Wahlund Partiavdelningsstyrelseledamot Dag Dun\u00e5s Partiavdelningsstyrelseledamot Emil \u00c5hl Partiavdelningsstyrelseledamot Alexander Forss Partiavdelningsstyrelse ers\u00e4ttare &nbsp; &nbsp;\" \/>\n<meta property=\"og:url\" content=\"https:\/\/wp.kristdemokraterna.se\/katrineholm\/textsida-med-vanster-sidebar\/fortroendevalda\/\" \/>\n<meta property=\"og:site_name\" content=\"Kristdemokraterna i Katrineholm\" \/>\n<meta property=\"article:modified_time\" content=\"2026-03-17T11:36:13+00:00\" \/>\n<meta name=\"twitter:card\" content=\"summary_large_image\" \/>\n<meta name=\"twitter:label1\" content=\"Ber\u00e4knad l\u00e4stid\" \/>\n\t<meta name=\"twitter:data1\" content=\"1 minut\" \/>\n<script type=\"application\/ld+json\" class=\"yoast-schema-graph\">{\"@context\":\"https:\\\/\\\/schema.org\",\"@graph\":[{\"@type\":\"WebPage\",\"@id\":\"https:\\\/\\\/wp.kristdemokraterna.se\\\/katrineholm\\\/textsida-med-vanster-sidebar\\\/fortroendevalda\\\/\",\"url\":\"https:\\\/\\\/wp.kristdemokraterna.se\\\/katrineholm\\\/textsida-med-vanster-sidebar\\\/fortroendevalda\\\/\",\"name\":\"Partiavdelningsstyrelse - Kristdemokraterna i Katrineholm\",\"isPartOf\":{\"@id\":\"https:\\\/\\\/wp.kristdemokraterna.se\\\/katrineholm\\\/#website\"},\"datePublished\":\"2018-01-12T10:50:13+00:00\",\"dateModified\":\"2026-03-17T11:36:13+00:00\",\"breadcrumb\":{\"@id\":\"https:\\\/\\\/wp.kristdemokraterna.se\\\/katrineholm\\\/textsida-med-vanster-sidebar\\\/fortroendevalda\\\/#breadcrumb\"},\"inLanguage\":\"sv-SE\",\"potentialAction\":[{\"@type\":\"ReadAction\",\"target\":[\"https:\\\/\\\/wp.kristdemokraterna.se\\\/katrineholm\\\/textsida-med-vanster-sidebar\\\/fortroendevalda\\\/\"]}]},{\"@type\":\"BreadcrumbList\",\"@id\":\"https:\\\/\\\/wp.kristdemokraterna.se\\\/katrineholm\\\/textsida-med-vanster-sidebar\\\/fortroendevalda\\\/#breadcrumb\",\"itemListElement\":[{\"@type\":\"ListItem\",\"position\":1,\"name\":\"Hem\",\"item\":\"https:\\\/\\\/wp.kristdemokraterna.se\\\/katrineholm\\\/\"},{\"@type\":\"ListItem\",\"position\":2,\"name\":\"V\u00e5r partiavdelning\",\"item\":\"https:\\\/\\\/wp.kristdemokraterna.se\\\/katrineholm\\\/textsida-med-vanster-sidebar\\\/\"},{\"@type\":\"ListItem\",\"position\":3,\"name\":\"Partiavdelningsstyrelse\"}]},{\"@type\":\"WebSite\",\"@id\":\"https:\\\/\\\/wp.kristdemokraterna.se\\\/katrineholm\\\/#website\",\"url\":\"https:\\\/\\\/wp.kristdemokraterna.se\\\/katrineholm\\\/\",\"name\":\"Kristdemokraterna i Katrineholm\",\"description\":\"En till Kristdemokraterna webbplats\",\"inLanguage\":\"sv-SE\"}]}<\/script>\n<!-- \/ Yoast SEO plugin. -->","yoast_head_json":{"title":"Partiavdelningsstyrelse - Kristdemokraterna i Katrineholm","robots":{"index":"index","follow":"follow","max-snippet":"max-snippet:-1","max-image-preview":"max-image-preview:large","max-video-preview":"max-video-preview:-1"},"canonical":"https:\/\/wp.kristdemokraterna.se\/katrineholm\/textsida-med-vanster-sidebar\/fortroendevalda\/","og_locale":"sv_SE","og_type":"article","og_title":"Partiavdelningsstyrelse - Kristdemokraterna i Katrineholm","og_description":"&nbsp; Marian Loley Partiavdelningsordf\u00f6rande Ulf Ros\u00e9n 1:e vice partiavdelningsordf\u00f6rande Bj\u00f6rn Wahlund Partiavdelningsstyrelseledamot Dag Dun\u00e5s Partiavdelningsstyrelseledamot Emil \u00c5hl Partiavdelningsstyrelseledamot Alexander Forss Partiavdelningsstyrelse ers\u00e4ttare &nbsp; &nbsp;","og_url":"https:\/\/wp.kristdemokraterna.se\/katrineholm\/textsida-med-vanster-sidebar\/fortroendevalda\/","og_site_name":"Kristdemokraterna i Katrineholm","article_modified_time":"2026-03-17T11:36:13+00:00","twitter_card":"summary_large_image","twitter_misc":{"Ber\u00e4knad l\u00e4stid":"1 minut"},"schema":{"@context":"https:\/\/schema.org","@graph":[{"@type":"WebPage","@id":"https:\/\/wp.kristdemokraterna.se\/katrineholm\/textsida-med-vanster-sidebar\/fortroendevalda\/","url":"https:\/\/wp.kristdemokraterna.se\/katrineholm\/textsida-med-vanster-sidebar\/fortroendevalda\/","name":"Partiavdelningsstyrelse - Kristdemokraterna i Katrineholm","isPartOf":{"@id":"https:\/\/wp.kristdemokraterna.se\/katrineholm\/#website"},"datePublished":"2018-01-12T10:50:13+00:00","dateModified":"2026-03-17T11:36:13+00:00","breadcrumb":{"@id":"https:\/\/wp.kristdemokraterna.se\/katrineholm\/textsida-med-vanster-sidebar\/fortroendevalda\/#breadcrumb"},"inLanguage":"sv-SE","potentialAction":[{"@type":"ReadAction","target":["https:\/\/wp.kristdemokraterna.se\/katrineholm\/textsida-med-vanster-sidebar\/fortroendevalda\/"]}]},{"@type":"BreadcrumbList","@id":"https:\/\/wp.kristdemokraterna.se\/katrineholm\/textsida-med-vanster-sidebar\/fortroendevalda\/#breadcrumb","itemListElement":[{"@type":"ListItem","position":1,"name":"Hem","item":"https:\/\/wp.kristdemokraterna.se\/katrineholm\/"},{"@type":"ListItem","position":2,"name":"V\u00e5r partiavdelning","item":"https:\/\/wp.kristdemokraterna.se\/katrineholm\/textsida-med-vanster-sidebar\/"},{"@type":"ListItem","position":3,"name":"Partiavdelningsstyrelse"}]},{"@type":"WebSite","@id":"https:\/\/wp.kristdemokraterna.se\/katrineholm\/#website","url":"https:\/\/wp.kristdemokraterna.se\/katrineholm\/","name":"Kristdemokraterna i Katrineholm","description":"En till Kristdemokraterna webbplats","inLanguage":"sv-SE"}]}},"_links":{"self":[{"href":"https:\/\/wp.kristdemokraterna.se\/katrineholm\/wp-json\/wp\/v2\/pages\/401","targetHints":{"allow":["GET"]}}],"collection":[{"href":"https:\/\/wp.kristdemokraterna.se\/katrineholm\/wp-json\/wp\/v2\/pages"}],"about":[{"href":"https:\/\/wp.kristdemokraterna.se\/katrineholm\/wp-json\/wp\/v2\/types\/page"}],"author":[{"embeddable":true,"href":"https:\/\/wp.kristdemokraterna.se\/katrineholm\/wp-json\/wp\/v2\/users\/759"}],"replies":[{"embeddable":true,"href":"https:\/\/wp.kristdemokraterna.se\/katrineholm\/wp-json\/wp\/v2\/comments?post=401"}],"version-history":[{"count":11,"href":"https:\/\/wp.kristdemokraterna.se\/katrineholm\/wp-json\/wp\/v2\/pages\/401\/revisions"}],"predecessor-version":[{"id":618,"href":"https:\/\/wp.kristdemokraterna.se\/katrineholm\/wp-json\/wp\/v2\/pages\/401\/revisions\/618"}],"up":[{"embeddable":true,"href":"https:\/\/wp.kristdemokraterna.se\/katrineholm\/wp-json\/wp\/v2\/pages\/269"}],"wp:attachment":[{"href":"https:\/\/wp.kristdemokraterna.se\/katrineholm\/wp-json\/wp\/v2\/media?parent=401"}],"curies":[{"name":"wp","href":"https:\/\/api.w.org\/{rel}","templated":true}]}}

<p>&nbsp;</p>
<p><strong>Marian Loley</strong><br />
Partiavdelningsordförande</p>
<p><strong>Ulf Rosén</strong><br />
1:e vice partiavdelningsordförande</p>
<p><strong>Björn Wahlund</strong><br />
Partiavdelningsstyrelseledamot</p>
<p><strong>Dag Dunås</strong><br />
Partiavdelningsstyrelseledamot</p>
<p><strong>Emil Åhl</strong><br />
Partiavdelningsstyrelseledamot</p>
<p><strong>Alexander Forss</strong><br />
Partiavdelningsstyrelse ersättare</p>
<p>&nbsp;</p>
<p>&nbsp;</p>

<p>&nbsp; Marian Loley Partiavdelningsordförande Ulf Rosén 1:e vice partiavdelningsordförande Björn Wahlund Partiavdelningsstyrelseledamot Dag Dunås Partiavdelningsstyrelseledamot Emil Åhl Partiavdelningsstyrelseledamot Alexander Forss Partiavdelningsstyrelse ersättare &nbsp; &nbsp;</p>

<!-- This site is optimized with the Yoast SEO plugin v27.4 - https://yoast.com/product/yoast-seo-wordpress/ -->
<title>Partiavdelningsstyrelse - Kristdemokraterna i Katrineholm</title>
<meta name="robots" content="index, follow, max-snippet:-1, max-image-preview:large, max-video-preview:-1" />
<link rel="canonical" href="https://wp.kristdemokraterna.se/katrineholm/textsida-med-vanster-sidebar/fortroendevalda/" />
<meta property="og:locale" content="sv_SE" />
<meta property="og:type" content="article" />
<meta property="og:title" content="Partiavdelningsstyrelse - Kristdemokraterna i Katrineholm" />
<meta property="og:description" content="&nbsp; Marian Loley Partiavdelningsordförande Ulf Rosén 1:e vice partiavdelningsordförande Björn Wahlund Partiavdelningsstyrelseledamot Dag Dunås Partiavdelningsstyrelseledamot Emil Åhl Partiavdelningsstyrelseledamot Alexander Forss Partiavdelningsstyrelse ersättare &nbsp; &nbsp;" />
<meta property="og:url" content="https://wp.kristdemokraterna.se/katrineholm/textsida-med-vanster-sidebar/fortroendevalda/" />
<meta property="og:site_name" content="Kristdemokraterna i Katrineholm" />
<meta property="article:modified_time" content="2026-03-17T11:36:13+00:00" />
<meta name="twitter:card" content="summary_large_image" />
<meta name="twitter:label1" content="Beräknad lästid" />
	<meta name="twitter:data1" content="1 minut" />
<script type="application/ld+json" class="yoast-schema-graph">{"@context":"https:\/\/schema.org","@graph":[{"@type":"WebPage","@id":"https:\/\/wp.kristdemokraterna.se\/katrineholm\/textsida-med-vanster-sidebar\/fortroendevalda\/","url":"https:\/\/wp.kristdemokraterna.se\/katrineholm\/textsida-med-vanster-sidebar\/fortroendevalda\/","name":"Partiavdelningsstyrelse - Kristdemokraterna i Katrineholm","isPartOf":{"@id":"https:\/\/wp.kristdemokraterna.se\/katrineholm\/#website"},"datePublished":"2018-01-12T10:50:13+00:00","dateModified":"2026-03-17T11:36:13+00:00","breadcrumb":{"@id":"https:\/\/wp.kristdemokraterna.se\/katrineholm\/textsida-med-vanster-sidebar\/fortroendevalda\/#breadcrumb"},"inLanguage":"sv-SE","potentialAction":[{"@type":"ReadAction","target":["https:\/\/wp.kristdemokraterna.se\/katrineholm\/textsida-med-vanster-sidebar\/fortroendevalda\/"]}]},{"@type":"BreadcrumbList","@id":"https:\/\/wp.kristdemokraterna.se\/katrineholm\/textsida-med-vanster-sidebar\/fortroendevalda\/#breadcrumb","itemListElement":[{"@type":"ListItem","position":1,"name":"Hem","item":"https:\/\/wp.kristdemokraterna.se\/katrineholm\/"},{"@type":"ListItem","position":2,"name":"Vår partiavdelning","item":"https:\/\/wp.kristdemokraterna.se\/katrineholm\/textsida-med-vanster-sidebar\/"},{"@type":"ListItem","position":3,"name":"Partiavdelningsstyrelse"}]},{"@type":"WebSite","@id":"https:\/\/wp.kristdemokraterna.se\/katrineholm\/#website","url":"https:\/\/wp.kristdemokraterna.se\/katrineholm\/","name":"Kristdemokraterna i Katrineholm","description":"En till Kristdemokraterna webbplats","inLanguage":"sv-SE"}]}</script>
<!-- / Yoast SEO plugin. -->

&nbsp; Marian Loley Partiavdelningsordförande Ulf Rosén 1:e vice partiavdelningsordförande Björn Wahlund Partiavdelningsstyrelseledamot Dag Dunås Partiavdelningsstyrelseledamot Emil Åhl Partiavdelningsstyrelseledamot Alexander Forss Partiavdelningsstyrelse ersättare &nbsp; &nbsp;

Vår partiavdelning
