{"id":5828,"date":"2026-02-09T13:40:22","date_gmt":"2026-02-09T12:40:22","guid":{"rendered":"https:\/\/wp.kristdemokraterna.se\/kdsenior\/?page_id=5828"},"modified":"2026-02-09T13:48:14","modified_gmt":"2026-02-09T12:48:14","slug":"ttpa","status":"publish","type":"page","link":"https:\/\/wp.kristdemokraterna.se\/kdsenior\/om-oss\/kontakta-oss\/ttpa\/","title":{"rendered":"TTPA"},"content":{"rendered":"<p>TTPA information<\/p>\n<p>Detta material \u00e4r politisk kommunikation f\u00f6r Kristdemokratiska Seniorf\u00f6rbundet. Annonsen har finansierats av Seniorf\u00f6rbundet och \u00e4r framtagen som en del av Kristdemokratiska Seniorf\u00f6rbundet KD Seniors informationsarbete. Syftet \u00e4r att ge saklig information om f\u00f6rbundets och Kristdemokraternas \u00e5sikter.<\/p>\n<p>F\u00f6r denna annons har ingen riktad m\u00e5lgrupps data anv\u00e4nts. Materialet \u00e4r framtaget f\u00f6r att n\u00e5 en bred allm\u00e4nhet inf\u00f6r valet 2026<\/p>\n<p>F\u00f6r fr\u00e5gor om inneh\u00e5llet eller annan kontakt skicka e-post till info@kdsenior.se<\/p>\n<p>Finansieringen sker genom avsatta medel f\u00f6r Seniorf\u00f6rbundets verksamhet 2026\u00a0 till ett totalt v\u00e4rde om maximalt 250.000 kronor.<\/p>\n<p>&nbsp;<\/p>\n<p>&nbsp;<\/p>\n","protected":false},"excerpt":{"rendered":"<p>TTPA information Detta material \u00e4r politisk kommunikation f\u00f6r Kristdemokratiska Seniorf\u00f6rbundet. Annonsen har finansierats av Seniorf\u00f6rbundet och \u00e4r framtagen som en del av Kristdemokratiska Seniorf\u00f6rbundet KD Seniors informationsarbete. Syftet \u00e4r att ge saklig information om f\u00f6rbundets och Kristdemokraternas \u00e5sikter. F\u00f6r denna annons har ingen riktad m\u00e5lgrupps data anv\u00e4nts. Materialet \u00e4r framtaget f\u00f6r att n\u00e5 en bred <a class=\"read-more-link\" href=\"https:\/\/wp.kristdemokraterna.se\/kdsenior\/om-oss\/kontakta-oss\/ttpa\/\">Read More<\/a><\/p>\n","protected":false},"author":1088,"featured_media":4278,"parent":4120,"menu_order":1,"comment_status":"closed","ping_status":"closed","template":"","meta":{"_acf_changed":false,"footnotes":""},"class_list":["post-5828","page","type-page","status-publish","hentry"],"acf":[],"yoast_head":"<!-- This site is optimized with the Yoast SEO plugin v27.3 - https:\/\/yoast.com\/product\/yoast-seo-wordpress\/ -->\n<title>TTPA - KD Senior<\/title>\n<meta name=\"robots\" content=\"index, follow, max-snippet:-1, max-image-preview:large, max-video-preview:-1\" \/>\n<link rel=\"canonical\" href=\"https:\/\/wp.kristdemokraterna.se\/kdsenior\/om-oss\/kontakta-oss\/ttpa\/\" \/>\n<meta property=\"og:locale\" content=\"sv_SE\" \/>\n<meta property=\"og:type\" content=\"article\" \/>\n<meta property=\"og:title\" content=\"TTPA - KD Senior\" \/>\n<meta property=\"og:description\" content=\"TTPA information Detta material \u00e4r politisk kommunikation f\u00f6r Kristdemokratiska Seniorf\u00f6rbundet. Annonsen har finansierats av Seniorf\u00f6rbundet och \u00e4r framtagen som en del av Kristdemokratiska Seniorf\u00f6rbundet KD Seniors informationsarbete. Syftet \u00e4r att ge saklig information om f\u00f6rbundets och Kristdemokraternas \u00e5sikter. F\u00f6r denna annons har ingen riktad m\u00e5lgrupps data anv\u00e4nts. Materialet \u00e4r framtaget f\u00f6r att n\u00e5 en bred Read More\" \/>\n<meta property=\"og:url\" content=\"https:\/\/wp.kristdemokraterna.se\/kdsenior\/om-oss\/kontakta-oss\/ttpa\/\" \/>\n<meta property=\"og:site_name\" content=\"KD Senior\" \/>\n<meta property=\"article:modified_time\" content=\"2026-02-09T12:48:14+00:00\" \/>\n<meta name=\"twitter:card\" content=\"summary_large_image\" \/>\n<meta name=\"twitter:label1\" content=\"Ber\u00e4knad l\u00e4stid\" \/>\n\t<meta name=\"twitter:data1\" content=\"1 minut\" \/>\n<script type=\"application\/ld+json\" class=\"yoast-schema-graph\">{\"@context\":\"https:\\\/\\\/schema.org\",\"@graph\":[{\"@type\":\"WebPage\",\"@id\":\"https:\\\/\\\/wp.kristdemokraterna.se\\\/kdsenior\\\/om-oss\\\/kontakta-oss\\\/ttpa\\\/\",\"url\":\"https:\\\/\\\/wp.kristdemokraterna.se\\\/kdsenior\\\/om-oss\\\/kontakta-oss\\\/ttpa\\\/\",\"name\":\"TTPA - KD Senior\",\"isPartOf\":{\"@id\":\"https:\\\/\\\/wp.kristdemokraterna.se\\\/kdsenior\\\/#website\"},\"primaryImageOfPage\":{\"@id\":\"https:\\\/\\\/wp.kristdemokraterna.se\\\/kdsenior\\\/om-oss\\\/kontakta-oss\\\/ttpa\\\/#primaryimage\"},\"image\":{\"@id\":\"https:\\\/\\\/wp.kristdemokraterna.se\\\/kdsenior\\\/om-oss\\\/kontakta-oss\\\/ttpa\\\/#primaryimage\"},\"thumbnailUrl\":\"https:\\\/\\\/wp.kristdemokraterna.se\\\/kdsenior\\\/files\\\/2019\\\/01\\\/standard.png\",\"datePublished\":\"2026-02-09T12:40:22+00:00\",\"dateModified\":\"2026-02-09T12:48:14+00:00\",\"breadcrumb\":{\"@id\":\"https:\\\/\\\/wp.kristdemokraterna.se\\\/kdsenior\\\/om-oss\\\/kontakta-oss\\\/ttpa\\\/#breadcrumb\"},\"inLanguage\":\"sv-SE\",\"potentialAction\":[{\"@type\":\"ReadAction\",\"target\":[\"https:\\\/\\\/wp.kristdemokraterna.se\\\/kdsenior\\\/om-oss\\\/kontakta-oss\\\/ttpa\\\/\"]}]},{\"@type\":\"ImageObject\",\"inLanguage\":\"sv-SE\",\"@id\":\"https:\\\/\\\/wp.kristdemokraterna.se\\\/kdsenior\\\/om-oss\\\/kontakta-oss\\\/ttpa\\\/#primaryimage\",\"url\":\"https:\\\/\\\/wp.kristdemokraterna.se\\\/kdsenior\\\/files\\\/2019\\\/01\\\/standard.png\",\"contentUrl\":\"https:\\\/\\\/wp.kristdemokraterna.se\\\/kdsenior\\\/files\\\/2019\\\/01\\\/standard.png\",\"width\":770,\"height\":390},{\"@type\":\"BreadcrumbList\",\"@id\":\"https:\\\/\\\/wp.kristdemokraterna.se\\\/kdsenior\\\/om-oss\\\/kontakta-oss\\\/ttpa\\\/#breadcrumb\",\"itemListElement\":[{\"@type\":\"ListItem\",\"position\":1,\"name\":\"Hem\",\"item\":\"https:\\\/\\\/wp.kristdemokraterna.se\\\/kdsenior\\\/\"},{\"@type\":\"ListItem\",\"position\":2,\"name\":\"Kontakt och info\",\"item\":\"https:\\\/\\\/wp.kristdemokraterna.se\\\/kdsenior\\\/om-oss\\\/\"},{\"@type\":\"ListItem\",\"position\":3,\"name\":\"Kontakta oss\",\"item\":\"https:\\\/\\\/wp.kristdemokraterna.se\\\/kdsenior\\\/om-oss\\\/kontakta-oss\\\/\"},{\"@type\":\"ListItem\",\"position\":4,\"name\":\"TTPA\"}]},{\"@type\":\"WebSite\",\"@id\":\"https:\\\/\\\/wp.kristdemokraterna.se\\\/kdsenior\\\/#website\",\"url\":\"https:\\\/\\\/wp.kristdemokraterna.se\\\/kdsenior\\\/\",\"name\":\"KD Senior\",\"description\":\"Seniorer h\u00e5ller ihop Sverige!\",\"inLanguage\":\"sv-SE\"}]}<\/script>\n<!-- \/ Yoast SEO plugin. -->","yoast_head_json":{"title":"TTPA - KD Senior","robots":{"index":"index","follow":"follow","max-snippet":"max-snippet:-1","max-image-preview":"max-image-preview:large","max-video-preview":"max-video-preview:-1"},"canonical":"https:\/\/wp.kristdemokraterna.se\/kdsenior\/om-oss\/kontakta-oss\/ttpa\/","og_locale":"sv_SE","og_type":"article","og_title":"TTPA - KD Senior","og_description":"TTPA information Detta material \u00e4r politisk kommunikation f\u00f6r Kristdemokratiska Seniorf\u00f6rbundet. Annonsen har finansierats av Seniorf\u00f6rbundet och \u00e4r framtagen som en del av Kristdemokratiska Seniorf\u00f6rbundet KD Seniors informationsarbete. Syftet \u00e4r att ge saklig information om f\u00f6rbundets och Kristdemokraternas \u00e5sikter. F\u00f6r denna annons har ingen riktad m\u00e5lgrupps data anv\u00e4nts. Materialet \u00e4r framtaget f\u00f6r att n\u00e5 en bred Read More","og_url":"https:\/\/wp.kristdemokraterna.se\/kdsenior\/om-oss\/kontakta-oss\/ttpa\/","og_site_name":"KD Senior","article_modified_time":"2026-02-09T12:48:14+00:00","twitter_card":"summary_large_image","twitter_misc":{"Ber\u00e4knad l\u00e4stid":"1 minut"},"schema":{"@context":"https:\/\/schema.org","@graph":[{"@type":"WebPage","@id":"https:\/\/wp.kristdemokraterna.se\/kdsenior\/om-oss\/kontakta-oss\/ttpa\/","url":"https:\/\/wp.kristdemokraterna.se\/kdsenior\/om-oss\/kontakta-oss\/ttpa\/","name":"TTPA - KD Senior","isPartOf":{"@id":"https:\/\/wp.kristdemokraterna.se\/kdsenior\/#website"},"primaryImageOfPage":{"@id":"https:\/\/wp.kristdemokraterna.se\/kdsenior\/om-oss\/kontakta-oss\/ttpa\/#primaryimage"},"image":{"@id":"https:\/\/wp.kristdemokraterna.se\/kdsenior\/om-oss\/kontakta-oss\/ttpa\/#primaryimage"},"thumbnailUrl":"https:\/\/wp.kristdemokraterna.se\/kdsenior\/files\/2019\/01\/standard.png","datePublished":"2026-02-09T12:40:22+00:00","dateModified":"2026-02-09T12:48:14+00:00","breadcrumb":{"@id":"https:\/\/wp.kristdemokraterna.se\/kdsenior\/om-oss\/kontakta-oss\/ttpa\/#breadcrumb"},"inLanguage":"sv-SE","potentialAction":[{"@type":"ReadAction","target":["https:\/\/wp.kristdemokraterna.se\/kdsenior\/om-oss\/kontakta-oss\/ttpa\/"]}]},{"@type":"ImageObject","inLanguage":"sv-SE","@id":"https:\/\/wp.kristdemokraterna.se\/kdsenior\/om-oss\/kontakta-oss\/ttpa\/#primaryimage","url":"https:\/\/wp.kristdemokraterna.se\/kdsenior\/files\/2019\/01\/standard.png","contentUrl":"https:\/\/wp.kristdemokraterna.se\/kdsenior\/files\/2019\/01\/standard.png","width":770,"height":390},{"@type":"BreadcrumbList","@id":"https:\/\/wp.kristdemokraterna.se\/kdsenior\/om-oss\/kontakta-oss\/ttpa\/#breadcrumb","itemListElement":[{"@type":"ListItem","position":1,"name":"Hem","item":"https:\/\/wp.kristdemokraterna.se\/kdsenior\/"},{"@type":"ListItem","position":2,"name":"Kontakt och info","item":"https:\/\/wp.kristdemokraterna.se\/kdsenior\/om-oss\/"},{"@type":"ListItem","position":3,"name":"Kontakta oss","item":"https:\/\/wp.kristdemokraterna.se\/kdsenior\/om-oss\/kontakta-oss\/"},{"@type":"ListItem","position":4,"name":"TTPA"}]},{"@type":"WebSite","@id":"https:\/\/wp.kristdemokraterna.se\/kdsenior\/#website","url":"https:\/\/wp.kristdemokraterna.se\/kdsenior\/","name":"KD Senior","description":"Seniorer h\u00e5ller ihop Sverige!","inLanguage":"sv-SE"}]}},"_links":{"self":[{"href":"https:\/\/wp.kristdemokraterna.se\/kdsenior\/wp-json\/wp\/v2\/pages\/5828","targetHints":{"allow":["GET"]}}],"collection":[{"href":"https:\/\/wp.kristdemokraterna.se\/kdsenior\/wp-json\/wp\/v2\/pages"}],"about":[{"href":"https:\/\/wp.kristdemokraterna.se\/kdsenior\/wp-json\/wp\/v2\/types\/page"}],"author":[{"embeddable":true,"href":"https:\/\/wp.kristdemokraterna.se\/kdsenior\/wp-json\/wp\/v2\/users\/1088"}],"replies":[{"embeddable":true,"href":"https:\/\/wp.kristdemokraterna.se\/kdsenior\/wp-json\/wp\/v2\/comments?post=5828"}],"version-history":[{"count":2,"href":"https:\/\/wp.kristdemokraterna.se\/kdsenior\/wp-json\/wp\/v2\/pages\/5828\/revisions"}],"predecessor-version":[{"id":5830,"href":"https:\/\/wp.kristdemokraterna.se\/kdsenior\/wp-json\/wp\/v2\/pages\/5828\/revisions\/5830"}],"up":[{"embeddable":true,"href":"https:\/\/wp.kristdemokraterna.se\/kdsenior\/wp-json\/wp\/v2\/pages\/4120"}],"wp:featuredmedia":[{"embeddable":true,"href":"https:\/\/wp.kristdemokraterna.se\/kdsenior\/wp-json\/wp\/v2\/media\/4278"}],"wp:attachment":[{"href":"https:\/\/wp.kristdemokraterna.se\/kdsenior\/wp-json\/wp\/v2\/media?parent=5828"}],"curies":[{"name":"wp","href":"https:\/\/api.w.org\/{rel}","templated":true}]}}