{"id":352,"date":"2021-09-07T09:56:02","date_gmt":"2021-09-07T07:56:02","guid":{"rendered":"https:\/\/wp.kristdemokraterna.se\/kdseniorstockholm\/?page_id=352"},"modified":"2021-09-15T12:12:58","modified_gmt":"2021-09-15T10:12:58","slug":"kontakta-oss","status":"publish","type":"page","link":"https:\/\/wp.kristdemokraterna.se\/kdseniorstockholm\/kontakta-oss\/","title":{"rendered":"Kontakta oss!"},"content":{"rendered":"<p>Styrelsen 2021<\/p>\n<p><strong> KD Senior Stockholm stad och l\u00e4n<\/strong><\/p>\n<p><strong>\u00a0Bengt Hellstr\u00f6m<\/strong><br \/>\nOrdf\u00f6rande<br \/>\n<a href=\"mailto:Bengt.hellstrom@kristdemokraterna.se\"><strong>\u00a0Bengt.hellstrom@kristdemokraterna.se<\/strong><\/a><br \/>\n0702 16 08 22<\/p>\n<p><strong>Maria Wilhelmson<\/strong><\/p>\n<p><a href=\"mailto:maria.wilhelmson@gmail.com\"><strong>maria.wilhelmson@gmail.com<\/strong><\/a><\/p>\n<p><strong>Bertil Fredriksson<\/strong><\/p>\n<p><a href=\"mailto:b.fredriksson@hotmail.com\"><strong>b.fredriksson@hotmail.com<\/strong><\/a><\/p>\n<p><b>Ulf Kjellsson<\/b><\/p>\n<p><a href=\"mailto:ulf.kjellson@gmail.com\"><strong>ulf.kjellson@gmail.com<\/strong><\/a><\/p>\n<p><strong>Lars Hultkvist<\/strong><\/p>\n<p><a href=\"mailto:lars.hultkvist@gmail.com\"><strong>lars.hultkvist@gmail.com<\/strong><\/a><\/p>\n<p><strong>Eva Lanner\u00f6<\/strong><\/p>\n<p><a href=\"mailto:eva.lannero@interfilm.se\"><strong>eva.lannero@interfilm.se<\/strong><\/a><\/p>\n<p><strong>Sonia Lunnerg\u00e5rd<\/strong><\/p>\n<p><a href=\"mailto:sonia.lunnergard@gmail.com\"><strong>sonia.lunnergard@gmail.com<\/strong><\/a><\/p>\n<p><strong>Carina Stenbaek<\/strong><\/p>\n<p><a href=\"mailto:elliot.carina1@gmail.com\"><strong>elliot.carina1@gmail.com<\/strong><\/a><\/p>\n<p>&nbsp;<\/p>\n","protected":false},"excerpt":{"rendered":"<p>Styrelsen 2021 KD Senior Stockholm stad och l\u00e4n \u00a0Bengt Hellstr\u00f6m Ordf\u00f6rande \u00a0Bengt.hellstrom@kristdemokraterna.se 0702 16 08 22 Maria Wilhelmson maria.wilhelmson@gmail.com Bertil Fredriksson b.fredriksson@hotmail.com Ulf Kjellsson ulf.kjellson@gmail.com Lars Hultkvist lars.hultkvist@gmail.com Eva Lanner\u00f6 eva.lannero@interfilm.se Sonia Lunnerg\u00e5rd sonia.lunnergard@gmail.com Carina Stenbaek elliot.carina1@gmail.com &nbsp;<\/p>\n","protected":false},"author":2,"featured_media":0,"parent":0,"menu_order":0,"comment_status":"closed","ping_status":"closed","template":"page.php","meta":{"_acf_changed":false,"footnotes":""},"class_list":["post-352","page","type-page","status-publish","hentry"],"acf":[],"yoast_head":"<!-- This site is optimized with the Yoast SEO plugin v27.4 - https:\/\/yoast.com\/product\/yoast-seo-wordpress\/ -->\n<title>Kontakta oss! - KDSenior | Stockholm stad &amp; l\u00e4n<\/title>\n<meta name=\"robots\" content=\"index, follow, max-snippet:-1, max-image-preview:large, max-video-preview:-1\" \/>\n<link rel=\"canonical\" href=\"https:\/\/wp.kristdemokraterna.se\/kdseniorstockholm\/kontakta-oss\/\" \/>\n<meta property=\"og:locale\" content=\"sv_SE\" \/>\n<meta property=\"og:type\" content=\"article\" \/>\n<meta property=\"og:title\" content=\"Kontakta oss! - KDSenior | Stockholm stad &amp; l\u00e4n\" \/>\n<meta property=\"og:description\" content=\"Styrelsen 2021 KD Senior Stockholm stad och l\u00e4n \u00a0Bengt Hellstr\u00f6m Ordf\u00f6rande \u00a0Bengt.hellstrom@kristdemokraterna.se 0702 16 08 22 Maria Wilhelmson maria.wilhelmson@gmail.com Bertil Fredriksson b.fredriksson@hotmail.com Ulf Kjellsson ulf.kjellson@gmail.com Lars Hultkvist lars.hultkvist@gmail.com Eva Lanner\u00f6 eva.lannero@interfilm.se Sonia Lunnerg\u00e5rd sonia.lunnergard@gmail.com Carina Stenbaek elliot.carina1@gmail.com &nbsp;\" \/>\n<meta property=\"og:url\" content=\"https:\/\/wp.kristdemokraterna.se\/kdseniorstockholm\/kontakta-oss\/\" \/>\n<meta property=\"og:site_name\" content=\"KDSenior | Stockholm stad &amp; l\u00e4n\" \/>\n<meta property=\"article:modified_time\" content=\"2021-09-15T10:12:58+00:00\" \/>\n<meta name=\"twitter:card\" content=\"summary_large_image\" \/>\n<meta name=\"twitter:label1\" content=\"Ber\u00e4knad l\u00e4stid\" \/>\n\t<meta name=\"twitter:data1\" content=\"1 minut\" \/>\n<script type=\"application\/ld+json\" class=\"yoast-schema-graph\">{\"@context\":\"https:\\\/\\\/schema.org\",\"@graph\":[{\"@type\":\"WebPage\",\"@id\":\"https:\\\/\\\/wp.kristdemokraterna.se\\\/kdseniorstockholm\\\/kontakta-oss\\\/\",\"url\":\"https:\\\/\\\/wp.kristdemokraterna.se\\\/kdseniorstockholm\\\/kontakta-oss\\\/\",\"name\":\"Kontakta oss! - KDSenior | Stockholm stad &amp; l\u00e4n\",\"isPartOf\":{\"@id\":\"https:\\\/\\\/wp.kristdemokraterna.se\\\/kdseniorstockholm\\\/#website\"},\"datePublished\":\"2021-09-07T07:56:02+00:00\",\"dateModified\":\"2021-09-15T10:12:58+00:00\",\"breadcrumb\":{\"@id\":\"https:\\\/\\\/wp.kristdemokraterna.se\\\/kdseniorstockholm\\\/kontakta-oss\\\/#breadcrumb\"},\"inLanguage\":\"sv-SE\",\"potentialAction\":[{\"@type\":\"ReadAction\",\"target\":[\"https:\\\/\\\/wp.kristdemokraterna.se\\\/kdseniorstockholm\\\/kontakta-oss\\\/\"]}]},{\"@type\":\"BreadcrumbList\",\"@id\":\"https:\\\/\\\/wp.kristdemokraterna.se\\\/kdseniorstockholm\\\/kontakta-oss\\\/#breadcrumb\",\"itemListElement\":[{\"@type\":\"ListItem\",\"position\":1,\"name\":\"Hem\",\"item\":\"https:\\\/\\\/wp.kristdemokraterna.se\\\/kdseniorstockholm\\\/\"},{\"@type\":\"ListItem\",\"position\":2,\"name\":\"Kontakta oss!\"}]},{\"@type\":\"WebSite\",\"@id\":\"https:\\\/\\\/wp.kristdemokraterna.se\\\/kdseniorstockholm\\\/#website\",\"url\":\"https:\\\/\\\/wp.kristdemokraterna.se\\\/kdseniorstockholm\\\/\",\"name\":\"KDSenior | Stockholm stad &amp; l\u00e4n\",\"description\":\"En till Kristdemokraterna webbplats\",\"inLanguage\":\"sv-SE\"}]}<\/script>\n<!-- \/ Yoast SEO plugin. -->","yoast_head_json":{"title":"Kontakta oss! - KDSenior | Stockholm stad &amp; l\u00e4n","robots":{"index":"index","follow":"follow","max-snippet":"max-snippet:-1","max-image-preview":"max-image-preview:large","max-video-preview":"max-video-preview:-1"},"canonical":"https:\/\/wp.kristdemokraterna.se\/kdseniorstockholm\/kontakta-oss\/","og_locale":"sv_SE","og_type":"article","og_title":"Kontakta oss! - KDSenior | Stockholm stad &amp; l\u00e4n","og_description":"Styrelsen 2021 KD Senior Stockholm stad och l\u00e4n \u00a0Bengt Hellstr\u00f6m Ordf\u00f6rande \u00a0Bengt.hellstrom@kristdemokraterna.se 0702 16 08 22 Maria Wilhelmson maria.wilhelmson@gmail.com Bertil Fredriksson b.fredriksson@hotmail.com Ulf Kjellsson ulf.kjellson@gmail.com Lars Hultkvist lars.hultkvist@gmail.com Eva Lanner\u00f6 eva.lannero@interfilm.se Sonia Lunnerg\u00e5rd sonia.lunnergard@gmail.com Carina Stenbaek elliot.carina1@gmail.com &nbsp;","og_url":"https:\/\/wp.kristdemokraterna.se\/kdseniorstockholm\/kontakta-oss\/","og_site_name":"KDSenior | Stockholm stad &amp; l\u00e4n","article_modified_time":"2021-09-15T10:12:58+00:00","twitter_card":"summary_large_image","twitter_misc":{"Ber\u00e4knad l\u00e4stid":"1 minut"},"schema":{"@context":"https:\/\/schema.org","@graph":[{"@type":"WebPage","@id":"https:\/\/wp.kristdemokraterna.se\/kdseniorstockholm\/kontakta-oss\/","url":"https:\/\/wp.kristdemokraterna.se\/kdseniorstockholm\/kontakta-oss\/","name":"Kontakta oss! - KDSenior | Stockholm stad &amp; l\u00e4n","isPartOf":{"@id":"https:\/\/wp.kristdemokraterna.se\/kdseniorstockholm\/#website"},"datePublished":"2021-09-07T07:56:02+00:00","dateModified":"2021-09-15T10:12:58+00:00","breadcrumb":{"@id":"https:\/\/wp.kristdemokraterna.se\/kdseniorstockholm\/kontakta-oss\/#breadcrumb"},"inLanguage":"sv-SE","potentialAction":[{"@type":"ReadAction","target":["https:\/\/wp.kristdemokraterna.se\/kdseniorstockholm\/kontakta-oss\/"]}]},{"@type":"BreadcrumbList","@id":"https:\/\/wp.kristdemokraterna.se\/kdseniorstockholm\/kontakta-oss\/#breadcrumb","itemListElement":[{"@type":"ListItem","position":1,"name":"Hem","item":"https:\/\/wp.kristdemokraterna.se\/kdseniorstockholm\/"},{"@type":"ListItem","position":2,"name":"Kontakta oss!"}]},{"@type":"WebSite","@id":"https:\/\/wp.kristdemokraterna.se\/kdseniorstockholm\/#website","url":"https:\/\/wp.kristdemokraterna.se\/kdseniorstockholm\/","name":"KDSenior | Stockholm stad &amp; l\u00e4n","description":"En till Kristdemokraterna webbplats","inLanguage":"sv-SE"}]}},"_links":{"self":[{"href":"https:\/\/wp.kristdemokraterna.se\/kdseniorstockholm\/wp-json\/wp\/v2\/pages\/352","targetHints":{"allow":["GET"]}}],"collection":[{"href":"https:\/\/wp.kristdemokraterna.se\/kdseniorstockholm\/wp-json\/wp\/v2\/pages"}],"about":[{"href":"https:\/\/wp.kristdemokraterna.se\/kdseniorstockholm\/wp-json\/wp\/v2\/types\/page"}],"author":[{"embeddable":true,"href":"https:\/\/wp.kristdemokraterna.se\/kdseniorstockholm\/wp-json\/wp\/v2\/users\/2"}],"replies":[{"embeddable":true,"href":"https:\/\/wp.kristdemokraterna.se\/kdseniorstockholm\/wp-json\/wp\/v2\/comments?post=352"}],"version-history":[{"count":17,"href":"https:\/\/wp.kristdemokraterna.se\/kdseniorstockholm\/wp-json\/wp\/v2\/pages\/352\/revisions"}],"predecessor-version":[{"id":617,"href":"https:\/\/wp.kristdemokraterna.se\/kdseniorstockholm\/wp-json\/wp\/v2\/pages\/352\/revisions\/617"}],"wp:attachment":[{"href":"https:\/\/wp.kristdemokraterna.se\/kdseniorstockholm\/wp-json\/wp\/v2\/media?parent=352"}],"curies":[{"name":"wp","href":"https:\/\/api.w.org\/{rel}","templated":true}]}}