{"id":172,"date":"2014-09-25T12:27:59","date_gmt":"2014-09-25T10:27:59","guid":{"rendered":"http:\/\/wp.kristdemokraterna.se\/kinda\/?page_id=172"},"modified":"2018-07-23T20:03:08","modified_gmt":"2018-07-23T18:03:08","slug":"fortroendevalda-2014-2018","status":"publish","type":"page","link":"https:\/\/wp.kristdemokraterna.se\/kinda\/kontakta-oss\/fortroendevalda-2014-2018\/","title":{"rendered":"F\u00f6rtroendevalda 2014-2018"},"content":{"rendered":"<p style=\"text-align: right\"><em>Kinda kommun 2014-2018 <\/em><\/p>\n<p style=\"text-align: left\">I valet till kommunfullm\u00e4ktige i Kinda 2014 fick Kristdemokraterna 5,42 % av r\u00f6sterna. Det gav oss f\u00f6ljande representation i n\u00e4mnder och styrelser i Kinda kommun f\u00f6r mandatperioden 2014-2018.<\/p>\n<p><strong>Kommunfullm\u00e4ktige <\/strong>\u00a0(<span style=\"color: #ff0000\">tom 14 okt 2018<\/span>)<br \/>\nLena K\u00e4cker Johansson, ordf\u00f6rande<br \/>\nKalle Sandell, ledamot<br \/>\nIngevald Abrahamsson, 1:e ers\u00e4ttare<br \/>\nAnna Karlsson, 2:e ers\u00e4ttare (fr.o.m 6 nov 2014)<\/p>\n<p><em>Birgitta Olaison, 2:e ers\u00e4ttare (15 okt 2014 &#8211; 27 okt 2014)<\/em><\/p>\n<p><strong>Valberedning<\/strong> (<span style=\"color: #ff0000\">tom 14 okt 2018<\/span>)<br \/>\nIngevald Abrahamsson, ledamot<\/p>\n<p><strong>Kommunstyrelsen<\/strong><br \/>\nB\u00f6rje Karlsson, ers\u00e4ttare<\/p>\n<p><strong>Socialn\u00e4mnden<\/strong><br \/>\nCarin Olsson, 1:e vice ordf\u00f6rande, ledamot<br \/>\nMinka Eriksson, ers\u00e4ttare<\/p>\n<p><strong>Barn\u2010 och utbildningsn\u00e4mnden<\/strong><br \/>\nTobias Jansson, ledamot<br \/>\nMarita Forsman, ers\u00e4ttare<\/p>\n<p><strong>Milj\u00f6\u2010, bygg\u2010 och r\u00e4ddningsn\u00e4mnden<\/strong><br \/>\nIngevald Abrahamsson, ers\u00e4ttare<\/p>\n<p><strong>Kultur\u2010 och fritidsn\u00e4mnden<\/strong><br \/>\nAnna Karlsson, ers\u00e4ttare<\/p>\n<p><strong>Valn\u00e4mnden<\/strong><br \/>\nAnders Olaison, ers\u00e4ttare<\/p>\n<p><strong>Revisorer<br \/>\n<\/strong>Allan Westerdahl, ledamot<\/p>\n<p><strong>Budgetberedning f\u00f6r kommunrevisionen 2015\u20102018<\/strong><br \/>\nLena K\u00e4cker Johansson, ledamot<\/p>\n<p><strong>Styrelsen f\u00f6r Stiftelsen Kindahus<\/strong> (<a href=\"http:\/\/www.kindahus.se\/\" target=\"_blank\" rel=\"noopener\">&gt;&gt;<\/a>)<br \/>\nAsha Sandell, ers\u00e4ttare<\/p>\n<p><strong>Huvudm\u00e4n i Kinda-Ydre Sparbank<\/strong> (fr. \u00e5rssammantr\u00e4det 2015\u20102018) (<a href=\"http:\/\/www.kindaydresparbank.se\" target=\"_blank\" rel=\"noopener\">&gt;&gt;<\/a>)<br \/>\nAnders Olaison, ombud<\/p>\n<p>&nbsp;<\/p>\n<hr \/>\n<p style=\"text-align: right\"><em>Region \u00d6sterg\u00f6tland 2014-2018<\/em><br \/>\n<em>Valkrets 3 Kinda-\u00c5tvid-Valdemarsvik-S\u00f6derk\u00f6ping<\/em><\/p>\n<p><strong>Regionfullm\u00e4ktige\u00a0<\/strong> (<span style=\"color: #ff0000\">tom 31 okt 2018<\/span>)<br \/>\nLena K\u00e4cker Johansson, ledamot<\/p>\n<p><strong>H\u00e4lso- och sjukv\u00e5rdsn\u00e4mnden <\/strong>&#8221;HSN&#8221;<br \/>\nLena K\u00e4cker Johansson, ers\u00e4ttare<\/p>\n<p><strong>HSN:s beredning f\u00f6r behovsstyrning<\/strong><br \/>\nLena K\u00e4cker Johansson, ledamot<\/p>\n<p><strong>N\u00e4tverket f\u00f6r H\u00e4lsa- och demokrati<\/strong><br \/>\nLena K\u00e4cker Johansson, ledamot<\/p>\n<p><strong>Natur- och fruiluftsr\u00e5det<\/strong><br \/>\nLena K\u00e4cker Johansson, vice ordf\u00f6rande, ledamot<\/p>\n<p>&nbsp;<\/p>\n<hr \/>\n<p style=\"text-align: right\"><em>Sveriges Riksdag 2014-2018<br \/>\nValkrets \u00d6sterg\u00f6tlands l\u00e4n\u00a0<\/em><\/p>\n<p style=\"text-align: left\"><strong>Riksdagen<\/strong><br \/>\nLena K\u00e4cker Johansson, 3:e ers\u00e4ttare<em><br \/>\n<\/em><\/p>\n","protected":false},"excerpt":{"rendered":"<p>Kinda kommun 2014-2018 I valet till kommunfullm\u00e4ktige i Kinda 2014 fick Kristdemokraterna 5,42 % av r\u00f6sterna. Det gav oss f\u00f6ljande representation i n\u00e4mnder och styrelser i Kinda kommun f\u00f6r mandatperioden 2014-2018. Kommunfullm\u00e4ktige \u00a0(tom 14 okt 2018) Lena K\u00e4cker Johansson, ordf\u00f6rande Kalle Sandell, ledamot Ingevald Abrahamsson, 1:e ers\u00e4ttare Anna Karlsson, 2:e ers\u00e4ttare (fr.o.m 6 nov 2014) <a class=\"read-more-link\" href=\"https:\/\/wp.kristdemokraterna.se\/kinda\/kontakta-oss\/fortroendevalda-2014-2018\/\">Read More<\/a><\/p>\n","protected":false},"author":670,"featured_media":0,"parent":19,"menu_order":0,"comment_status":"closed","ping_status":"closed","template":"page-full.php","meta":{"_acf_changed":false,"footnotes":""},"class_list":["post-172","page","type-page","status-publish","hentry"],"acf":[],"yoast_head":"<!-- This site is optimized with the Yoast SEO plugin v27.4 - https:\/\/yoast.com\/product\/yoast-seo-wordpress\/ -->\n<title>F\u00f6rtroendevalda 2014-2018 - Kinda<\/title>\n<meta name=\"robots\" content=\"index, follow, max-snippet:-1, max-image-preview:large, max-video-preview:-1\" \/>\n<link rel=\"canonical\" href=\"https:\/\/wp.kristdemokraterna.se\/kinda\/kontakta-oss\/fortroendevalda-2014-2018\/\" \/>\n<meta property=\"og:locale\" content=\"sv_SE\" \/>\n<meta property=\"og:type\" content=\"article\" \/>\n<meta property=\"og:title\" content=\"F\u00f6rtroendevalda 2014-2018 - Kinda\" \/>\n<meta property=\"og:description\" content=\"Kinda kommun 2014-2018 I valet till kommunfullm\u00e4ktige i Kinda 2014 fick Kristdemokraterna 5,42 % av r\u00f6sterna. Det gav oss f\u00f6ljande representation i n\u00e4mnder och styrelser i Kinda kommun f\u00f6r mandatperioden 2014-2018. Kommunfullm\u00e4ktige \u00a0(tom 14 okt 2018) Lena K\u00e4cker Johansson, ordf\u00f6rande Kalle Sandell, ledamot Ingevald Abrahamsson, 1:e ers\u00e4ttare Anna Karlsson, 2:e ers\u00e4ttare (fr.o.m 6 nov 2014) Read More\" \/>\n<meta property=\"og:url\" content=\"https:\/\/wp.kristdemokraterna.se\/kinda\/kontakta-oss\/fortroendevalda-2014-2018\/\" \/>\n<meta property=\"og:site_name\" content=\"Kinda\" \/>\n<meta property=\"article:modified_time\" content=\"2018-07-23T18:03:08+00:00\" \/>\n<meta name=\"twitter:card\" content=\"summary_large_image\" \/>\n<meta name=\"twitter:label1\" content=\"Ber\u00e4knad l\u00e4stid\" \/>\n\t<meta name=\"twitter:data1\" content=\"1 minut\" \/>\n<script type=\"application\/ld+json\" class=\"yoast-schema-graph\">{\"@context\":\"https:\\\/\\\/schema.org\",\"@graph\":[{\"@type\":\"WebPage\",\"@id\":\"https:\\\/\\\/wp.kristdemokraterna.se\\\/kinda\\\/kontakta-oss\\\/fortroendevalda-2014-2018\\\/\",\"url\":\"https:\\\/\\\/wp.kristdemokraterna.se\\\/kinda\\\/kontakta-oss\\\/fortroendevalda-2014-2018\\\/\",\"name\":\"F\u00f6rtroendevalda 2014-2018 - Kinda\",\"isPartOf\":{\"@id\":\"https:\\\/\\\/wp.kristdemokraterna.se\\\/kinda\\\/#website\"},\"datePublished\":\"2014-09-25T10:27:59+00:00\",\"dateModified\":\"2018-07-23T18:03:08+00:00\",\"breadcrumb\":{\"@id\":\"https:\\\/\\\/wp.kristdemokraterna.se\\\/kinda\\\/kontakta-oss\\\/fortroendevalda-2014-2018\\\/#breadcrumb\"},\"inLanguage\":\"sv-SE\",\"potentialAction\":[{\"@type\":\"ReadAction\",\"target\":[\"https:\\\/\\\/wp.kristdemokraterna.se\\\/kinda\\\/kontakta-oss\\\/fortroendevalda-2014-2018\\\/\"]}]},{\"@type\":\"BreadcrumbList\",\"@id\":\"https:\\\/\\\/wp.kristdemokraterna.se\\\/kinda\\\/kontakta-oss\\\/fortroendevalda-2014-2018\\\/#breadcrumb\",\"itemListElement\":[{\"@type\":\"ListItem\",\"position\":1,\"name\":\"Hem\",\"item\":\"https:\\\/\\\/wp.kristdemokraterna.se\\\/kinda\\\/\"},{\"@type\":\"ListItem\",\"position\":2,\"name\":\"Privat: Kontakta oss (2)\",\"item\":\"https:\\\/\\\/wp.kristdemokraterna.se\\\/kinda\\\/?page_id=19\"},{\"@type\":\"ListItem\",\"position\":3,\"name\":\"F\u00f6rtroendevalda 2014-2018\"}]},{\"@type\":\"WebSite\",\"@id\":\"https:\\\/\\\/wp.kristdemokraterna.se\\\/kinda\\\/#website\",\"url\":\"https:\\\/\\\/wp.kristdemokraterna.se\\\/kinda\\\/\",\"name\":\"Kinda\",\"description\":\"Kristdemokraterna\",\"inLanguage\":\"sv-SE\"}]}<\/script>\n<!-- \/ Yoast SEO plugin. -->","yoast_head_json":{"title":"F\u00f6rtroendevalda 2014-2018 - Kinda","robots":{"index":"index","follow":"follow","max-snippet":"max-snippet:-1","max-image-preview":"max-image-preview:large","max-video-preview":"max-video-preview:-1"},"canonical":"https:\/\/wp.kristdemokraterna.se\/kinda\/kontakta-oss\/fortroendevalda-2014-2018\/","og_locale":"sv_SE","og_type":"article","og_title":"F\u00f6rtroendevalda 2014-2018 - Kinda","og_description":"Kinda kommun 2014-2018 I valet till kommunfullm\u00e4ktige i Kinda 2014 fick Kristdemokraterna 5,42 % av r\u00f6sterna. Det gav oss f\u00f6ljande representation i n\u00e4mnder och styrelser i Kinda kommun f\u00f6r mandatperioden 2014-2018. Kommunfullm\u00e4ktige \u00a0(tom 14 okt 2018) Lena K\u00e4cker Johansson, ordf\u00f6rande Kalle Sandell, ledamot Ingevald Abrahamsson, 1:e ers\u00e4ttare Anna Karlsson, 2:e ers\u00e4ttare (fr.o.m 6 nov 2014) Read More","og_url":"https:\/\/wp.kristdemokraterna.se\/kinda\/kontakta-oss\/fortroendevalda-2014-2018\/","og_site_name":"Kinda","article_modified_time":"2018-07-23T18:03:08+00:00","twitter_card":"summary_large_image","twitter_misc":{"Ber\u00e4knad l\u00e4stid":"1 minut"},"schema":{"@context":"https:\/\/schema.org","@graph":[{"@type":"WebPage","@id":"https:\/\/wp.kristdemokraterna.se\/kinda\/kontakta-oss\/fortroendevalda-2014-2018\/","url":"https:\/\/wp.kristdemokraterna.se\/kinda\/kontakta-oss\/fortroendevalda-2014-2018\/","name":"F\u00f6rtroendevalda 2014-2018 - Kinda","isPartOf":{"@id":"https:\/\/wp.kristdemokraterna.se\/kinda\/#website"},"datePublished":"2014-09-25T10:27:59+00:00","dateModified":"2018-07-23T18:03:08+00:00","breadcrumb":{"@id":"https:\/\/wp.kristdemokraterna.se\/kinda\/kontakta-oss\/fortroendevalda-2014-2018\/#breadcrumb"},"inLanguage":"sv-SE","potentialAction":[{"@type":"ReadAction","target":["https:\/\/wp.kristdemokraterna.se\/kinda\/kontakta-oss\/fortroendevalda-2014-2018\/"]}]},{"@type":"BreadcrumbList","@id":"https:\/\/wp.kristdemokraterna.se\/kinda\/kontakta-oss\/fortroendevalda-2014-2018\/#breadcrumb","itemListElement":[{"@type":"ListItem","position":1,"name":"Hem","item":"https:\/\/wp.kristdemokraterna.se\/kinda\/"},{"@type":"ListItem","position":2,"name":"Privat: Kontakta oss (2)","item":"https:\/\/wp.kristdemokraterna.se\/kinda\/?page_id=19"},{"@type":"ListItem","position":3,"name":"F\u00f6rtroendevalda 2014-2018"}]},{"@type":"WebSite","@id":"https:\/\/wp.kristdemokraterna.se\/kinda\/#website","url":"https:\/\/wp.kristdemokraterna.se\/kinda\/","name":"Kinda","description":"Kristdemokraterna","inLanguage":"sv-SE"}]}},"_links":{"self":[{"href":"https:\/\/wp.kristdemokraterna.se\/kinda\/wp-json\/wp\/v2\/pages\/172","targetHints":{"allow":["GET"]}}],"collection":[{"href":"https:\/\/wp.kristdemokraterna.se\/kinda\/wp-json\/wp\/v2\/pages"}],"about":[{"href":"https:\/\/wp.kristdemokraterna.se\/kinda\/wp-json\/wp\/v2\/types\/page"}],"author":[{"embeddable":true,"href":"https:\/\/wp.kristdemokraterna.se\/kinda\/wp-json\/wp\/v2\/users\/670"}],"replies":[{"embeddable":true,"href":"https:\/\/wp.kristdemokraterna.se\/kinda\/wp-json\/wp\/v2\/comments?post=172"}],"version-history":[{"count":24,"href":"https:\/\/wp.kristdemokraterna.se\/kinda\/wp-json\/wp\/v2\/pages\/172\/revisions"}],"predecessor-version":[{"id":462,"href":"https:\/\/wp.kristdemokraterna.se\/kinda\/wp-json\/wp\/v2\/pages\/172\/revisions\/462"}],"up":[{"embeddable":true,"href":"https:\/\/wp.kristdemokraterna.se\/kinda\/wp-json\/wp\/v2\/pages\/19"}],"wp:attachment":[{"href":"https:\/\/wp.kristdemokraterna.se\/kinda\/wp-json\/wp\/v2\/media?parent=172"}],"curies":[{"name":"wp","href":"https:\/\/api.w.org\/{rel}","templated":true}]}}