{"id":366,"date":"2020-07-09T16:00:30","date_gmt":"2020-07-09T14:00:30","guid":{"rendered":"http:\/\/wp.kristdemokraterna.se\/kinda\/?page_id=366"},"modified":"2020-07-09T17:00:25","modified_gmt":"2020-07-09T15:00:25","slug":"stadgar","status":"publish","type":"page","link":"https:\/\/wp.kristdemokraterna.se\/kinda\/om-oss\/stadgar\/","title":{"rendered":"V\u00e5ra stadgar"},"content":{"rendered":"<p>Stadgar \u00e4r beteckningen p\u00e5 de interna regler som g\u00e4ller f\u00f6r en f\u00f6rening eller en organisation. Stadgarna har framf\u00f6r allt betydelse f\u00f6r det praktiska arbetet i organisationen och f\u00f6r att ge riktlinjer f\u00f6r verksamheten.<\/p>\n<p>Kristdemokraternas stadgar antogs av Kristdemokraternas h\u00f6gsta beslutande organ, rikstinget, \u00e5r 2015 och 2017 och blev sedan reviderade p\u00e5 rikstinget, \u00e5r 2019.<\/p>\n<p>&gt;\u00a0<a href=\"http:\/\/wp.kristdemokraterna.se\/kinda\/files\/2020\/07\/stadgar_kristdemokraterna_2019.pdf\" target=\"_blank\" rel=\"noopener noreferrer\">stadgar_kristdemokraterna_2019<\/a>\u00a0(pdf)<\/p>\n","protected":false},"excerpt":{"rendered":"<p>Stadgar \u00e4r beteckningen p\u00e5 de interna regler som g\u00e4ller f\u00f6r en f\u00f6rening eller en organisation. Stadgarna har framf\u00f6r allt betydelse f\u00f6r det praktiska arbetet i organisationen och f\u00f6r att ge riktlinjer f\u00f6r verksamheten. Kristdemokraternas stadgar antogs av Kristdemokraternas h\u00f6gsta beslutande organ, rikstinget, \u00e5r 2015 och 2017 och blev sedan reviderade p\u00e5 rikstinget, \u00e5r 2019. &gt;\u00a0stadgar_kristdemokraterna_2019\u00a0(pdf)<\/p>\n","protected":false},"author":670,"featured_media":0,"parent":354,"menu_order":0,"comment_status":"closed","ping_status":"closed","template":"","meta":{"_acf_changed":false,"footnotes":""},"class_list":["post-366","page","type-page","status-publish","hentry"],"acf":[],"yoast_head":"<!-- This site is optimized with the Yoast SEO plugin v27.4 - https:\/\/yoast.com\/product\/yoast-seo-wordpress\/ -->\n<title>V\u00e5ra stadgar - Kinda<\/title>\n<meta name=\"robots\" content=\"index, follow, max-snippet:-1, max-image-preview:large, max-video-preview:-1\" \/>\n<link rel=\"canonical\" href=\"https:\/\/wp.kristdemokraterna.se\/kinda\/om-oss\/stadgar\/\" \/>\n<meta property=\"og:locale\" content=\"sv_SE\" \/>\n<meta property=\"og:type\" content=\"article\" \/>\n<meta property=\"og:title\" content=\"V\u00e5ra stadgar - Kinda\" \/>\n<meta property=\"og:description\" content=\"Stadgar \u00e4r beteckningen p\u00e5 de interna regler som g\u00e4ller f\u00f6r en f\u00f6rening eller en organisation. Stadgarna har framf\u00f6r allt betydelse f\u00f6r det praktiska arbetet i organisationen och f\u00f6r att ge riktlinjer f\u00f6r verksamheten. Kristdemokraternas stadgar antogs av Kristdemokraternas h\u00f6gsta beslutande organ, rikstinget, \u00e5r 2015 och 2017 och blev sedan reviderade p\u00e5 rikstinget, \u00e5r 2019. &gt;\u00a0stadgar_kristdemokraterna_2019\u00a0(pdf)\" \/>\n<meta property=\"og:url\" content=\"https:\/\/wp.kristdemokraterna.se\/kinda\/om-oss\/stadgar\/\" \/>\n<meta property=\"og:site_name\" content=\"Kinda\" \/>\n<meta property=\"article:modified_time\" content=\"2020-07-09T15:00:25+00:00\" \/>\n<meta name=\"twitter:card\" content=\"summary_large_image\" \/>\n<script type=\"application\/ld+json\" class=\"yoast-schema-graph\">{\"@context\":\"https:\\\/\\\/schema.org\",\"@graph\":[{\"@type\":\"WebPage\",\"@id\":\"https:\\\/\\\/wp.kristdemokraterna.se\\\/kinda\\\/om-oss\\\/stadgar\\\/\",\"url\":\"https:\\\/\\\/wp.kristdemokraterna.se\\\/kinda\\\/om-oss\\\/stadgar\\\/\",\"name\":\"V\u00e5ra stadgar - Kinda\",\"isPartOf\":{\"@id\":\"https:\\\/\\\/wp.kristdemokraterna.se\\\/kinda\\\/#website\"},\"datePublished\":\"2020-07-09T14:00:30+00:00\",\"dateModified\":\"2020-07-09T15:00:25+00:00\",\"breadcrumb\":{\"@id\":\"https:\\\/\\\/wp.kristdemokraterna.se\\\/kinda\\\/om-oss\\\/stadgar\\\/#breadcrumb\"},\"inLanguage\":\"sv-SE\",\"potentialAction\":[{\"@type\":\"ReadAction\",\"target\":[\"https:\\\/\\\/wp.kristdemokraterna.se\\\/kinda\\\/om-oss\\\/stadgar\\\/\"]}]},{\"@type\":\"BreadcrumbList\",\"@id\":\"https:\\\/\\\/wp.kristdemokraterna.se\\\/kinda\\\/om-oss\\\/stadgar\\\/#breadcrumb\",\"itemListElement\":[{\"@type\":\"ListItem\",\"position\":1,\"name\":\"Hem\",\"item\":\"https:\\\/\\\/wp.kristdemokraterna.se\\\/kinda\\\/\"},{\"@type\":\"ListItem\",\"position\":2,\"name\":\"V\u00e5r Partiavdelning\",\"item\":\"https:\\\/\\\/wp.kristdemokraterna.se\\\/kinda\\\/om-oss\\\/\"},{\"@type\":\"ListItem\",\"position\":3,\"name\":\"V\u00e5ra stadgar\"}]},{\"@type\":\"WebSite\",\"@id\":\"https:\\\/\\\/wp.kristdemokraterna.se\\\/kinda\\\/#website\",\"url\":\"https:\\\/\\\/wp.kristdemokraterna.se\\\/kinda\\\/\",\"name\":\"Kinda\",\"description\":\"Kristdemokraterna\",\"inLanguage\":\"sv-SE\"}]}<\/script>\n<!-- \/ Yoast SEO plugin. -->","yoast_head_json":{"title":"V\u00e5ra stadgar - Kinda","robots":{"index":"index","follow":"follow","max-snippet":"max-snippet:-1","max-image-preview":"max-image-preview:large","max-video-preview":"max-video-preview:-1"},"canonical":"https:\/\/wp.kristdemokraterna.se\/kinda\/om-oss\/stadgar\/","og_locale":"sv_SE","og_type":"article","og_title":"V\u00e5ra stadgar - Kinda","og_description":"Stadgar \u00e4r beteckningen p\u00e5 de interna regler som g\u00e4ller f\u00f6r en f\u00f6rening eller en organisation. Stadgarna har framf\u00f6r allt betydelse f\u00f6r det praktiska arbetet i organisationen och f\u00f6r att ge riktlinjer f\u00f6r verksamheten. Kristdemokraternas stadgar antogs av Kristdemokraternas h\u00f6gsta beslutande organ, rikstinget, \u00e5r 2015 och 2017 och blev sedan reviderade p\u00e5 rikstinget, \u00e5r 2019. &gt;\u00a0stadgar_kristdemokraterna_2019\u00a0(pdf)","og_url":"https:\/\/wp.kristdemokraterna.se\/kinda\/om-oss\/stadgar\/","og_site_name":"Kinda","article_modified_time":"2020-07-09T15:00:25+00:00","twitter_card":"summary_large_image","schema":{"@context":"https:\/\/schema.org","@graph":[{"@type":"WebPage","@id":"https:\/\/wp.kristdemokraterna.se\/kinda\/om-oss\/stadgar\/","url":"https:\/\/wp.kristdemokraterna.se\/kinda\/om-oss\/stadgar\/","name":"V\u00e5ra stadgar - Kinda","isPartOf":{"@id":"https:\/\/wp.kristdemokraterna.se\/kinda\/#website"},"datePublished":"2020-07-09T14:00:30+00:00","dateModified":"2020-07-09T15:00:25+00:00","breadcrumb":{"@id":"https:\/\/wp.kristdemokraterna.se\/kinda\/om-oss\/stadgar\/#breadcrumb"},"inLanguage":"sv-SE","potentialAction":[{"@type":"ReadAction","target":["https:\/\/wp.kristdemokraterna.se\/kinda\/om-oss\/stadgar\/"]}]},{"@type":"BreadcrumbList","@id":"https:\/\/wp.kristdemokraterna.se\/kinda\/om-oss\/stadgar\/#breadcrumb","itemListElement":[{"@type":"ListItem","position":1,"name":"Hem","item":"https:\/\/wp.kristdemokraterna.se\/kinda\/"},{"@type":"ListItem","position":2,"name":"V\u00e5r Partiavdelning","item":"https:\/\/wp.kristdemokraterna.se\/kinda\/om-oss\/"},{"@type":"ListItem","position":3,"name":"V\u00e5ra stadgar"}]},{"@type":"WebSite","@id":"https:\/\/wp.kristdemokraterna.se\/kinda\/#website","url":"https:\/\/wp.kristdemokraterna.se\/kinda\/","name":"Kinda","description":"Kristdemokraterna","inLanguage":"sv-SE"}]}},"_links":{"self":[{"href":"https:\/\/wp.kristdemokraterna.se\/kinda\/wp-json\/wp\/v2\/pages\/366","targetHints":{"allow":["GET"]}}],"collection":[{"href":"https:\/\/wp.kristdemokraterna.se\/kinda\/wp-json\/wp\/v2\/pages"}],"about":[{"href":"https:\/\/wp.kristdemokraterna.se\/kinda\/wp-json\/wp\/v2\/types\/page"}],"author":[{"embeddable":true,"href":"https:\/\/wp.kristdemokraterna.se\/kinda\/wp-json\/wp\/v2\/users\/670"}],"replies":[{"embeddable":true,"href":"https:\/\/wp.kristdemokraterna.se\/kinda\/wp-json\/wp\/v2\/comments?post=366"}],"version-history":[{"count":7,"href":"https:\/\/wp.kristdemokraterna.se\/kinda\/wp-json\/wp\/v2\/pages\/366\/revisions"}],"predecessor-version":[{"id":503,"href":"https:\/\/wp.kristdemokraterna.se\/kinda\/wp-json\/wp\/v2\/pages\/366\/revisions\/503"}],"up":[{"embeddable":true,"href":"https:\/\/wp.kristdemokraterna.se\/kinda\/wp-json\/wp\/v2\/pages\/354"}],"wp:attachment":[{"href":"https:\/\/wp.kristdemokraterna.se\/kinda\/wp-json\/wp\/v2\/media?parent=366"}],"curies":[{"name":"wp","href":"https:\/\/api.w.org\/{rel}","templated":true}]}}

Våra stadgar

<p>Stadgar är beteckningen på de interna regler som gäller för en förening eller en organisation. Stadgarna har framför allt betydelse för det praktiska arbetet i organisationen och för att ge riktlinjer för verksamheten.</p>
<p>Kristdemokraternas stadgar antogs av Kristdemokraternas högsta beslutande organ, rikstinget, år 2015 och 2017 och blev sedan reviderade på rikstinget, år 2019.</p>
<p>&gt; <a href="http://wp.kristdemokraterna.se/kinda/files/2020/07/stadgar_kristdemokraterna_2019.pdf" target="_blank" rel="noopener noreferrer">stadgar_kristdemokraterna_2019</a> (pdf)</p>

<p>Stadgar är beteckningen på de interna regler som gäller för en förening eller en organisation. Stadgarna har framför allt betydelse för det praktiska arbetet i organisationen och för att ge riktlinjer för verksamheten. Kristdemokraternas stadgar antogs av Kristdemokraternas högsta beslutande organ, rikstinget, år 2015 och 2017 och blev sedan reviderade på rikstinget, år 2019. &gt; stadgar_kristdemokraterna_2019 (pdf)</p>

<!-- This site is optimized with the Yoast SEO plugin v27.4 - https://yoast.com/product/yoast-seo-wordpress/ -->
<title>Våra stadgar - Kinda</title>
<meta name="robots" content="index, follow, max-snippet:-1, max-image-preview:large, max-video-preview:-1" />
<link rel="canonical" href="https://wp.kristdemokraterna.se/kinda/om-oss/stadgar/" />
<meta property="og:locale" content="sv_SE" />
<meta property="og:type" content="article" />
<meta property="og:title" content="Våra stadgar - Kinda" />
<meta property="og:description" content="Stadgar är beteckningen på de interna regler som gäller för en förening eller en organisation. Stadgarna har framför allt betydelse för det praktiska arbetet i organisationen och för att ge riktlinjer för verksamheten. Kristdemokraternas stadgar antogs av Kristdemokraternas högsta beslutande organ, rikstinget, år 2015 och 2017 och blev sedan reviderade på rikstinget, år 2019. &gt; stadgar_kristdemokraterna_2019 (pdf)" />
<meta property="og:url" content="https://wp.kristdemokraterna.se/kinda/om-oss/stadgar/" />
<meta property="og:site_name" content="Kinda" />
<meta property="article:modified_time" content="2020-07-09T15:00:25+00:00" />
<meta name="twitter:card" content="summary_large_image" />
<script type="application/ld+json" class="yoast-schema-graph">{"@context":"https:\/\/schema.org","@graph":[{"@type":"WebPage","@id":"https:\/\/wp.kristdemokraterna.se\/kinda\/om-oss\/stadgar\/","url":"https:\/\/wp.kristdemokraterna.se\/kinda\/om-oss\/stadgar\/","name":"Våra stadgar - Kinda","isPartOf":{"@id":"https:\/\/wp.kristdemokraterna.se\/kinda\/#website"},"datePublished":"2020-07-09T14:00:30+00:00","dateModified":"2020-07-09T15:00:25+00:00","breadcrumb":{"@id":"https:\/\/wp.kristdemokraterna.se\/kinda\/om-oss\/stadgar\/#breadcrumb"},"inLanguage":"sv-SE","potentialAction":[{"@type":"ReadAction","target":["https:\/\/wp.kristdemokraterna.se\/kinda\/om-oss\/stadgar\/"]}]},{"@type":"BreadcrumbList","@id":"https:\/\/wp.kristdemokraterna.se\/kinda\/om-oss\/stadgar\/#breadcrumb","itemListElement":[{"@type":"ListItem","position":1,"name":"Hem","item":"https:\/\/wp.kristdemokraterna.se\/kinda\/"},{"@type":"ListItem","position":2,"name":"Vår Partiavdelning","item":"https:\/\/wp.kristdemokraterna.se\/kinda\/om-oss\/"},{"@type":"ListItem","position":3,"name":"Våra stadgar"}]},{"@type":"WebSite","@id":"https:\/\/wp.kristdemokraterna.se\/kinda\/#website","url":"https:\/\/wp.kristdemokraterna.se\/kinda\/","name":"Kinda","description":"Kristdemokraterna","inLanguage":"sv-SE"}]}</script>
<!-- / Yoast SEO plugin. -->

Våra stadgar - Kinda

Stadgar är beteckningen på de interna regler som gäller för en förening eller en organisation. Stadgarna har framför allt betydelse för det praktiska arbetet i organisationen och för att ge riktlinjer för verksamheten. Kristdemokraternas stadgar antogs av Kristdemokraternas högsta beslutande organ, rikstinget, år 2015 och 2017 och blev sedan reviderade på rikstinget, år 2019. &gt; stadgar_kristdemokraterna_2019 (pdf)

Vår Partiavdelning
