{"id":554,"date":"2023-03-09T12:46:47","date_gmt":"2023-03-09T11:46:47","guid":{"rendered":"https:\/\/wp.kristdemokraterna.se\/kinda\/?page_id=554"},"modified":"2023-03-09T12:48:16","modified_gmt":"2023-03-09T11:48:16","slug":"system","status":"publish","type":"page","link":"https:\/\/wp.kristdemokraterna.se\/kinda\/system\/","title":{"rendered":"KD-System"},"content":{"rendered":"<p>H\u00e4r \u00e4r v\u00e5ra digitala system inom KD f\u00f6r olika delar inom partiorganisationen.<\/p>\n<p>&gt;\u00a0<a href=\"https:\/\/kontaktcenter.kd.nu\/\" target=\"_blank\" rel=\"noopener external noreferrer\" data-wpel-link=\"external\">KD Kontaktcenter<\/a>\u00a0\u201d<em>kinda@kr\u2026.<\/em>\u201d<br \/>\n&gt;\u00a0<a href=\"https:\/\/kdmedlem.nu\/\" target=\"_blank\" rel=\"noopener external noreferrer\" data-wpel-link=\"external\">KD Medlemsregister<\/a><br \/>\n&gt;\u00a0<a href=\"http:\/\/wp.kristdemokraterna.se\/soderkoping\/epost\/\" target=\"_blank\" rel=\"noopener\" data-wpel-link=\"internal\">KD E-posten<\/a>\u00a0\u201d<em>KD365<\/em>\u201d<br \/>\n&gt;\u00a0<a href=\"https:\/\/wp.kristdemokraterna.se\/kinda\/wp-admin\" target=\"_blank\" rel=\"noopener\">KD Webben<\/a>\u00a0\u201d<em>WP-admin, lokalt<\/em>\u201d<br \/>\n&gt;\u00a0<a href=\"https:\/\/kd.nu\/kampanj\/\" target=\"_blank\" rel=\"noopener external noreferrer\" data-wpel-link=\"external\">KD Kampanj<\/a>\u00a0\u201d<em>Kampanjsajten<\/em>\u201d<br \/>\n&gt;\u00a0<em>Xxxx<\/em><\/p>\n<hr \/>\n<p style=\"text-align: center\">\u00c4r det n\u00e5got med v\u00e5ra IT-system, s\u00e5 kontakta d\u00e5 partiets Helpdesk<br \/>\nE-post:<em>\u00a0 helpdesk@kristdemokraterna.se<br \/>\n<\/em>Tel.\u00a0\u00a0<em><a href=\"tel:08-723 25 55\">08-723 25 55<\/a><\/em><\/p>\n","protected":false},"excerpt":{"rendered":"<p>H\u00e4r \u00e4r v\u00e5ra digitala system inom KD f\u00f6r olika delar inom partiorganisationen. &gt;\u00a0KD Kontaktcenter\u00a0\u201dkinda@kr\u2026.\u201d &gt;\u00a0KD Medlemsregister &gt;\u00a0KD E-posten\u00a0\u201dKD365\u201d &gt;\u00a0KD Webben\u00a0\u201dWP-admin, lokalt\u201d &gt;\u00a0KD Kampanj\u00a0\u201dKampanjsajten\u201d &gt;\u00a0Xxxx \u00c4r det n\u00e5got med v\u00e5ra IT-system, s\u00e5 kontakta d\u00e5 partiets Helpdesk E-post:\u00a0 helpdesk@kristdemokraterna.se Tel.\u00a0\u00a008-723 25 55<\/p>\n","protected":false},"author":670,"featured_media":0,"parent":0,"menu_order":0,"comment_status":"closed","ping_status":"closed","template":"","meta":{"_acf_changed":false,"footnotes":""},"class_list":["post-554","page","type-page","status-publish","hentry"],"acf":[],"yoast_head":"<!-- This site is optimized with the Yoast SEO plugin v27.4 - https:\/\/yoast.com\/product\/yoast-seo-wordpress\/ -->\n<title>KD-System - Kinda<\/title>\n<meta name=\"robots\" content=\"index, follow, max-snippet:-1, max-image-preview:large, max-video-preview:-1\" \/>\n<link rel=\"canonical\" href=\"https:\/\/wp.kristdemokraterna.se\/kinda\/system\/\" \/>\n<meta property=\"og:locale\" content=\"sv_SE\" \/>\n<meta property=\"og:type\" content=\"article\" \/>\n<meta property=\"og:title\" content=\"KD-System - Kinda\" \/>\n<meta property=\"og:description\" content=\"H\u00e4r \u00e4r v\u00e5ra digitala system inom KD f\u00f6r olika delar inom partiorganisationen. &gt;\u00a0KD Kontaktcenter\u00a0\u201dkinda@kr\u2026.\u201d &gt;\u00a0KD Medlemsregister &gt;\u00a0KD E-posten\u00a0\u201dKD365\u201d &gt;\u00a0KD Webben\u00a0\u201dWP-admin, lokalt\u201d &gt;\u00a0KD Kampanj\u00a0\u201dKampanjsajten\u201d &gt;\u00a0Xxxx \u00c4r det n\u00e5got med v\u00e5ra IT-system, s\u00e5 kontakta d\u00e5 partiets Helpdesk E-post:\u00a0 helpdesk@kristdemokraterna.se Tel.\u00a0\u00a008-723 25 55\" \/>\n<meta property=\"og:url\" content=\"https:\/\/wp.kristdemokraterna.se\/kinda\/system\/\" \/>\n<meta property=\"og:site_name\" content=\"Kinda\" \/>\n<meta property=\"article:modified_time\" content=\"2023-03-09T11:48:16+00:00\" \/>\n<meta name=\"twitter:card\" content=\"summary_large_image\" \/>\n<meta name=\"twitter:label1\" content=\"Ber\u00e4knad l\u00e4stid\" \/>\n\t<meta name=\"twitter:data1\" content=\"1 minut\" \/>\n<script type=\"application\/ld+json\" class=\"yoast-schema-graph\">{\"@context\":\"https:\\\/\\\/schema.org\",\"@graph\":[{\"@type\":\"WebPage\",\"@id\":\"https:\\\/\\\/wp.kristdemokraterna.se\\\/kinda\\\/system\\\/\",\"url\":\"https:\\\/\\\/wp.kristdemokraterna.se\\\/kinda\\\/system\\\/\",\"name\":\"KD-System - Kinda\",\"isPartOf\":{\"@id\":\"https:\\\/\\\/wp.kristdemokraterna.se\\\/kinda\\\/#website\"},\"datePublished\":\"2023-03-09T11:46:47+00:00\",\"dateModified\":\"2023-03-09T11:48:16+00:00\",\"breadcrumb\":{\"@id\":\"https:\\\/\\\/wp.kristdemokraterna.se\\\/kinda\\\/system\\\/#breadcrumb\"},\"inLanguage\":\"sv-SE\",\"potentialAction\":[{\"@type\":\"ReadAction\",\"target\":[\"https:\\\/\\\/wp.kristdemokraterna.se\\\/kinda\\\/system\\\/\"]}]},{\"@type\":\"BreadcrumbList\",\"@id\":\"https:\\\/\\\/wp.kristdemokraterna.se\\\/kinda\\\/system\\\/#breadcrumb\",\"itemListElement\":[{\"@type\":\"ListItem\",\"position\":1,\"name\":\"Hem\",\"item\":\"https:\\\/\\\/wp.kristdemokraterna.se\\\/kinda\\\/\"},{\"@type\":\"ListItem\",\"position\":2,\"name\":\"KD-System\"}]},{\"@type\":\"WebSite\",\"@id\":\"https:\\\/\\\/wp.kristdemokraterna.se\\\/kinda\\\/#website\",\"url\":\"https:\\\/\\\/wp.kristdemokraterna.se\\\/kinda\\\/\",\"name\":\"Kinda\",\"description\":\"Kristdemokraterna\",\"inLanguage\":\"sv-SE\"}]}<\/script>\n<!-- \/ Yoast SEO plugin. -->","yoast_head_json":{"title":"KD-System - Kinda","robots":{"index":"index","follow":"follow","max-snippet":"max-snippet:-1","max-image-preview":"max-image-preview:large","max-video-preview":"max-video-preview:-1"},"canonical":"https:\/\/wp.kristdemokraterna.se\/kinda\/system\/","og_locale":"sv_SE","og_type":"article","og_title":"KD-System - Kinda","og_description":"H\u00e4r \u00e4r v\u00e5ra digitala system inom KD f\u00f6r olika delar inom partiorganisationen. &gt;\u00a0KD Kontaktcenter\u00a0\u201dkinda@kr\u2026.\u201d &gt;\u00a0KD Medlemsregister &gt;\u00a0KD E-posten\u00a0\u201dKD365\u201d &gt;\u00a0KD Webben\u00a0\u201dWP-admin, lokalt\u201d &gt;\u00a0KD Kampanj\u00a0\u201dKampanjsajten\u201d &gt;\u00a0Xxxx \u00c4r det n\u00e5got med v\u00e5ra IT-system, s\u00e5 kontakta d\u00e5 partiets Helpdesk E-post:\u00a0 helpdesk@kristdemokraterna.se Tel.\u00a0\u00a008-723 25 55","og_url":"https:\/\/wp.kristdemokraterna.se\/kinda\/system\/","og_site_name":"Kinda","article_modified_time":"2023-03-09T11:48:16+00:00","twitter_card":"summary_large_image","twitter_misc":{"Ber\u00e4knad l\u00e4stid":"1 minut"},"schema":{"@context":"https:\/\/schema.org","@graph":[{"@type":"WebPage","@id":"https:\/\/wp.kristdemokraterna.se\/kinda\/system\/","url":"https:\/\/wp.kristdemokraterna.se\/kinda\/system\/","name":"KD-System - Kinda","isPartOf":{"@id":"https:\/\/wp.kristdemokraterna.se\/kinda\/#website"},"datePublished":"2023-03-09T11:46:47+00:00","dateModified":"2023-03-09T11:48:16+00:00","breadcrumb":{"@id":"https:\/\/wp.kristdemokraterna.se\/kinda\/system\/#breadcrumb"},"inLanguage":"sv-SE","potentialAction":[{"@type":"ReadAction","target":["https:\/\/wp.kristdemokraterna.se\/kinda\/system\/"]}]},{"@type":"BreadcrumbList","@id":"https:\/\/wp.kristdemokraterna.se\/kinda\/system\/#breadcrumb","itemListElement":[{"@type":"ListItem","position":1,"name":"Hem","item":"https:\/\/wp.kristdemokraterna.se\/kinda\/"},{"@type":"ListItem","position":2,"name":"KD-System"}]},{"@type":"WebSite","@id":"https:\/\/wp.kristdemokraterna.se\/kinda\/#website","url":"https:\/\/wp.kristdemokraterna.se\/kinda\/","name":"Kinda","description":"Kristdemokraterna","inLanguage":"sv-SE"}]}},"_links":{"self":[{"href":"https:\/\/wp.kristdemokraterna.se\/kinda\/wp-json\/wp\/v2\/pages\/554","targetHints":{"allow":["GET"]}}],"collection":[{"href":"https:\/\/wp.kristdemokraterna.se\/kinda\/wp-json\/wp\/v2\/pages"}],"about":[{"href":"https:\/\/wp.kristdemokraterna.se\/kinda\/wp-json\/wp\/v2\/types\/page"}],"author":[{"embeddable":true,"href":"https:\/\/wp.kristdemokraterna.se\/kinda\/wp-json\/wp\/v2\/users\/670"}],"replies":[{"embeddable":true,"href":"https:\/\/wp.kristdemokraterna.se\/kinda\/wp-json\/wp\/v2\/comments?post=554"}],"version-history":[{"count":3,"href":"https:\/\/wp.kristdemokraterna.se\/kinda\/wp-json\/wp\/v2\/pages\/554\/revisions"}],"predecessor-version":[{"id":557,"href":"https:\/\/wp.kristdemokraterna.se\/kinda\/wp-json\/wp\/v2\/pages\/554\/revisions\/557"}],"wp:attachment":[{"href":"https:\/\/wp.kristdemokraterna.se\/kinda\/wp-json\/wp\/v2\/media?parent=554"}],"curies":[{"name":"wp","href":"https:\/\/api.w.org\/{rel}","templated":true}]}}