{"id":90,"date":"2014-09-03T16:49:28","date_gmt":"2014-09-03T14:49:28","guid":{"rendered":"http:\/\/wp.kristdemokraterna.se\/kinda\/?page_id=90"},"modified":"2016-05-25T16:49:00","modified_gmt":"2016-05-25T14:49:00","slug":"styrelsen-2014-2015","status":"publish","type":"page","link":"https:\/\/wp.kristdemokraterna.se\/kinda\/kontakta-oss\/styrelsen-2014-2015\/","title":{"rendered":"Styrelsen 2014-2015"},"content":{"rendered":"<p><em>Valdes in p\u00e5 lokalavdelningens \u00e5rsm\u00f6te f\u00f6r perioden 2014\/2015.<\/em><\/p>\n<p><strong>Ordf\u00f6rande<\/strong><br \/>\n<a href=\"https:\/\/www.kristdemokraterna.se\/Kontaktportal\/Kontaktportalsida\/?pId=17852\" target=\"_blank\">Lena K\u00e4cker Johansson<\/a><br \/>\nTel. 0494-212 08 (hem), 0709-96 25 96 (mobil)<br \/>\nlena@kristdemokraterna.se<\/p>\n<p><strong>Vice ordf\u00f6rande<\/strong><br \/>\n<a href=\"https:\/\/www.kristdemokraterna.se\/Kontaktportal\/Kontaktportalsida\/?pId=10551\" target=\"_blank\">Kalle Sandell<\/a><br \/>\nTel. 0494-718 02 (hem), 070-279 93 24 (mobil)<br \/>\nkalle.sandell@folkbildning.net<\/p>\n<p><strong>Kass\u00f6r<br \/>\n<\/strong><a href=\"https:\/\/www.kristdemokraterna.se\/Kontaktportal\/Kontaktportalsida\/?pId=29033\" target=\"_blank\">Anders Olaison <\/a><br \/>\nTel. 0494-107 41 (hem)<br \/>\na.olaison@telia.com<\/p>\n<p><strong>Ledam\u00f6ter<\/strong><br \/>\n<a href=\"https:\/\/www.kristdemokraterna.se\/Kontaktportal\/Kontaktportalsida\/?pId=51339\" target=\"_blank\">B\u00f6rje Karlsson<\/a><br \/>\n<a href=\"https:\/\/www.kristdemokraterna.se\/Kontaktportal\/Kontaktportalsida\/?pId=9942\" target=\"_blank\">Ingevald Abrahamsson<\/a><br \/>\n<a href=\"https:\/\/www.kristdemokraterna.se\/Kontaktportal\/Kontaktportalsida\/?pId=9947\" target=\"_blank\">Carin Olsson<\/a><br \/>\n<a href=\"https:\/\/www.kristdemokraterna.se\/Kontaktportal\/Kontaktportalsida\/?pId=29034\" target=\"_blank\">Birgitta Olaison<\/a><\/p>\n<p><strong>Ers\u00e4ttare<\/strong><br \/>\n<a href=\"https:\/\/www.kristdemokraterna.se\/Kontaktportal\/Kontaktportalsida\/?pId=8598\" target=\"_blank\">Marita Forsman<\/a><br \/>\n<a href=\"https:\/\/www.kristdemokraterna.se\/Kontaktportal\/Kontaktportalsida\/?pId=82619\" target=\"_blank\">Allan Westerdahl <\/a><br \/>\n<a href=\"https:\/\/www.kristdemokraterna.se\/Kontaktportal\/Kontaktportalsida\/?pId=29033\" target=\"_blank\">Anders Olaison <\/a><\/p>\n","protected":false},"excerpt":{"rendered":"<p>Valdes in p\u00e5 lokalavdelningens \u00e5rsm\u00f6te f\u00f6r perioden 2014\/2015. Ordf\u00f6rande Lena K\u00e4cker Johansson Tel. 0494-212 08 (hem), 0709-96 25 96 (mobil) lena@kristdemokraterna.se Vice ordf\u00f6rande Kalle Sandell Tel. 0494-718 02 (hem), 070-279 93 24 (mobil) kalle.sandell@folkbildning.net Kass\u00f6r Anders Olaison Tel. 0494-107 41 (hem) a.olaison@telia.com Ledam\u00f6ter B\u00f6rje Karlsson Ingevald Abrahamsson Carin Olsson Birgitta Olaison Ers\u00e4ttare Marita Forsman Allan <a class=\"read-more-link\" href=\"https:\/\/wp.kristdemokraterna.se\/kinda\/kontakta-oss\/styrelsen-2014-2015\/\">Read More<\/a><\/p>\n","protected":false},"author":670,"featured_media":0,"parent":19,"menu_order":0,"comment_status":"closed","ping_status":"closed","template":"","meta":{"_acf_changed":false,"footnotes":""},"class_list":["post-90","page","type-page","status-publish","hentry"],"acf":[],"yoast_head":"<!-- This site is optimized with the Yoast SEO plugin v27.5 - https:\/\/yoast.com\/product\/yoast-seo-wordpress\/ -->\n<title>Styrelsen 2014-2015 - Kinda<\/title>\n<meta name=\"robots\" content=\"index, follow, max-snippet:-1, max-image-preview:large, max-video-preview:-1\" \/>\n<link rel=\"canonical\" href=\"https:\/\/wp.kristdemokraterna.se\/kinda\/kontakta-oss\/styrelsen-2014-2015\/\" \/>\n<meta property=\"og:locale\" content=\"sv_SE\" \/>\n<meta property=\"og:type\" content=\"article\" \/>\n<meta property=\"og:title\" content=\"Styrelsen 2014-2015 - Kinda\" \/>\n<meta property=\"og:description\" content=\"Valdes in p\u00e5 lokalavdelningens \u00e5rsm\u00f6te f\u00f6r perioden 2014\/2015. Ordf\u00f6rande Lena K\u00e4cker Johansson Tel. 0494-212 08 (hem), 0709-96 25 96 (mobil) lena@kristdemokraterna.se Vice ordf\u00f6rande Kalle Sandell Tel. 0494-718 02 (hem), 070-279 93 24 (mobil) kalle.sandell@folkbildning.net Kass\u00f6r Anders Olaison Tel. 0494-107 41 (hem) a.olaison@telia.com Ledam\u00f6ter B\u00f6rje Karlsson Ingevald Abrahamsson Carin Olsson Birgitta Olaison Ers\u00e4ttare Marita Forsman Allan Read More\" \/>\n<meta property=\"og:url\" content=\"https:\/\/wp.kristdemokraterna.se\/kinda\/kontakta-oss\/styrelsen-2014-2015\/\" \/>\n<meta property=\"og:site_name\" content=\"Kinda\" \/>\n<meta property=\"article:modified_time\" content=\"2016-05-25T14:49:00+00:00\" \/>\n<meta name=\"twitter:card\" content=\"summary_large_image\" \/>\n<script type=\"application\/ld+json\" class=\"yoast-schema-graph\">{\"@context\":\"https:\\\/\\\/schema.org\",\"@graph\":[{\"@type\":\"WebPage\",\"@id\":\"https:\\\/\\\/wp.kristdemokraterna.se\\\/kinda\\\/kontakta-oss\\\/styrelsen-2014-2015\\\/\",\"url\":\"https:\\\/\\\/wp.kristdemokraterna.se\\\/kinda\\\/kontakta-oss\\\/styrelsen-2014-2015\\\/\",\"name\":\"Styrelsen 2014-2015 - Kinda\",\"isPartOf\":{\"@id\":\"https:\\\/\\\/wp.kristdemokraterna.se\\\/kinda\\\/#website\"},\"datePublished\":\"2014-09-03T14:49:28+00:00\",\"dateModified\":\"2016-05-25T14:49:00+00:00\",\"breadcrumb\":{\"@id\":\"https:\\\/\\\/wp.kristdemokraterna.se\\\/kinda\\\/kontakta-oss\\\/styrelsen-2014-2015\\\/#breadcrumb\"},\"inLanguage\":\"sv-SE\",\"potentialAction\":[{\"@type\":\"ReadAction\",\"target\":[\"https:\\\/\\\/wp.kristdemokraterna.se\\\/kinda\\\/kontakta-oss\\\/styrelsen-2014-2015\\\/\"]}]},{\"@type\":\"BreadcrumbList\",\"@id\":\"https:\\\/\\\/wp.kristdemokraterna.se\\\/kinda\\\/kontakta-oss\\\/styrelsen-2014-2015\\\/#breadcrumb\",\"itemListElement\":[{\"@type\":\"ListItem\",\"position\":1,\"name\":\"Hem\",\"item\":\"https:\\\/\\\/wp.kristdemokraterna.se\\\/kinda\\\/\"},{\"@type\":\"ListItem\",\"position\":2,\"name\":\"Privat: Kontakta oss (2)\",\"item\":\"https:\\\/\\\/wp.kristdemokraterna.se\\\/kinda\\\/?page_id=19\"},{\"@type\":\"ListItem\",\"position\":3,\"name\":\"Styrelsen 2014-2015\"}]},{\"@type\":\"WebSite\",\"@id\":\"https:\\\/\\\/wp.kristdemokraterna.se\\\/kinda\\\/#website\",\"url\":\"https:\\\/\\\/wp.kristdemokraterna.se\\\/kinda\\\/\",\"name\":\"Kinda\",\"description\":\"Kristdemokraterna\",\"inLanguage\":\"sv-SE\"}]}<\/script>\n<!-- \/ Yoast SEO plugin. -->","yoast_head_json":{"title":"Styrelsen 2014-2015 - Kinda","robots":{"index":"index","follow":"follow","max-snippet":"max-snippet:-1","max-image-preview":"max-image-preview:large","max-video-preview":"max-video-preview:-1"},"canonical":"https:\/\/wp.kristdemokraterna.se\/kinda\/kontakta-oss\/styrelsen-2014-2015\/","og_locale":"sv_SE","og_type":"article","og_title":"Styrelsen 2014-2015 - Kinda","og_description":"Valdes in p\u00e5 lokalavdelningens \u00e5rsm\u00f6te f\u00f6r perioden 2014\/2015. Ordf\u00f6rande Lena K\u00e4cker Johansson Tel. 0494-212 08 (hem), 0709-96 25 96 (mobil) lena@kristdemokraterna.se Vice ordf\u00f6rande Kalle Sandell Tel. 0494-718 02 (hem), 070-279 93 24 (mobil) kalle.sandell@folkbildning.net Kass\u00f6r Anders Olaison Tel. 0494-107 41 (hem) a.olaison@telia.com Ledam\u00f6ter B\u00f6rje Karlsson Ingevald Abrahamsson Carin Olsson Birgitta Olaison Ers\u00e4ttare Marita Forsman Allan Read More","og_url":"https:\/\/wp.kristdemokraterna.se\/kinda\/kontakta-oss\/styrelsen-2014-2015\/","og_site_name":"Kinda","article_modified_time":"2016-05-25T14:49:00+00:00","twitter_card":"summary_large_image","schema":{"@context":"https:\/\/schema.org","@graph":[{"@type":"WebPage","@id":"https:\/\/wp.kristdemokraterna.se\/kinda\/kontakta-oss\/styrelsen-2014-2015\/","url":"https:\/\/wp.kristdemokraterna.se\/kinda\/kontakta-oss\/styrelsen-2014-2015\/","name":"Styrelsen 2014-2015 - Kinda","isPartOf":{"@id":"https:\/\/wp.kristdemokraterna.se\/kinda\/#website"},"datePublished":"2014-09-03T14:49:28+00:00","dateModified":"2016-05-25T14:49:00+00:00","breadcrumb":{"@id":"https:\/\/wp.kristdemokraterna.se\/kinda\/kontakta-oss\/styrelsen-2014-2015\/#breadcrumb"},"inLanguage":"sv-SE","potentialAction":[{"@type":"ReadAction","target":["https:\/\/wp.kristdemokraterna.se\/kinda\/kontakta-oss\/styrelsen-2014-2015\/"]}]},{"@type":"BreadcrumbList","@id":"https:\/\/wp.kristdemokraterna.se\/kinda\/kontakta-oss\/styrelsen-2014-2015\/#breadcrumb","itemListElement":[{"@type":"ListItem","position":1,"name":"Hem","item":"https:\/\/wp.kristdemokraterna.se\/kinda\/"},{"@type":"ListItem","position":2,"name":"Privat: Kontakta oss (2)","item":"https:\/\/wp.kristdemokraterna.se\/kinda\/?page_id=19"},{"@type":"ListItem","position":3,"name":"Styrelsen 2014-2015"}]},{"@type":"WebSite","@id":"https:\/\/wp.kristdemokraterna.se\/kinda\/#website","url":"https:\/\/wp.kristdemokraterna.se\/kinda\/","name":"Kinda","description":"Kristdemokraterna","inLanguage":"sv-SE"}]}},"_links":{"self":[{"href":"https:\/\/wp.kristdemokraterna.se\/kinda\/wp-json\/wp\/v2\/pages\/90","targetHints":{"allow":["GET"]}}],"collection":[{"href":"https:\/\/wp.kristdemokraterna.se\/kinda\/wp-json\/wp\/v2\/pages"}],"about":[{"href":"https:\/\/wp.kristdemokraterna.se\/kinda\/wp-json\/wp\/v2\/types\/page"}],"author":[{"embeddable":true,"href":"https:\/\/wp.kristdemokraterna.se\/kinda\/wp-json\/wp\/v2\/users\/670"}],"replies":[{"embeddable":true,"href":"https:\/\/wp.kristdemokraterna.se\/kinda\/wp-json\/wp\/v2\/comments?post=90"}],"version-history":[{"count":16,"href":"https:\/\/wp.kristdemokraterna.se\/kinda\/wp-json\/wp\/v2\/pages\/90\/revisions"}],"predecessor-version":[{"id":311,"href":"https:\/\/wp.kristdemokraterna.se\/kinda\/wp-json\/wp\/v2\/pages\/90\/revisions\/311"}],"up":[{"embeddable":true,"href":"https:\/\/wp.kristdemokraterna.se\/kinda\/wp-json\/wp\/v2\/pages\/19"}],"wp:attachment":[{"href":"https:\/\/wp.kristdemokraterna.se\/kinda\/wp-json\/wp\/v2\/media?parent=90"}],"curies":[{"name":"wp","href":"https:\/\/api.w.org\/{rel}","templated":true}]}}

<p><em>Valdes in på lokalavdelningens årsmöte för perioden 2014/2015.</em></p>
<p><strong>Ordförande</strong><br />
<a href="https://www.kristdemokraterna.se/Kontaktportal/Kontaktportalsida/?pId=17852" target="_blank">Lena Käcker Johansson</a><br />
Tel. 0494-212 08 (hem), 0709-96 25 96 (mobil)<br />
lena@kristdemokraterna.se</p>
<p><strong>Vice ordförande</strong><br />
<a href="https://www.kristdemokraterna.se/Kontaktportal/Kontaktportalsida/?pId=10551" target="_blank">Kalle Sandell</a><br />
Tel. 0494-718 02 (hem), 070-279 93 24 (mobil)<br />
kalle.sandell@folkbildning.net</p>
<p><strong>Kassör<br />
</strong><a href="https://www.kristdemokraterna.se/Kontaktportal/Kontaktportalsida/?pId=29033" target="_blank">Anders Olaison </a><br />
Tel. 0494-107 41 (hem)<br />
a.olaison@telia.com</p>
<p><strong>Ledamöter</strong><br />
<a href="https://www.kristdemokraterna.se/Kontaktportal/Kontaktportalsida/?pId=51339" target="_blank">Börje Karlsson</a><br />
<a href="https://www.kristdemokraterna.se/Kontaktportal/Kontaktportalsida/?pId=9942" target="_blank">Ingevald Abrahamsson</a><br />
<a href="https://www.kristdemokraterna.se/Kontaktportal/Kontaktportalsida/?pId=9947" target="_blank">Carin Olsson</a><br />
<a href="https://www.kristdemokraterna.se/Kontaktportal/Kontaktportalsida/?pId=29034" target="_blank">Birgitta Olaison</a></p>
<p><strong>Ersättare</strong><br />
<a href="https://www.kristdemokraterna.se/Kontaktportal/Kontaktportalsida/?pId=8598" target="_blank">Marita Forsman</a><br />
<a href="https://www.kristdemokraterna.se/Kontaktportal/Kontaktportalsida/?pId=82619" target="_blank">Allan Westerdahl </a><br />
<a href="https://www.kristdemokraterna.se/Kontaktportal/Kontaktportalsida/?pId=29033" target="_blank">Anders Olaison </a></p>

<p>Valdes in på lokalavdelningens årsmöte för perioden 2014/2015. Ordförande Lena Käcker Johansson Tel. 0494-212 08 (hem), 0709-96 25 96 (mobil) lena@kristdemokraterna.se Vice ordförande Kalle Sandell Tel. 0494-718 02 (hem), 070-279 93 24 (mobil) kalle.sandell@folkbildning.net Kassör Anders Olaison Tel. 0494-107 41 (hem) a.olaison@telia.com Ledamöter Börje Karlsson Ingevald Abrahamsson Carin Olsson Birgitta Olaison Ersättare Marita Forsman Allan <a class="read-more-link" href="https://wp.kristdemokraterna.se/kinda/kontakta-oss/styrelsen-2014-2015/">Read More</a></p>

<!-- This site is optimized with the Yoast SEO plugin v27.5 - https://yoast.com/product/yoast-seo-wordpress/ -->
<title>Styrelsen 2014-2015 - Kinda</title>
<meta name="robots" content="index, follow, max-snippet:-1, max-image-preview:large, max-video-preview:-1" />
<link rel="canonical" href="https://wp.kristdemokraterna.se/kinda/kontakta-oss/styrelsen-2014-2015/" />
<meta property="og:locale" content="sv_SE" />
<meta property="og:type" content="article" />
<meta property="og:title" content="Styrelsen 2014-2015 - Kinda" />
<meta property="og:description" content="Valdes in på lokalavdelningens årsmöte för perioden 2014/2015. Ordförande Lena Käcker Johansson Tel. 0494-212 08 (hem), 0709-96 25 96 (mobil) lena@kristdemokraterna.se Vice ordförande Kalle Sandell Tel. 0494-718 02 (hem), 070-279 93 24 (mobil) kalle.sandell@folkbildning.net Kassör Anders Olaison Tel. 0494-107 41 (hem) a.olaison@telia.com Ledamöter Börje Karlsson Ingevald Abrahamsson Carin Olsson Birgitta Olaison Ersättare Marita Forsman Allan Read More" />
<meta property="og:url" content="https://wp.kristdemokraterna.se/kinda/kontakta-oss/styrelsen-2014-2015/" />
<meta property="og:site_name" content="Kinda" />
<meta property="article:modified_time" content="2016-05-25T14:49:00+00:00" />
<meta name="twitter:card" content="summary_large_image" />
<script type="application/ld+json" class="yoast-schema-graph">{"@context":"https:\/\/schema.org","@graph":[{"@type":"WebPage","@id":"https:\/\/wp.kristdemokraterna.se\/kinda\/kontakta-oss\/styrelsen-2014-2015\/","url":"https:\/\/wp.kristdemokraterna.se\/kinda\/kontakta-oss\/styrelsen-2014-2015\/","name":"Styrelsen 2014-2015 - Kinda","isPartOf":{"@id":"https:\/\/wp.kristdemokraterna.se\/kinda\/#website"},"datePublished":"2014-09-03T14:49:28+00:00","dateModified":"2016-05-25T14:49:00+00:00","breadcrumb":{"@id":"https:\/\/wp.kristdemokraterna.se\/kinda\/kontakta-oss\/styrelsen-2014-2015\/#breadcrumb"},"inLanguage":"sv-SE","potentialAction":[{"@type":"ReadAction","target":["https:\/\/wp.kristdemokraterna.se\/kinda\/kontakta-oss\/styrelsen-2014-2015\/"]}]},{"@type":"BreadcrumbList","@id":"https:\/\/wp.kristdemokraterna.se\/kinda\/kontakta-oss\/styrelsen-2014-2015\/#breadcrumb","itemListElement":[{"@type":"ListItem","position":1,"name":"Hem","item":"https:\/\/wp.kristdemokraterna.se\/kinda\/"},{"@type":"ListItem","position":2,"name":"Privat: Kontakta oss (2)","item":"https:\/\/wp.kristdemokraterna.se\/kinda\/?page_id=19"},{"@type":"ListItem","position":3,"name":"Styrelsen 2014-2015"}]},{"@type":"WebSite","@id":"https:\/\/wp.kristdemokraterna.se\/kinda\/#website","url":"https:\/\/wp.kristdemokraterna.se\/kinda\/","name":"Kinda","description":"Kristdemokraterna","inLanguage":"sv-SE"}]}</script>
<!-- / Yoast SEO plugin. -->

Valdes in på lokalavdelningens årsmöte för perioden 2014/2015. Ordförande Lena Käcker Johansson Tel. 0494-212 08 (hem), 0709-96 25 96 (mobil) lena@kristdemokraterna.se Vice ordförande Kalle Sandell Tel. 0494-718 02 (hem), 070-279 93 24 (mobil) kalle.sandell@folkbildning.net Kassör Anders Olaison Tel. 0494-107 41 (hem) a.olaison@telia.com Ledamöter Börje Karlsson Ingevald Abrahamsson Carin Olsson Birgitta Olaison Ersättare Marita Forsman Allan Read More
