{"version":"1.0","provider_name":"Klippan","provider_url":"https:\/\/wp.kristdemokraterna.se\/klippan","title":"Nyheter fr\u00e5n Sk\u00e5ne Alliansen - Klippan","type":"rich","width":600,"height":338,"html":"<blockquote class=\"wp-embedded-content\" data-secret=\"buRs8ONz8X\"><a href=\"https:\/\/wp.kristdemokraterna.se\/klippan\/nyheter-fran-skane-alliansen\/\">Nyheter fr\u00e5n Sk\u00e5ne Alliansen<\/a><\/blockquote><iframe sandbox=\"allow-scripts\" security=\"restricted\" src=\"https:\/\/wp.kristdemokraterna.se\/klippan\/nyheter-fran-skane-alliansen\/embed\/#?secret=buRs8ONz8X\" width=\"600\" height=\"338\" title=\"\u201dNyheter fr\u00e5n Sk\u00e5ne Alliansen\u201d &ndash; Klippan\" data-secret=\"buRs8ONz8X\" frameborder=\"0\" marginwidth=\"0\" marginheight=\"0\" scrolling=\"no\" class=\"wp-embedded-content\"><\/iframe><script type=\"text\/javascript\">\n\/* <![CDATA[ *\/\n\/*! This file is auto-generated *\/\n!function(d,l){\"use strict\";l.querySelector&&d.addEventListener&&\"undefined\"!=typeof URL&&(d.wp=d.wp||{},d.wp.receiveEmbedMessage||(d.wp.receiveEmbedMessage=function(e){var t=e.data;if((t||t.secret||t.message||t.value)&&!\/[^a-zA-Z0-9]\/.test(t.secret)){for(var s,r,n,a=l.querySelectorAll('iframe[data-secret=\"'+t.secret+'\"]'),o=l.querySelectorAll('blockquote[data-secret=\"'+t.secret+'\"]'),c=new RegExp(\"^https?:$\",\"i\"),i=0;i<o.length;i++)o[i].style.display=\"none\";for(i=0;i<a.length;i++)s=a[i],e.source===s.contentWindow&&(s.removeAttribute(\"style\"),\"height\"===t.message?(1e3<(r=parseInt(t.value,10))?r=1e3:~~r<200&&(r=200),s.height=r):\"link\"===t.message&&(r=new URL(s.getAttribute(\"src\")),n=new URL(t.value),c.test(n.protocol))&&n.host===r.host&&l.activeElement===s&&(d.top.location.href=t.value))}},d.addEventListener(\"message\",d.wp.receiveEmbedMessage,!1),l.addEventListener(\"DOMContentLoaded\",function(){for(var e,t,s=l.querySelectorAll(\"iframe.wp-embedded-content\"),r=0;r<s.length;r++)(t=(e=s[r]).getAttribute(\"data-secret\"))||(t=Math.random().toString(36).substring(2,12),e.src+=\"#?secret=\"+t,e.setAttribute(\"data-secret\",t)),e.contentWindow.postMessage({message:\"ready\",secret:t},\"*\")},!1)))}(window,document);\n\/\/# sourceURL=https:\/\/wp.kristdemokraterna.se\/klippan\/wp-includes\/js\/wp-embed.min.js\n\/* ]]> *\/\n<\/script>\n","description":"Unga vuxna med psykisk oh\u00e4lsa f\u00e5r fast kontaktperson efter f\u00f6rsta bes\u00f6ket Pressmeddelanden \u00a0 \u2022 \u00a0 2015-03-09 12:41 CET \u2013 Unga vuxna i Sk\u00e5ne som s\u00f6ker akut psykiatri f\u00f6r f\u00f6rsta g\u00e5ngen f\u00e5r nu, tack vare Allians f\u00f6r Sk\u00e5ne, en fast kontaktperson som st\u00e4rker omh\u00e4ndertagandet, \u00f6kar tryggheten hos den unga vuxna och ge en enda ing\u00e5ng till Read More"}

Nyheter från Skåne Alliansen - Klippan

<blockquote class="wp-embedded-content" data-secret="buRs8ONz8X"><a href="https://wp.kristdemokraterna.se/klippan/nyheter-fran-skane-alliansen/">Nyheter från Skåne Alliansen</a></blockquote><iframe sandbox="allow-scripts" security="restricted" src="https://wp.kristdemokraterna.se/klippan/nyheter-fran-skane-alliansen/embed/#?secret=buRs8ONz8X" width="600" height="338" title="”Nyheter från Skåne Alliansen” &ndash; Klippan" data-secret="buRs8ONz8X" frameborder="0" marginwidth="0" marginheight="0" scrolling="no" class="wp-embedded-content"></iframe><script type="text/javascript">
/* <![CDATA[ */
/*! This file is auto-generated */
!function(d,l){"use strict";l.querySelector&&d.addEventListener&&"undefined"!=typeof URL&&(d.wp=d.wp||{},d.wp.receiveEmbedMessage||(d.wp.receiveEmbedMessage=function(e){var t=e.data;if((t||t.secret||t.message||t.value)&&!/[^a-zA-Z0-9]/.test(t.secret)){for(var s,r,n,a=l.querySelectorAll('iframe[data-secret="'+t.secret+'"]'),o=l.querySelectorAll('blockquote[data-secret="'+t.secret+'"]'),c=new RegExp("^https?:$","i"),i=0;i<o.length;i++)o[i].style.display="none";for(i=0;i<a.length;i++)s=a[i],e.source===s.contentWindow&&(s.removeAttribute("style"),"height"===t.message?(1e3<(r=parseInt(t.value,10))?r=1e3:~~r<200&&(r=200),s.height=r):"link"===t.message&&(r=new URL(s.getAttribute("src")),n=new URL(t.value),c.test(n.protocol))&&n.host===r.host&&l.activeElement===s&&(d.top.location.href=t.value))}},d.addEventListener("message",d.wp.receiveEmbedMessage,!1),l.addEventListener("DOMContentLoaded",function(){for(var e,t,s=l.querySelectorAll("iframe.wp-embedded-content"),r=0;r<s.length;r++)(t=(e=s[r]).getAttribute("data-secret"))||(t=Math.random().toString(36).substring(2,12),e.src+="#?secret="+t,e.setAttribute("data-secret",t)),e.contentWindow.postMessage({message:"ready",secret:t},"*")},!1)))}(window,document);
//# sourceURL=https://wp.kristdemokraterna.se/klippan/wp-includes/js/wp-embed.min.js
/* ]]> */
</script>

Unga vuxna med psykisk ohälsa får fast kontaktperson efter första besöket Pressmeddelanden   •   2015-03-09 12:41 CET – Unga vuxna i Skåne som söker akut psykiatri för första gången får nu, tack vare Allians för Skåne, en fast kontaktperson som stärker omhändertagandet, ökar tryggheten hos den unga vuxna och ge en enda ingång till Read More
