{"version":"1.0","provider_name":"Klippan","provider_url":"https:\/\/wp.kristdemokraterna.se\/klippan","title":"Personlig assistans - Klippan","type":"rich","width":600,"height":338,"html":"<blockquote class=\"wp-embedded-content\" data-secret=\"9rwZtkG77V\"><a href=\"https:\/\/wp.kristdemokraterna.se\/klippan\/personlig-assistans\/\">Personlig assistans<\/a><\/blockquote><iframe sandbox=\"allow-scripts\" security=\"restricted\" src=\"https:\/\/wp.kristdemokraterna.se\/klippan\/personlig-assistans\/embed\/#?secret=9rwZtkG77V\" width=\"600\" height=\"338\" title=\"\u201dPersonlig assistans\u201d &ndash; Klippan\" data-secret=\"9rwZtkG77V\" frameborder=\"0\" marginwidth=\"0\" marginheight=\"0\" scrolling=\"no\" class=\"wp-embedded-content\"><\/iframe><script type=\"text\/javascript\">\n\/* <![CDATA[ *\/\n\/*! This file is auto-generated *\/\n!function(d,l){\"use strict\";l.querySelector&&d.addEventListener&&\"undefined\"!=typeof URL&&(d.wp=d.wp||{},d.wp.receiveEmbedMessage||(d.wp.receiveEmbedMessage=function(e){var t=e.data;if((t||t.secret||t.message||t.value)&&!\/[^a-zA-Z0-9]\/.test(t.secret)){for(var s,r,n,a=l.querySelectorAll('iframe[data-secret=\"'+t.secret+'\"]'),o=l.querySelectorAll('blockquote[data-secret=\"'+t.secret+'\"]'),c=new RegExp(\"^https?:$\",\"i\"),i=0;i<o.length;i++)o[i].style.display=\"none\";for(i=0;i<a.length;i++)s=a[i],e.source===s.contentWindow&&(s.removeAttribute(\"style\"),\"height\"===t.message?(1e3<(r=parseInt(t.value,10))?r=1e3:~~r<200&&(r=200),s.height=r):\"link\"===t.message&&(r=new URL(s.getAttribute(\"src\")),n=new URL(t.value),c.test(n.protocol))&&n.host===r.host&&l.activeElement===s&&(d.top.location.href=t.value))}},d.addEventListener(\"message\",d.wp.receiveEmbedMessage,!1),l.addEventListener(\"DOMContentLoaded\",function(){for(var e,t,s=l.querySelectorAll(\"iframe.wp-embedded-content\"),r=0;r<s.length;r++)(t=(e=s[r]).getAttribute(\"data-secret\"))||(t=Math.random().toString(36).substring(2,12),e.src+=\"#?secret=\"+t,e.setAttribute(\"data-secret\",t)),e.contentWindow.postMessage({message:\"ready\",secret:t},\"*\")},!1)))}(window,document);\n\/\/# sourceURL=https:\/\/wp.kristdemokraterna.se\/klippan\/wp-includes\/js\/wp-embed.min.js\n\/* ]]> *\/\n<\/script>\n","description":"&#8221;De som \u00e4r beroende av personlig assistans ska inte straffas&#8221; -Vi Kristdemokrater har inte beg\u00e4rt dagens debatt f\u00f6r att prata om fusk och brottslighet. F\u00f6r om det finns inget att debattera, vi \u00e4r alla \u00f6verens. Det finns. Det ska uppt\u00e4ckas och det ska straffas. Men de som \u00e4r beroende av personlig assistans ska inte straffas Read More","thumbnail_url":"https:\/\/scontent-amt2-1.xx.fbcdn.net\/v\/t1.0-0\/s480x480\/14573036_10153991037383365_8199156243782487054_n.jpg?oh=80edccc813398ef69f7cbc5307a6b4cc&amp;oe=588A03E4"}

&#8221;De som är beroende av personlig assistans ska inte straffas&#8221; -Vi Kristdemokrater har inte begärt dagens debatt för att prata om fusk och brottslighet. För om det finns inget att debattera, vi är alla överens. Det finns. Det ska upptäckas och det ska straffas. Men de som är beroende av personlig assistans ska inte straffas Read More
