{"id":3133,"date":"2022-07-08T12:24:42","date_gmt":"2022-07-08T10:24:42","guid":{"rendered":"https:\/\/wp.kristdemokraterna.se\/knivsta\/?page_id=3133"},"modified":"2022-07-09T02:12:56","modified_gmt":"2022-07-09T00:12:56","slug":"valmanifest-2022","status":"publish","type":"page","link":"https:\/\/wp.kristdemokraterna.se\/knivsta\/valmanifest-2022\/","title":{"rendered":"Valmanifest 2022"},"content":{"rendered":"<p><a href=\"http:\/\/wp.kristdemokraterna.se\/knivsta\/files\/2022\/07\/valmanifest-knivsta-220709.pdf\"><img loading=\"lazy\" decoding=\"async\" class=\"alignnone wp-image-3134\" src=\"http:\/\/wp.kristdemokraterna.se\/knivsta\/files\/2022\/07\/skarmavbild-2022-07-08-kl.-12.23.41.png\" alt=\"\" width=\"241\" height=\"341\" srcset=\"https:\/\/wp.kristdemokraterna.se\/knivsta\/files\/2022\/07\/skarmavbild-2022-07-08-kl.-12.23.41.png 890w, https:\/\/wp.kristdemokraterna.se\/knivsta\/files\/2022\/07\/skarmavbild-2022-07-08-kl.-12.23.41-185x262.png 185w, https:\/\/wp.kristdemokraterna.se\/knivsta\/files\/2022\/07\/skarmavbild-2022-07-08-kl.-12.23.41-136x192.png 136w, https:\/\/wp.kristdemokraterna.se\/knivsta\/files\/2022\/07\/skarmavbild-2022-07-08-kl.-12.23.41-141x200.png 141w, https:\/\/wp.kristdemokraterna.se\/knivsta\/files\/2022\/07\/skarmavbild-2022-07-08-kl.-12.23.41-370x523.png 370w, https:\/\/wp.kristdemokraterna.se\/knivsta\/files\/2022\/07\/skarmavbild-2022-07-08-kl.-12.23.41-770x1088.png 770w, https:\/\/wp.kristdemokraterna.se\/knivsta\/files\/2022\/07\/skarmavbild-2022-07-08-kl.-12.23.41-450x636.png 450w, https:\/\/wp.kristdemokraterna.se\/knivsta\/files\/2022\/07\/skarmavbild-2022-07-08-kl.-12.23.41-280x396.png 280w, https:\/\/wp.kristdemokraterna.se\/knivsta\/files\/2022\/07\/skarmavbild-2022-07-08-kl.-12.23.41-340x481.png 340w, https:\/\/wp.kristdemokraterna.se\/knivsta\/files\/2022\/07\/skarmavbild-2022-07-08-kl.-12.23.41-40x56.png 40w\" sizes=\"auto, (max-width: 241px) 100vw, 241px\" \/><\/a><\/p>\n","protected":false},"excerpt":{"rendered":"","protected":false},"author":481,"featured_media":0,"parent":0,"menu_order":0,"comment_status":"closed","ping_status":"closed","template":"","meta":{"_acf_changed":false,"footnotes":""},"class_list":["post-3133","page","type-page","status-publish","hentry"],"acf":[],"yoast_head":"<!-- This site is optimized with the Yoast SEO plugin v27.4 - https:\/\/yoast.com\/product\/yoast-seo-wordpress\/ -->\n<title>Valmanifest 2022 - Knivsta<\/title>\n<meta name=\"robots\" content=\"index, follow, max-snippet:-1, max-image-preview:large, max-video-preview:-1\" \/>\n<link rel=\"canonical\" href=\"https:\/\/wp.kristdemokraterna.se\/knivsta\/valmanifest-2022\/\" \/>\n<meta property=\"og:locale\" content=\"sv_SE\" \/>\n<meta property=\"og:type\" content=\"article\" \/>\n<meta property=\"og:title\" content=\"Valmanifest 2022 - Knivsta\" \/>\n<meta property=\"og:url\" content=\"https:\/\/wp.kristdemokraterna.se\/knivsta\/valmanifest-2022\/\" \/>\n<meta property=\"og:site_name\" content=\"Knivsta\" \/>\n<meta property=\"article:publisher\" content=\"https:\/\/www.facebook.com\/kdknivsta\" \/>\n<meta property=\"article:modified_time\" content=\"2022-07-09T00:12:56+00:00\" \/>\n<meta property=\"og:image\" content=\"http:\/\/wp.kristdemokraterna.se\/knivsta\/files\/2022\/07\/skarmavbild-2022-07-08-kl.-12.23.41.png\" \/>\n<meta name=\"twitter:card\" content=\"summary_large_image\" \/>\n<meta name=\"twitter:label1\" content=\"Ber\u00e4knad l\u00e4stid\" \/>\n\t<meta name=\"twitter:data1\" content=\"1 minut\" \/>\n<script type=\"application\/ld+json\" class=\"yoast-schema-graph\">{\"@context\":\"https:\\\/\\\/schema.org\",\"@graph\":[{\"@type\":\"WebPage\",\"@id\":\"https:\\\/\\\/wp.kristdemokraterna.se\\\/knivsta\\\/valmanifest-2022\\\/\",\"url\":\"https:\\\/\\\/wp.kristdemokraterna.se\\\/knivsta\\\/valmanifest-2022\\\/\",\"name\":\"Valmanifest 2022 - Knivsta\",\"isPartOf\":{\"@id\":\"https:\\\/\\\/wp.kristdemokraterna.se\\\/knivsta\\\/#website\"},\"primaryImageOfPage\":{\"@id\":\"https:\\\/\\\/wp.kristdemokraterna.se\\\/knivsta\\\/valmanifest-2022\\\/#primaryimage\"},\"image\":{\"@id\":\"https:\\\/\\\/wp.kristdemokraterna.se\\\/knivsta\\\/valmanifest-2022\\\/#primaryimage\"},\"thumbnailUrl\":\"http:\\\/\\\/wp.kristdemokraterna.se\\\/knivsta\\\/files\\\/2022\\\/07\\\/skarmavbild-2022-07-08-kl.-12.23.41.png\",\"datePublished\":\"2022-07-08T10:24:42+00:00\",\"dateModified\":\"2022-07-09T00:12:56+00:00\",\"breadcrumb\":{\"@id\":\"https:\\\/\\\/wp.kristdemokraterna.se\\\/knivsta\\\/valmanifest-2022\\\/#breadcrumb\"},\"inLanguage\":\"sv-SE\",\"potentialAction\":[{\"@type\":\"ReadAction\",\"target\":[\"https:\\\/\\\/wp.kristdemokraterna.se\\\/knivsta\\\/valmanifest-2022\\\/\"]}]},{\"@type\":\"ImageObject\",\"inLanguage\":\"sv-SE\",\"@id\":\"https:\\\/\\\/wp.kristdemokraterna.se\\\/knivsta\\\/valmanifest-2022\\\/#primaryimage\",\"url\":\"http:\\\/\\\/wp.kristdemokraterna.se\\\/knivsta\\\/files\\\/2022\\\/07\\\/skarmavbild-2022-07-08-kl.-12.23.41.png\",\"contentUrl\":\"http:\\\/\\\/wp.kristdemokraterna.se\\\/knivsta\\\/files\\\/2022\\\/07\\\/skarmavbild-2022-07-08-kl.-12.23.41.png\"},{\"@type\":\"BreadcrumbList\",\"@id\":\"https:\\\/\\\/wp.kristdemokraterna.se\\\/knivsta\\\/valmanifest-2022\\\/#breadcrumb\",\"itemListElement\":[{\"@type\":\"ListItem\",\"position\":1,\"name\":\"Hem\",\"item\":\"https:\\\/\\\/wp.kristdemokraterna.se\\\/knivsta\\\/\"},{\"@type\":\"ListItem\",\"position\":2,\"name\":\"Valmanifest 2022\"}]},{\"@type\":\"WebSite\",\"@id\":\"https:\\\/\\\/wp.kristdemokraterna.se\\\/knivsta\\\/#website\",\"url\":\"https:\\\/\\\/wp.kristdemokraterna.se\\\/knivsta\\\/\",\"name\":\"Knivsta\",\"description\":\" F\u00f6r ett b\u00e4ttre samh\u00e4lle\",\"inLanguage\":\"sv-SE\"}]}<\/script>\n<!-- \/ Yoast SEO plugin. -->","yoast_head_json":{"title":"Valmanifest 2022 - Knivsta","robots":{"index":"index","follow":"follow","max-snippet":"max-snippet:-1","max-image-preview":"max-image-preview:large","max-video-preview":"max-video-preview:-1"},"canonical":"https:\/\/wp.kristdemokraterna.se\/knivsta\/valmanifest-2022\/","og_locale":"sv_SE","og_type":"article","og_title":"Valmanifest 2022 - Knivsta","og_url":"https:\/\/wp.kristdemokraterna.se\/knivsta\/valmanifest-2022\/","og_site_name":"Knivsta","article_publisher":"https:\/\/www.facebook.com\/kdknivsta","article_modified_time":"2022-07-09T00:12:56+00:00","og_image":[{"url":"http:\/\/wp.kristdemokraterna.se\/knivsta\/files\/2022\/07\/skarmavbild-2022-07-08-kl.-12.23.41.png","type":"","width":"","height":""}],"twitter_card":"summary_large_image","twitter_misc":{"Ber\u00e4knad l\u00e4stid":"1 minut"},"schema":{"@context":"https:\/\/schema.org","@graph":[{"@type":"WebPage","@id":"https:\/\/wp.kristdemokraterna.se\/knivsta\/valmanifest-2022\/","url":"https:\/\/wp.kristdemokraterna.se\/knivsta\/valmanifest-2022\/","name":"Valmanifest 2022 - Knivsta","isPartOf":{"@id":"https:\/\/wp.kristdemokraterna.se\/knivsta\/#website"},"primaryImageOfPage":{"@id":"https:\/\/wp.kristdemokraterna.se\/knivsta\/valmanifest-2022\/#primaryimage"},"image":{"@id":"https:\/\/wp.kristdemokraterna.se\/knivsta\/valmanifest-2022\/#primaryimage"},"thumbnailUrl":"http:\/\/wp.kristdemokraterna.se\/knivsta\/files\/2022\/07\/skarmavbild-2022-07-08-kl.-12.23.41.png","datePublished":"2022-07-08T10:24:42+00:00","dateModified":"2022-07-09T00:12:56+00:00","breadcrumb":{"@id":"https:\/\/wp.kristdemokraterna.se\/knivsta\/valmanifest-2022\/#breadcrumb"},"inLanguage":"sv-SE","potentialAction":[{"@type":"ReadAction","target":["https:\/\/wp.kristdemokraterna.se\/knivsta\/valmanifest-2022\/"]}]},{"@type":"ImageObject","inLanguage":"sv-SE","@id":"https:\/\/wp.kristdemokraterna.se\/knivsta\/valmanifest-2022\/#primaryimage","url":"http:\/\/wp.kristdemokraterna.se\/knivsta\/files\/2022\/07\/skarmavbild-2022-07-08-kl.-12.23.41.png","contentUrl":"http:\/\/wp.kristdemokraterna.se\/knivsta\/files\/2022\/07\/skarmavbild-2022-07-08-kl.-12.23.41.png"},{"@type":"BreadcrumbList","@id":"https:\/\/wp.kristdemokraterna.se\/knivsta\/valmanifest-2022\/#breadcrumb","itemListElement":[{"@type":"ListItem","position":1,"name":"Hem","item":"https:\/\/wp.kristdemokraterna.se\/knivsta\/"},{"@type":"ListItem","position":2,"name":"Valmanifest 2022"}]},{"@type":"WebSite","@id":"https:\/\/wp.kristdemokraterna.se\/knivsta\/#website","url":"https:\/\/wp.kristdemokraterna.se\/knivsta\/","name":"Knivsta","description":" F\u00f6r ett b\u00e4ttre samh\u00e4lle","inLanguage":"sv-SE"}]}},"_links":{"self":[{"href":"https:\/\/wp.kristdemokraterna.se\/knivsta\/wp-json\/wp\/v2\/pages\/3133","targetHints":{"allow":["GET"]}}],"collection":[{"href":"https:\/\/wp.kristdemokraterna.se\/knivsta\/wp-json\/wp\/v2\/pages"}],"about":[{"href":"https:\/\/wp.kristdemokraterna.se\/knivsta\/wp-json\/wp\/v2\/types\/page"}],"author":[{"embeddable":true,"href":"https:\/\/wp.kristdemokraterna.se\/knivsta\/wp-json\/wp\/v2\/users\/481"}],"replies":[{"embeddable":true,"href":"https:\/\/wp.kristdemokraterna.se\/knivsta\/wp-json\/wp\/v2\/comments?post=3133"}],"version-history":[{"count":2,"href":"https:\/\/wp.kristdemokraterna.se\/knivsta\/wp-json\/wp\/v2\/pages\/3133\/revisions"}],"predecessor-version":[{"id":3139,"href":"https:\/\/wp.kristdemokraterna.se\/knivsta\/wp-json\/wp\/v2\/pages\/3133\/revisions\/3139"}],"wp:attachment":[{"href":"https:\/\/wp.kristdemokraterna.se\/knivsta\/wp-json\/wp\/v2\/media?parent=3133"}],"curies":[{"name":"wp","href":"https:\/\/api.w.org\/{rel}","templated":true}]}}

<!-- This site is optimized with the Yoast SEO plugin v27.4 - https://yoast.com/product/yoast-seo-wordpress/ -->
<title>Valmanifest 2022 - Knivsta</title>
<meta name="robots" content="index, follow, max-snippet:-1, max-image-preview:large, max-video-preview:-1" />
<link rel="canonical" href="https://wp.kristdemokraterna.se/knivsta/valmanifest-2022/" />
<meta property="og:locale" content="sv_SE" />
<meta property="og:type" content="article" />
<meta property="og:title" content="Valmanifest 2022 - Knivsta" />
<meta property="og:url" content="https://wp.kristdemokraterna.se/knivsta/valmanifest-2022/" />
<meta property="og:site_name" content="Knivsta" />
<meta property="article:publisher" content="https://www.facebook.com/kdknivsta" />
<meta property="article:modified_time" content="2022-07-09T00:12:56+00:00" />
<meta property="og:image" content="http://wp.kristdemokraterna.se/knivsta/files/2022/07/skarmavbild-2022-07-08-kl.-12.23.41.png" />
<meta name="twitter:card" content="summary_large_image" />
<meta name="twitter:label1" content="Beräknad lästid" />
	<meta name="twitter:data1" content="1 minut" />
<script type="application/ld+json" class="yoast-schema-graph">{"@context":"https:\/\/schema.org","@graph":[{"@type":"WebPage","@id":"https:\/\/wp.kristdemokraterna.se\/knivsta\/valmanifest-2022\/","url":"https:\/\/wp.kristdemokraterna.se\/knivsta\/valmanifest-2022\/","name":"Valmanifest 2022 - Knivsta","isPartOf":{"@id":"https:\/\/wp.kristdemokraterna.se\/knivsta\/#website"},"primaryImageOfPage":{"@id":"https:\/\/wp.kristdemokraterna.se\/knivsta\/valmanifest-2022\/#primaryimage"},"image":{"@id":"https:\/\/wp.kristdemokraterna.se\/knivsta\/valmanifest-2022\/#primaryimage"},"thumbnailUrl":"http:\/\/wp.kristdemokraterna.se\/knivsta\/files\/2022\/07\/skarmavbild-2022-07-08-kl.-12.23.41.png","datePublished":"2022-07-08T10:24:42+00:00","dateModified":"2022-07-09T00:12:56+00:00","breadcrumb":{"@id":"https:\/\/wp.kristdemokraterna.se\/knivsta\/valmanifest-2022\/#breadcrumb"},"inLanguage":"sv-SE","potentialAction":[{"@type":"ReadAction","target":["https:\/\/wp.kristdemokraterna.se\/knivsta\/valmanifest-2022\/"]}]},{"@type":"ImageObject","inLanguage":"sv-SE","@id":"https:\/\/wp.kristdemokraterna.se\/knivsta\/valmanifest-2022\/#primaryimage","url":"http:\/\/wp.kristdemokraterna.se\/knivsta\/files\/2022\/07\/skarmavbild-2022-07-08-kl.-12.23.41.png","contentUrl":"http:\/\/wp.kristdemokraterna.se\/knivsta\/files\/2022\/07\/skarmavbild-2022-07-08-kl.-12.23.41.png"},{"@type":"BreadcrumbList","@id":"https:\/\/wp.kristdemokraterna.se\/knivsta\/valmanifest-2022\/#breadcrumb","itemListElement":[{"@type":"ListItem","position":1,"name":"Hem","item":"https:\/\/wp.kristdemokraterna.se\/knivsta\/"},{"@type":"ListItem","position":2,"name":"Valmanifest 2022"}]},{"@type":"WebSite","@id":"https:\/\/wp.kristdemokraterna.se\/knivsta\/#website","url":"https:\/\/wp.kristdemokraterna.se\/knivsta\/","name":"Knivsta","description":" För ett bättre samhälle","inLanguage":"sv-SE"}]}</script>
<!-- / Yoast SEO plugin. -->

För ett bättre samhälle
