{"id":1623,"date":"2024-01-16T13:44:11","date_gmt":"2024-01-16T12:44:11","guid":{"rendered":"https:\/\/wp.kristdemokraterna.se\/koping\/?page_id=1623"},"modified":"2024-10-21T22:38:30","modified_gmt":"2024-10-21T20:38:30","slug":"kommunalradet","status":"publish","type":"page","link":"https:\/\/wp.kristdemokraterna.se\/koping\/kommunalradet\/","title":{"rendered":"Kommunalr\u00e5det"},"content":{"rendered":"<div id=\"attachment_2408\" style=\"width: 272px\" class=\"wp-caption alignleft\"><a href=\"https:\/\/wp.kristdemokraterna.se\/koping\/kommunalradet\/astrid\/\" rel=\"attachment wp-att-2408\"><img loading=\"lazy\" decoding=\"async\" aria-describedby=\"caption-attachment-2408\" class=\"size-medium wp-image-2408\" src=\"http:\/\/wp.kristdemokraterna.se\/koping\/files\/2024\/10\/astrid-262x300.png\" alt=\"\" width=\"262\" height=\"300\" srcset=\"https:\/\/wp.kristdemokraterna.se\/koping\/files\/2024\/10\/astrid-262x300.png 262w, https:\/\/wp.kristdemokraterna.se\/koping\/files\/2024\/10\/astrid-895x1024.png 895w, https:\/\/wp.kristdemokraterna.se\/koping\/files\/2024\/10\/astrid-768x878.png 768w, https:\/\/wp.kristdemokraterna.se\/koping\/files\/2024\/10\/astrid-175x200.png 175w, https:\/\/wp.kristdemokraterna.se\/koping\/files\/2024\/10\/astrid-370x423.png 370w, https:\/\/wp.kristdemokraterna.se\/koping\/files\/2024\/10\/astrid-770x881.png 770w, https:\/\/wp.kristdemokraterna.se\/koping\/files\/2024\/10\/astrid-450x515.png 450w, https:\/\/wp.kristdemokraterna.se\/koping\/files\/2024\/10\/astrid-280x320.png 280w, https:\/\/wp.kristdemokraterna.se\/koping\/files\/2024\/10\/astrid-340x389.png 340w, https:\/\/wp.kristdemokraterna.se\/koping\/files\/2024\/10\/astrid-49x56.png 49w, https:\/\/wp.kristdemokraterna.se\/koping\/files\/2024\/10\/astrid.png 1322w\" sizes=\"auto, (max-width: 262px) 100vw, 262px\" \/><\/a><p id=\"caption-attachment-2408\" class=\"wp-caption-text\"><strong>Kommunalr\u00e5d i K\u00f6pings kommun<\/strong>, Astrid Lamprecht, med s\u00e4rskilt ansvar f\u00f6r N\u00e4ringsliv och samh\u00e4llsbyggnad<\/p><\/div>\n","protected":false},"excerpt":{"rendered":"","protected":false},"author":444,"featured_media":0,"parent":0,"menu_order":0,"comment_status":"closed","ping_status":"closed","template":"","meta":{"_acf_changed":false,"footnotes":""},"class_list":["post-1623","page","type-page","status-publish","hentry"],"acf":[],"yoast_head":"<!-- This site is optimized with the Yoast SEO plugin v27.4 - https:\/\/yoast.com\/product\/yoast-seo-wordpress\/ -->\n<title>Kommunalr\u00e5det - Kristdemokraterna | K\u00f6ping<\/title>\n<meta name=\"robots\" content=\"index, follow, max-snippet:-1, max-image-preview:large, max-video-preview:-1\" \/>\n<link rel=\"canonical\" href=\"https:\/\/wp.kristdemokraterna.se\/koping\/kommunalradet\/\" \/>\n<meta property=\"og:locale\" content=\"sv_SE\" \/>\n<meta property=\"og:type\" content=\"article\" \/>\n<meta property=\"og:title\" content=\"Kommunalr\u00e5det - Kristdemokraterna | K\u00f6ping\" \/>\n<meta property=\"og:url\" content=\"https:\/\/wp.kristdemokraterna.se\/koping\/kommunalradet\/\" \/>\n<meta property=\"og:site_name\" content=\"Kristdemokraterna | K\u00f6ping\" \/>\n<meta property=\"article:modified_time\" content=\"2024-10-21T20:38:30+00:00\" \/>\n<meta property=\"og:image\" content=\"http:\/\/wp.kristdemokraterna.se\/koping\/files\/2024\/10\/astrid-262x300.png\" \/>\n<meta name=\"twitter:card\" content=\"summary_large_image\" \/>\n<meta name=\"twitter:label1\" content=\"Ber\u00e4knad l\u00e4stid\" \/>\n\t<meta name=\"twitter:data1\" content=\"1 minut\" \/>\n<script type=\"application\/ld+json\" class=\"yoast-schema-graph\">{\"@context\":\"https:\\\/\\\/schema.org\",\"@graph\":[{\"@type\":\"WebPage\",\"@id\":\"https:\\\/\\\/wp.kristdemokraterna.se\\\/koping\\\/kommunalradet\\\/\",\"url\":\"https:\\\/\\\/wp.kristdemokraterna.se\\\/koping\\\/kommunalradet\\\/\",\"name\":\"Kommunalr\u00e5det - Kristdemokraterna | K\u00f6ping\",\"isPartOf\":{\"@id\":\"https:\\\/\\\/wp.kristdemokraterna.se\\\/koping\\\/#website\"},\"primaryImageOfPage\":{\"@id\":\"https:\\\/\\\/wp.kristdemokraterna.se\\\/koping\\\/kommunalradet\\\/#primaryimage\"},\"image\":{\"@id\":\"https:\\\/\\\/wp.kristdemokraterna.se\\\/koping\\\/kommunalradet\\\/#primaryimage\"},\"thumbnailUrl\":\"http:\\\/\\\/wp.kristdemokraterna.se\\\/koping\\\/files\\\/2024\\\/10\\\/astrid-262x300.png\",\"datePublished\":\"2024-01-16T12:44:11+00:00\",\"dateModified\":\"2024-10-21T20:38:30+00:00\",\"breadcrumb\":{\"@id\":\"https:\\\/\\\/wp.kristdemokraterna.se\\\/koping\\\/kommunalradet\\\/#breadcrumb\"},\"inLanguage\":\"sv-SE\",\"potentialAction\":[{\"@type\":\"ReadAction\",\"target\":[\"https:\\\/\\\/wp.kristdemokraterna.se\\\/koping\\\/kommunalradet\\\/\"]}]},{\"@type\":\"ImageObject\",\"inLanguage\":\"sv-SE\",\"@id\":\"https:\\\/\\\/wp.kristdemokraterna.se\\\/koping\\\/kommunalradet\\\/#primaryimage\",\"url\":\"https:\\\/\\\/wp.kristdemokraterna.se\\\/koping\\\/files\\\/2024\\\/10\\\/astrid.png\",\"contentUrl\":\"https:\\\/\\\/wp.kristdemokraterna.se\\\/koping\\\/files\\\/2024\\\/10\\\/astrid.png\",\"width\":1322,\"height\":1512,\"caption\":\"Ledamot Astrid Lamprecht astrid.lampricht@koping.se 073-7730949\"},{\"@type\":\"BreadcrumbList\",\"@id\":\"https:\\\/\\\/wp.kristdemokraterna.se\\\/koping\\\/kommunalradet\\\/#breadcrumb\",\"itemListElement\":[{\"@type\":\"ListItem\",\"position\":1,\"name\":\"Hem\",\"item\":\"https:\\\/\\\/wp.kristdemokraterna.se\\\/koping\\\/\"},{\"@type\":\"ListItem\",\"position\":2,\"name\":\"Kommunalr\u00e5det\"}]},{\"@type\":\"WebSite\",\"@id\":\"https:\\\/\\\/wp.kristdemokraterna.se\\\/koping\\\/#website\",\"url\":\"https:\\\/\\\/wp.kristdemokraterna.se\\\/koping\\\/\",\"name\":\"Kristdemokraterna | K\u00f6ping\",\"description\":\"K\u00f6ping beh\u00f6ver ett nytt styre - men inga bilar p\u00e5 Stora gatan\",\"inLanguage\":\"sv-SE\"}]}<\/script>\n<!-- \/ Yoast SEO plugin. -->","yoast_head_json":{"title":"Kommunalr\u00e5det - Kristdemokraterna | K\u00f6ping","robots":{"index":"index","follow":"follow","max-snippet":"max-snippet:-1","max-image-preview":"max-image-preview:large","max-video-preview":"max-video-preview:-1"},"canonical":"https:\/\/wp.kristdemokraterna.se\/koping\/kommunalradet\/","og_locale":"sv_SE","og_type":"article","og_title":"Kommunalr\u00e5det - Kristdemokraterna | K\u00f6ping","og_url":"https:\/\/wp.kristdemokraterna.se\/koping\/kommunalradet\/","og_site_name":"Kristdemokraterna | K\u00f6ping","article_modified_time":"2024-10-21T20:38:30+00:00","og_image":[{"url":"http:\/\/wp.kristdemokraterna.se\/koping\/files\/2024\/10\/astrid-262x300.png","type":"","width":"","height":""}],"twitter_card":"summary_large_image","twitter_misc":{"Ber\u00e4knad l\u00e4stid":"1 minut"},"schema":{"@context":"https:\/\/schema.org","@graph":[{"@type":"WebPage","@id":"https:\/\/wp.kristdemokraterna.se\/koping\/kommunalradet\/","url":"https:\/\/wp.kristdemokraterna.se\/koping\/kommunalradet\/","name":"Kommunalr\u00e5det - Kristdemokraterna | K\u00f6ping","isPartOf":{"@id":"https:\/\/wp.kristdemokraterna.se\/koping\/#website"},"primaryImageOfPage":{"@id":"https:\/\/wp.kristdemokraterna.se\/koping\/kommunalradet\/#primaryimage"},"image":{"@id":"https:\/\/wp.kristdemokraterna.se\/koping\/kommunalradet\/#primaryimage"},"thumbnailUrl":"http:\/\/wp.kristdemokraterna.se\/koping\/files\/2024\/10\/astrid-262x300.png","datePublished":"2024-01-16T12:44:11+00:00","dateModified":"2024-10-21T20:38:30+00:00","breadcrumb":{"@id":"https:\/\/wp.kristdemokraterna.se\/koping\/kommunalradet\/#breadcrumb"},"inLanguage":"sv-SE","potentialAction":[{"@type":"ReadAction","target":["https:\/\/wp.kristdemokraterna.se\/koping\/kommunalradet\/"]}]},{"@type":"ImageObject","inLanguage":"sv-SE","@id":"https:\/\/wp.kristdemokraterna.se\/koping\/kommunalradet\/#primaryimage","url":"https:\/\/wp.kristdemokraterna.se\/koping\/files\/2024\/10\/astrid.png","contentUrl":"https:\/\/wp.kristdemokraterna.se\/koping\/files\/2024\/10\/astrid.png","width":1322,"height":1512,"caption":"Ledamot Astrid Lamprecht astrid.lampricht@koping.se 073-7730949"},{"@type":"BreadcrumbList","@id":"https:\/\/wp.kristdemokraterna.se\/koping\/kommunalradet\/#breadcrumb","itemListElement":[{"@type":"ListItem","position":1,"name":"Hem","item":"https:\/\/wp.kristdemokraterna.se\/koping\/"},{"@type":"ListItem","position":2,"name":"Kommunalr\u00e5det"}]},{"@type":"WebSite","@id":"https:\/\/wp.kristdemokraterna.se\/koping\/#website","url":"https:\/\/wp.kristdemokraterna.se\/koping\/","name":"Kristdemokraterna | K\u00f6ping","description":"K\u00f6ping beh\u00f6ver ett nytt styre - men inga bilar p\u00e5 Stora gatan","inLanguage":"sv-SE"}]}},"_links":{"self":[{"href":"https:\/\/wp.kristdemokraterna.se\/koping\/wp-json\/wp\/v2\/pages\/1623","targetHints":{"allow":["GET"]}}],"collection":[{"href":"https:\/\/wp.kristdemokraterna.se\/koping\/wp-json\/wp\/v2\/pages"}],"about":[{"href":"https:\/\/wp.kristdemokraterna.se\/koping\/wp-json\/wp\/v2\/types\/page"}],"author":[{"embeddable":true,"href":"https:\/\/wp.kristdemokraterna.se\/koping\/wp-json\/wp\/v2\/users\/444"}],"replies":[{"embeddable":true,"href":"https:\/\/wp.kristdemokraterna.se\/koping\/wp-json\/wp\/v2\/comments?post=1623"}],"version-history":[{"count":7,"href":"https:\/\/wp.kristdemokraterna.se\/koping\/wp-json\/wp\/v2\/pages\/1623\/revisions"}],"predecessor-version":[{"id":2411,"href":"https:\/\/wp.kristdemokraterna.se\/koping\/wp-json\/wp\/v2\/pages\/1623\/revisions\/2411"}],"wp:attachment":[{"href":"https:\/\/wp.kristdemokraterna.se\/koping\/wp-json\/wp\/v2\/media?parent=1623"}],"curies":[{"name":"wp","href":"https:\/\/api.w.org\/{rel}","templated":true}]}}

Kommunalrådet

<div id="attachment_2408" style="width: 272px" class="wp-caption alignleft"><a href="https://wp.kristdemokraterna.se/koping/kommunalradet/astrid/" rel="attachment wp-att-2408"><img loading="lazy" decoding="async" aria-describedby="caption-attachment-2408" class="size-medium wp-image-2408" src="http://wp.kristdemokraterna.se/koping/files/2024/10/astrid-262x300.png" alt="" width="262" height="300" srcset="https://wp.kristdemokraterna.se/koping/files/2024/10/astrid-262x300.png 262w, https://wp.kristdemokraterna.se/koping/files/2024/10/astrid-895x1024.png 895w, https://wp.kristdemokraterna.se/koping/files/2024/10/astrid-768x878.png 768w, https://wp.kristdemokraterna.se/koping/files/2024/10/astrid-175x200.png 175w, https://wp.kristdemokraterna.se/koping/files/2024/10/astrid-370x423.png 370w, https://wp.kristdemokraterna.se/koping/files/2024/10/astrid-770x881.png 770w, https://wp.kristdemokraterna.se/koping/files/2024/10/astrid-450x515.png 450w, https://wp.kristdemokraterna.se/koping/files/2024/10/astrid-280x320.png 280w, https://wp.kristdemokraterna.se/koping/files/2024/10/astrid-340x389.png 340w, https://wp.kristdemokraterna.se/koping/files/2024/10/astrid-49x56.png 49w, https://wp.kristdemokraterna.se/koping/files/2024/10/astrid.png 1322w" sizes="auto, (max-width: 262px) 100vw, 262px" /></a><p id="caption-attachment-2408" class="wp-caption-text"><strong>Kommunalråd i Köpings kommun</strong>, Astrid Lamprecht, med särskilt ansvar för Näringsliv och samhällsbyggnad</p></div>

<!-- This site is optimized with the Yoast SEO plugin v27.4 - https://yoast.com/product/yoast-seo-wordpress/ -->
<title>Kommunalrådet - Kristdemokraterna | Köping</title>
<meta name="robots" content="index, follow, max-snippet:-1, max-image-preview:large, max-video-preview:-1" />
<link rel="canonical" href="https://wp.kristdemokraterna.se/koping/kommunalradet/" />
<meta property="og:locale" content="sv_SE" />
<meta property="og:type" content="article" />
<meta property="og:title" content="Kommunalrådet - Kristdemokraterna | Köping" />
<meta property="og:url" content="https://wp.kristdemokraterna.se/koping/kommunalradet/" />
<meta property="og:site_name" content="Kristdemokraterna | Köping" />
<meta property="article:modified_time" content="2024-10-21T20:38:30+00:00" />
<meta property="og:image" content="http://wp.kristdemokraterna.se/koping/files/2024/10/astrid-262x300.png" />
<meta name="twitter:card" content="summary_large_image" />
<meta name="twitter:label1" content="Beräknad lästid" />
	<meta name="twitter:data1" content="1 minut" />
<script type="application/ld+json" class="yoast-schema-graph">{"@context":"https:\/\/schema.org","@graph":[{"@type":"WebPage","@id":"https:\/\/wp.kristdemokraterna.se\/koping\/kommunalradet\/","url":"https:\/\/wp.kristdemokraterna.se\/koping\/kommunalradet\/","name":"Kommunalrådet - Kristdemokraterna | Köping","isPartOf":{"@id":"https:\/\/wp.kristdemokraterna.se\/koping\/#website"},"primaryImageOfPage":{"@id":"https:\/\/wp.kristdemokraterna.se\/koping\/kommunalradet\/#primaryimage"},"image":{"@id":"https:\/\/wp.kristdemokraterna.se\/koping\/kommunalradet\/#primaryimage"},"thumbnailUrl":"http:\/\/wp.kristdemokraterna.se\/koping\/files\/2024\/10\/astrid-262x300.png","datePublished":"2024-01-16T12:44:11+00:00","dateModified":"2024-10-21T20:38:30+00:00","breadcrumb":{"@id":"https:\/\/wp.kristdemokraterna.se\/koping\/kommunalradet\/#breadcrumb"},"inLanguage":"sv-SE","potentialAction":[{"@type":"ReadAction","target":["https:\/\/wp.kristdemokraterna.se\/koping\/kommunalradet\/"]}]},{"@type":"ImageObject","inLanguage":"sv-SE","@id":"https:\/\/wp.kristdemokraterna.se\/koping\/kommunalradet\/#primaryimage","url":"https:\/\/wp.kristdemokraterna.se\/koping\/files\/2024\/10\/astrid.png","contentUrl":"https:\/\/wp.kristdemokraterna.se\/koping\/files\/2024\/10\/astrid.png","width":1322,"height":1512,"caption":"Ledamot Astrid Lamprecht astrid.lampricht@koping.se 073-7730949"},{"@type":"BreadcrumbList","@id":"https:\/\/wp.kristdemokraterna.se\/koping\/kommunalradet\/#breadcrumb","itemListElement":[{"@type":"ListItem","position":1,"name":"Hem","item":"https:\/\/wp.kristdemokraterna.se\/koping\/"},{"@type":"ListItem","position":2,"name":"Kommunalrådet"}]},{"@type":"WebSite","@id":"https:\/\/wp.kristdemokraterna.se\/koping\/#website","url":"https:\/\/wp.kristdemokraterna.se\/koping\/","name":"Kristdemokraterna | Köping","description":"Köping behöver ett nytt styre - men inga bilar på Stora gatan","inLanguage":"sv-SE"}]}</script>
<!-- / Yoast SEO plugin. -->

Kommunalrådet - Kristdemokraterna | Köping

Kristdemokraterna | Köping

Köping behöver ett nytt styre - men inga bilar på Stora gatan
