{"id":1814,"date":"2024-01-18T11:00:44","date_gmt":"2024-01-18T10:00:44","guid":{"rendered":"https:\/\/wp.kristdemokraterna.se\/koping\/?page_id=1814"},"modified":"2024-01-19T12:03:31","modified_gmt":"2024-01-19T11:03:31","slug":"kommunens-ekonomi","status":"publish","type":"page","link":"https:\/\/wp.kristdemokraterna.se\/koping\/swisha-var-valfond\/kommunens-ekonomi\/","title":{"rendered":"Kommunens ekonomi"},"content":{"rendered":"<p><strong><em>Ett gott samha\u0308lle kr\u00e4ver en va\u0308l fungerande samha\u0308llsekonomi med politisk och personlig frihet i balans. Ett l\u00e5ngsiktigt perspektiv med ett socialt, ekonomiskt och milj\u00f6m\u00e4ssigt ansvar.<\/em><\/strong><\/p>\n<p>Fo\u0308r att kunna skapa ett gott samha\u0308lle beh\u00f6vs en ekonomi som ger de politiska visionerna muskler. Kommunen beh\u00f6ver v\u00e4xa med m\u00e5let 35.000 inv\u00e5nare.\u00a0 Vi beh\u00f6ver ett va\u0308l fungerande na\u0308ringsliv och fler personer i arbete som genererar skatteinta\u0308kter och ger en god va\u0308lfa\u0308rd fo\u0308r alla.<\/p>\n<p>Kommunens ansvarsormr\u00e5den har blivit fler, samtidigt som inv\u00e5narnas f\u00f6rv\u00e4ntningar vuxit. Det sta\u0308ller sto\u0308rre krav pa\u030a styrning och uppfo\u0308ljning mellan resurser, prestationer, resultat och effekter i verksamheterna. Det sta\u0308ller ocksa\u030a krav pa\u030a sta\u0308ndiga prioriteringar, effektivisering och fo\u0308rnyelse av verksamheterna. Det handlar om att go\u0308ra ra\u0308tt saker.<\/p>\n<p>Fler ma\u0308nniskor i arbetsfo\u0308r a\u030alder m\u00e5ste f\u00f6rs\u00f6rja sig sj\u00e4lva. En bristande integration a\u0308r ett misslyckande pa\u030a individniva\u030a som hotar va\u030art samha\u0308lles sammanha\u030allning och den offentliga finansieringen.<\/p>\n<p><strong>\u00a0<\/strong><\/p>\n<p><strong>V\u00c5RA F\u00d6RSLAG 2022-2026<\/strong><\/p>\n<ul>\n<li>Kommunen ska drivas effektivt och med ett gott fo\u0308rvaltarskap da\u0308r ka\u0308rnverksamheterna prioriteras.<\/li>\n<li>Stra\u0308van efter sa\u0308nkt skatt a\u0308r o\u0308nskva\u0308rd. Skatten ska vara sa\u030a la\u030ag som mo\u0308jligt och sa\u030a ho\u0308g som no\u0308dva\u0308ndigt.<\/li>\n<li>Va\u0308lfa\u0308rdstja\u0308nster ska levereras av olika utfo\u0308rare, bland annat genom Lagen om valfrihetssystem (LOV) och Lagen om offentlig upphandling (LOU).<\/li>\n<li>Kommunala servicegarantier ska finnas fo\u0308r kommunens tja\u0308nster. N\u00e4r servicen inte uppfylls ska medborgarna kompenseras.<\/li>\n<li>Medarbetare ska sa\u030a la\u030angt som mo\u0308jligt erbjudas heltid, men ska kunna va\u0308lja den tja\u0308nstgo\u0308ringsgrad som o\u0308nskas.<\/li>\n<li>Kommunen m\u00e5ste f\u00f6rb\u00e4ttra sin best\u00e4llarkompetens vid upphandling.<\/li>\n<li>R\u00e4tt ers\u00e4ttning till r\u00e4tt behov<\/li>\n<li>V\u00e4lf\u00e4rdsfusk dr\u00e4neras v\u00e5ra v\u00e4lf\u00e4rdssystem p\u00e5 18 mkr per \u00e5r, vilket f\u00f6r K\u00f6pings del inneb\u00e4r n\u00e4rmare 5 mkr. Genom samverkan med skattemyndigheten kan K\u00f6ping g\u00f6ra sitt f\u00f6r att f\u00f6rhindra dessa v\u00e4lf\u00e4rdsbrott.<\/li>\n<li>Investeringar i fastigheter ska ske pa\u030a ett finansiellt ansvarsfullt sa\u0308tt och renovering respektive nybyggnation av ka\u0308rnverksamhetens lokaler ska prioriteras.<\/li>\n<li>Kommunen ska underl\u00e4tta f\u00f6r befintliga och m\u00f6jliga f\u00f6retag f\u00f6r att skapa fler arbetstillf\u00e4llen och ge kommunen h\u00f6gre skatteint\u00e4kter<\/li>\n<\/ul>\n","protected":false},"excerpt":{"rendered":"<p>Ett gott samha\u0308lle kr\u00e4ver en va\u0308l fungerande samha\u0308llsekonomi med politisk och personlig frihet i balans. Ett l\u00e5ngsiktigt perspektiv med ett socialt, ekonomiskt och milj\u00f6m\u00e4ssigt ansvar. Fo\u0308r att kunna skapa ett gott samha\u0308lle beh\u00f6vs en ekonomi som ger de politiska visionerna muskler. Kommunen beh\u00f6ver v\u00e4xa med m\u00e5let 35.000 inv\u00e5nare.\u00a0 Vi beh\u00f6ver ett va\u0308l fungerande na\u0308ringsliv och <a class=\"read-more-link\" href=\"https:\/\/wp.kristdemokraterna.se\/koping\/swisha-var-valfond\/kommunens-ekonomi\/\">Read More<\/a><\/p>\n","protected":false},"author":444,"featured_media":0,"parent":391,"menu_order":0,"comment_status":"closed","ping_status":"closed","template":"page.php","meta":{"_acf_changed":false,"footnotes":""},"class_list":["post-1814","page","type-page","status-publish","hentry"],"acf":[],"yoast_head":"<!-- This site is optimized with the Yoast SEO plugin v27.3 - https:\/\/yoast.com\/product\/yoast-seo-wordpress\/ -->\n<title>Kommunens ekonomi - Kristdemokraterna | K\u00f6ping<\/title>\n<meta name=\"robots\" content=\"index, follow, max-snippet:-1, max-image-preview:large, max-video-preview:-1\" \/>\n<link rel=\"canonical\" href=\"https:\/\/wp.kristdemokraterna.se\/koping\/swisha-var-valfond\/kommunens-ekonomi\/\" \/>\n<meta property=\"og:locale\" content=\"sv_SE\" \/>\n<meta property=\"og:type\" content=\"article\" \/>\n<meta property=\"og:title\" content=\"Kommunens ekonomi - Kristdemokraterna | K\u00f6ping\" \/>\n<meta property=\"og:description\" content=\"Ett gott samha\u0308lle kr\u00e4ver en va\u0308l fungerande samha\u0308llsekonomi med politisk och personlig frihet i balans. Ett l\u00e5ngsiktigt perspektiv med ett socialt, ekonomiskt och milj\u00f6m\u00e4ssigt ansvar. Fo\u0308r att kunna skapa ett gott samha\u0308lle beh\u00f6vs en ekonomi som ger de politiska visionerna muskler. Kommunen beh\u00f6ver v\u00e4xa med m\u00e5let 35.000 inv\u00e5nare.\u00a0 Vi beh\u00f6ver ett va\u0308l fungerande na\u0308ringsliv och Read More\" \/>\n<meta property=\"og:url\" content=\"https:\/\/wp.kristdemokraterna.se\/koping\/swisha-var-valfond\/kommunens-ekonomi\/\" \/>\n<meta property=\"og:site_name\" content=\"Kristdemokraterna | K\u00f6ping\" \/>\n<meta property=\"article:modified_time\" content=\"2024-01-19T11:03:31+00:00\" \/>\n<meta name=\"twitter:card\" content=\"summary_large_image\" \/>\n<meta name=\"twitter:label1\" content=\"Ber\u00e4knad l\u00e4stid\" \/>\n\t<meta name=\"twitter:data1\" content=\"2 minuter\" \/>\n<script type=\"application\/ld+json\" class=\"yoast-schema-graph\">{\"@context\":\"https:\\\/\\\/schema.org\",\"@graph\":[{\"@type\":\"WebPage\",\"@id\":\"https:\\\/\\\/wp.kristdemokraterna.se\\\/koping\\\/swisha-var-valfond\\\/kommunens-ekonomi\\\/\",\"url\":\"https:\\\/\\\/wp.kristdemokraterna.se\\\/koping\\\/swisha-var-valfond\\\/kommunens-ekonomi\\\/\",\"name\":\"Kommunens ekonomi - Kristdemokraterna | K\u00f6ping\",\"isPartOf\":{\"@id\":\"https:\\\/\\\/wp.kristdemokraterna.se\\\/koping\\\/#website\"},\"datePublished\":\"2024-01-18T10:00:44+00:00\",\"dateModified\":\"2024-01-19T11:03:31+00:00\",\"breadcrumb\":{\"@id\":\"https:\\\/\\\/wp.kristdemokraterna.se\\\/koping\\\/swisha-var-valfond\\\/kommunens-ekonomi\\\/#breadcrumb\"},\"inLanguage\":\"sv-SE\",\"potentialAction\":[{\"@type\":\"ReadAction\",\"target\":[\"https:\\\/\\\/wp.kristdemokraterna.se\\\/koping\\\/swisha-var-valfond\\\/kommunens-ekonomi\\\/\"]}]},{\"@type\":\"BreadcrumbList\",\"@id\":\"https:\\\/\\\/wp.kristdemokraterna.se\\\/koping\\\/swisha-var-valfond\\\/kommunens-ekonomi\\\/#breadcrumb\",\"itemListElement\":[{\"@type\":\"ListItem\",\"position\":1,\"name\":\"Hem\",\"item\":\"https:\\\/\\\/wp.kristdemokraterna.se\\\/koping\\\/\"},{\"@type\":\"ListItem\",\"position\":2,\"name\":\"V\u00e5r kommunpolitik\",\"item\":\"https:\\\/\\\/wp.kristdemokraterna.se\\\/koping\\\/swisha-var-valfond\\\/\"},{\"@type\":\"ListItem\",\"position\":3,\"name\":\"Kommunens ekonomi\"}]},{\"@type\":\"WebSite\",\"@id\":\"https:\\\/\\\/wp.kristdemokraterna.se\\\/koping\\\/#website\",\"url\":\"https:\\\/\\\/wp.kristdemokraterna.se\\\/koping\\\/\",\"name\":\"Kristdemokraterna | K\u00f6ping\",\"description\":\"K\u00f6ping beh\u00f6ver ett nytt styre - men inga bilar p\u00e5 Stora gatan\",\"inLanguage\":\"sv-SE\"}]}<\/script>\n<!-- \/ Yoast SEO plugin. -->","yoast_head_json":{"title":"Kommunens ekonomi - Kristdemokraterna | K\u00f6ping","robots":{"index":"index","follow":"follow","max-snippet":"max-snippet:-1","max-image-preview":"max-image-preview:large","max-video-preview":"max-video-preview:-1"},"canonical":"https:\/\/wp.kristdemokraterna.se\/koping\/swisha-var-valfond\/kommunens-ekonomi\/","og_locale":"sv_SE","og_type":"article","og_title":"Kommunens ekonomi - Kristdemokraterna | K\u00f6ping","og_description":"Ett gott samha\u0308lle kr\u00e4ver en va\u0308l fungerande samha\u0308llsekonomi med politisk och personlig frihet i balans. Ett l\u00e5ngsiktigt perspektiv med ett socialt, ekonomiskt och milj\u00f6m\u00e4ssigt ansvar. Fo\u0308r att kunna skapa ett gott samha\u0308lle beh\u00f6vs en ekonomi som ger de politiska visionerna muskler. Kommunen beh\u00f6ver v\u00e4xa med m\u00e5let 35.000 inv\u00e5nare.\u00a0 Vi beh\u00f6ver ett va\u0308l fungerande na\u0308ringsliv och Read More","og_url":"https:\/\/wp.kristdemokraterna.se\/koping\/swisha-var-valfond\/kommunens-ekonomi\/","og_site_name":"Kristdemokraterna | K\u00f6ping","article_modified_time":"2024-01-19T11:03:31+00:00","twitter_card":"summary_large_image","twitter_misc":{"Ber\u00e4knad l\u00e4stid":"2 minuter"},"schema":{"@context":"https:\/\/schema.org","@graph":[{"@type":"WebPage","@id":"https:\/\/wp.kristdemokraterna.se\/koping\/swisha-var-valfond\/kommunens-ekonomi\/","url":"https:\/\/wp.kristdemokraterna.se\/koping\/swisha-var-valfond\/kommunens-ekonomi\/","name":"Kommunens ekonomi - Kristdemokraterna | K\u00f6ping","isPartOf":{"@id":"https:\/\/wp.kristdemokraterna.se\/koping\/#website"},"datePublished":"2024-01-18T10:00:44+00:00","dateModified":"2024-01-19T11:03:31+00:00","breadcrumb":{"@id":"https:\/\/wp.kristdemokraterna.se\/koping\/swisha-var-valfond\/kommunens-ekonomi\/#breadcrumb"},"inLanguage":"sv-SE","potentialAction":[{"@type":"ReadAction","target":["https:\/\/wp.kristdemokraterna.se\/koping\/swisha-var-valfond\/kommunens-ekonomi\/"]}]},{"@type":"BreadcrumbList","@id":"https:\/\/wp.kristdemokraterna.se\/koping\/swisha-var-valfond\/kommunens-ekonomi\/#breadcrumb","itemListElement":[{"@type":"ListItem","position":1,"name":"Hem","item":"https:\/\/wp.kristdemokraterna.se\/koping\/"},{"@type":"ListItem","position":2,"name":"V\u00e5r kommunpolitik","item":"https:\/\/wp.kristdemokraterna.se\/koping\/swisha-var-valfond\/"},{"@type":"ListItem","position":3,"name":"Kommunens ekonomi"}]},{"@type":"WebSite","@id":"https:\/\/wp.kristdemokraterna.se\/koping\/#website","url":"https:\/\/wp.kristdemokraterna.se\/koping\/","name":"Kristdemokraterna | K\u00f6ping","description":"K\u00f6ping beh\u00f6ver ett nytt styre - men inga bilar p\u00e5 Stora gatan","inLanguage":"sv-SE"}]}},"_links":{"self":[{"href":"https:\/\/wp.kristdemokraterna.se\/koping\/wp-json\/wp\/v2\/pages\/1814","targetHints":{"allow":["GET"]}}],"collection":[{"href":"https:\/\/wp.kristdemokraterna.se\/koping\/wp-json\/wp\/v2\/pages"}],"about":[{"href":"https:\/\/wp.kristdemokraterna.se\/koping\/wp-json\/wp\/v2\/types\/page"}],"author":[{"embeddable":true,"href":"https:\/\/wp.kristdemokraterna.se\/koping\/wp-json\/wp\/v2\/users\/444"}],"replies":[{"embeddable":true,"href":"https:\/\/wp.kristdemokraterna.se\/koping\/wp-json\/wp\/v2\/comments?post=1814"}],"version-history":[{"count":2,"href":"https:\/\/wp.kristdemokraterna.se\/koping\/wp-json\/wp\/v2\/pages\/1814\/revisions"}],"predecessor-version":[{"id":1987,"href":"https:\/\/wp.kristdemokraterna.se\/koping\/wp-json\/wp\/v2\/pages\/1814\/revisions\/1987"}],"up":[{"embeddable":true,"href":"https:\/\/wp.kristdemokraterna.se\/koping\/wp-json\/wp\/v2\/pages\/391"}],"wp:attachment":[{"href":"https:\/\/wp.kristdemokraterna.se\/koping\/wp-json\/wp\/v2\/media?parent=1814"}],"curies":[{"name":"wp","href":"https:\/\/api.w.org\/{rel}","templated":true}]}}