{"id":1822,"date":"2024-01-18T11:05:39","date_gmt":"2024-01-18T10:05:39","guid":{"rendered":"https:\/\/wp.kristdemokraterna.se\/koping\/?page_id=1822"},"modified":"2024-01-19T12:04:29","modified_gmt":"2024-01-19T11:04:29","slug":"barnomsorg","status":"publish","type":"page","link":"https:\/\/wp.kristdemokraterna.se\/koping\/swisha-var-valfond\/barnomsorg\/","title":{"rendered":"Barnomsorg"},"content":{"rendered":"<p><strong><em>F\u00f6rskoleverksamheten ska m\u00f6ta enskilda barns behov. Familjer ska kunna v\u00e4lja mellan olika omsorgsformer. <\/em><\/strong><\/p>\n<p>Barnomsorg och f\u00f6rskola ska utg\u00e5 fr\u00e5n barns och familjers behov och vara ett st\u00f6d f\u00f6r familjerna i deras ansvar f\u00f6r barnens fostran, utveckling och l\u00e4rande.<\/p>\n<p><strong>V\u00c5RA F\u00d6RSLAG 2022-2026<\/strong><\/p>\n<ul>\n<li>Alla f\u00f6rskolor och familjedaghem i K\u00f6pings kommun ska h\u00e5lla h\u00f6g kvalitet.<\/li>\n<li>Familjerna ska sj\u00e4lva best\u00e4mma n\u00e4r och om barnen ska b\u00f6rja i f\u00f6rskolan.<\/li>\n<li>KD vill inf\u00f6ra en nationell barnomsorgspeng f\u00f6r familjer som vill ta hand om egna och anh\u00f6rigas barn.<\/li>\n<li>Fler familjedaghem och \u00f6ppna f\u00f6rskolor ska finnas, i samarbete med civilsamh\u00e4llet, i och utanf\u00f6r K\u00f6pings t\u00e4tort.<\/li>\n<li>Det ska finnas stor valfrihet och m\u00e5ngfald med flera alternativa utf\u00f6rare vid val av barnomsorg och f\u00f6rskola.<\/li>\n<li>Kommunalt och enskilt drivna f\u00f6rskolor ska ges likv\u00e4rdiga f\u00f6ruts\u00e4ttningar.<\/li>\n<li>N\u00e4r nya f\u00f6rskolor startar ska barnens b\u00e4sta prioriteras.<\/li>\n<li>Barngruppernas storlek i f\u00f6rskolan ska minska. Max 12 barn i sm\u00e5barnsgrupper.<\/li>\n<li>F\u00f6rskolans v\u00e4rdegrund ska utg\u00e5 fr\u00e5n kristen etik och v\u00e4sterl\u00e4ndsk humanism.<\/li>\n<li>F\u00f6rskolor och familjedaghem ska vara roliga, l\u00e4rorika och se till varje barns behov.<\/li>\n<li>Samarbete ska etableras mellan f\u00f6rskolan och \u00e4ldreomsorgen.<\/li>\n<li>N\u00e4rproducerade livsmedel av god kvalitet ska serveras i barnomsorg och<\/li>\n<\/ul>\n","protected":false},"excerpt":{"rendered":"<p>F\u00f6rskoleverksamheten ska m\u00f6ta enskilda barns behov. Familjer ska kunna v\u00e4lja mellan olika omsorgsformer. Barnomsorg och f\u00f6rskola ska utg\u00e5 fr\u00e5n barns och familjers behov och vara ett st\u00f6d f\u00f6r familjerna i deras ansvar f\u00f6r barnens fostran, utveckling och l\u00e4rande. V\u00c5RA F\u00d6RSLAG 2022-2026 Alla f\u00f6rskolor och familjedaghem i K\u00f6pings kommun ska h\u00e5lla h\u00f6g kvalitet. Familjerna ska sj\u00e4lva <a class=\"read-more-link\" href=\"https:\/\/wp.kristdemokraterna.se\/koping\/swisha-var-valfond\/barnomsorg\/\">Read More<\/a><\/p>\n","protected":false},"author":444,"featured_media":0,"parent":391,"menu_order":0,"comment_status":"closed","ping_status":"closed","template":"page.php","meta":{"_acf_changed":false,"footnotes":""},"class_list":["post-1822","page","type-page","status-publish","hentry"],"acf":[],"yoast_head":"<!-- This site is optimized with the Yoast SEO plugin v27.3 - https:\/\/yoast.com\/product\/yoast-seo-wordpress\/ -->\n<title>Barnomsorg - Kristdemokraterna | K\u00f6ping<\/title>\n<meta name=\"robots\" content=\"index, follow, max-snippet:-1, max-image-preview:large, max-video-preview:-1\" \/>\n<link rel=\"canonical\" href=\"https:\/\/wp.kristdemokraterna.se\/koping\/swisha-var-valfond\/barnomsorg\/\" \/>\n<meta property=\"og:locale\" content=\"sv_SE\" \/>\n<meta property=\"og:type\" content=\"article\" \/>\n<meta property=\"og:title\" content=\"Barnomsorg - Kristdemokraterna | K\u00f6ping\" \/>\n<meta property=\"og:description\" content=\"F\u00f6rskoleverksamheten ska m\u00f6ta enskilda barns behov. Familjer ska kunna v\u00e4lja mellan olika omsorgsformer. Barnomsorg och f\u00f6rskola ska utg\u00e5 fr\u00e5n barns och familjers behov och vara ett st\u00f6d f\u00f6r familjerna i deras ansvar f\u00f6r barnens fostran, utveckling och l\u00e4rande. V\u00c5RA F\u00d6RSLAG 2022-2026 Alla f\u00f6rskolor och familjedaghem i K\u00f6pings kommun ska h\u00e5lla h\u00f6g kvalitet. Familjerna ska sj\u00e4lva Read More\" \/>\n<meta property=\"og:url\" content=\"https:\/\/wp.kristdemokraterna.se\/koping\/swisha-var-valfond\/barnomsorg\/\" \/>\n<meta property=\"og:site_name\" content=\"Kristdemokraterna | K\u00f6ping\" \/>\n<meta property=\"article:modified_time\" content=\"2024-01-19T11:04:29+00:00\" \/>\n<meta name=\"twitter:card\" content=\"summary_large_image\" \/>\n<meta name=\"twitter:label1\" content=\"Ber\u00e4knad l\u00e4stid\" \/>\n\t<meta name=\"twitter:data1\" content=\"1 minut\" \/>\n<script type=\"application\/ld+json\" class=\"yoast-schema-graph\">{\"@context\":\"https:\\\/\\\/schema.org\",\"@graph\":[{\"@type\":\"WebPage\",\"@id\":\"https:\\\/\\\/wp.kristdemokraterna.se\\\/koping\\\/swisha-var-valfond\\\/barnomsorg\\\/\",\"url\":\"https:\\\/\\\/wp.kristdemokraterna.se\\\/koping\\\/swisha-var-valfond\\\/barnomsorg\\\/\",\"name\":\"Barnomsorg - Kristdemokraterna | K\u00f6ping\",\"isPartOf\":{\"@id\":\"https:\\\/\\\/wp.kristdemokraterna.se\\\/koping\\\/#website\"},\"datePublished\":\"2024-01-18T10:05:39+00:00\",\"dateModified\":\"2024-01-19T11:04:29+00:00\",\"breadcrumb\":{\"@id\":\"https:\\\/\\\/wp.kristdemokraterna.se\\\/koping\\\/swisha-var-valfond\\\/barnomsorg\\\/#breadcrumb\"},\"inLanguage\":\"sv-SE\",\"potentialAction\":[{\"@type\":\"ReadAction\",\"target\":[\"https:\\\/\\\/wp.kristdemokraterna.se\\\/koping\\\/swisha-var-valfond\\\/barnomsorg\\\/\"]}]},{\"@type\":\"BreadcrumbList\",\"@id\":\"https:\\\/\\\/wp.kristdemokraterna.se\\\/koping\\\/swisha-var-valfond\\\/barnomsorg\\\/#breadcrumb\",\"itemListElement\":[{\"@type\":\"ListItem\",\"position\":1,\"name\":\"Hem\",\"item\":\"https:\\\/\\\/wp.kristdemokraterna.se\\\/koping\\\/\"},{\"@type\":\"ListItem\",\"position\":2,\"name\":\"V\u00e5r kommunpolitik\",\"item\":\"https:\\\/\\\/wp.kristdemokraterna.se\\\/koping\\\/swisha-var-valfond\\\/\"},{\"@type\":\"ListItem\",\"position\":3,\"name\":\"Barnomsorg\"}]},{\"@type\":\"WebSite\",\"@id\":\"https:\\\/\\\/wp.kristdemokraterna.se\\\/koping\\\/#website\",\"url\":\"https:\\\/\\\/wp.kristdemokraterna.se\\\/koping\\\/\",\"name\":\"Kristdemokraterna | K\u00f6ping\",\"description\":\"K\u00f6ping beh\u00f6ver ett nytt styre - men inga bilar p\u00e5 Stora gatan\",\"inLanguage\":\"sv-SE\"}]}<\/script>\n<!-- \/ Yoast SEO plugin. -->","yoast_head_json":{"title":"Barnomsorg - Kristdemokraterna | K\u00f6ping","robots":{"index":"index","follow":"follow","max-snippet":"max-snippet:-1","max-image-preview":"max-image-preview:large","max-video-preview":"max-video-preview:-1"},"canonical":"https:\/\/wp.kristdemokraterna.se\/koping\/swisha-var-valfond\/barnomsorg\/","og_locale":"sv_SE","og_type":"article","og_title":"Barnomsorg - Kristdemokraterna | K\u00f6ping","og_description":"F\u00f6rskoleverksamheten ska m\u00f6ta enskilda barns behov. Familjer ska kunna v\u00e4lja mellan olika omsorgsformer. Barnomsorg och f\u00f6rskola ska utg\u00e5 fr\u00e5n barns och familjers behov och vara ett st\u00f6d f\u00f6r familjerna i deras ansvar f\u00f6r barnens fostran, utveckling och l\u00e4rande. V\u00c5RA F\u00d6RSLAG 2022-2026 Alla f\u00f6rskolor och familjedaghem i K\u00f6pings kommun ska h\u00e5lla h\u00f6g kvalitet. Familjerna ska sj\u00e4lva Read More","og_url":"https:\/\/wp.kristdemokraterna.se\/koping\/swisha-var-valfond\/barnomsorg\/","og_site_name":"Kristdemokraterna | K\u00f6ping","article_modified_time":"2024-01-19T11:04:29+00:00","twitter_card":"summary_large_image","twitter_misc":{"Ber\u00e4knad l\u00e4stid":"1 minut"},"schema":{"@context":"https:\/\/schema.org","@graph":[{"@type":"WebPage","@id":"https:\/\/wp.kristdemokraterna.se\/koping\/swisha-var-valfond\/barnomsorg\/","url":"https:\/\/wp.kristdemokraterna.se\/koping\/swisha-var-valfond\/barnomsorg\/","name":"Barnomsorg - Kristdemokraterna | K\u00f6ping","isPartOf":{"@id":"https:\/\/wp.kristdemokraterna.se\/koping\/#website"},"datePublished":"2024-01-18T10:05:39+00:00","dateModified":"2024-01-19T11:04:29+00:00","breadcrumb":{"@id":"https:\/\/wp.kristdemokraterna.se\/koping\/swisha-var-valfond\/barnomsorg\/#breadcrumb"},"inLanguage":"sv-SE","potentialAction":[{"@type":"ReadAction","target":["https:\/\/wp.kristdemokraterna.se\/koping\/swisha-var-valfond\/barnomsorg\/"]}]},{"@type":"BreadcrumbList","@id":"https:\/\/wp.kristdemokraterna.se\/koping\/swisha-var-valfond\/barnomsorg\/#breadcrumb","itemListElement":[{"@type":"ListItem","position":1,"name":"Hem","item":"https:\/\/wp.kristdemokraterna.se\/koping\/"},{"@type":"ListItem","position":2,"name":"V\u00e5r kommunpolitik","item":"https:\/\/wp.kristdemokraterna.se\/koping\/swisha-var-valfond\/"},{"@type":"ListItem","position":3,"name":"Barnomsorg"}]},{"@type":"WebSite","@id":"https:\/\/wp.kristdemokraterna.se\/koping\/#website","url":"https:\/\/wp.kristdemokraterna.se\/koping\/","name":"Kristdemokraterna | K\u00f6ping","description":"K\u00f6ping beh\u00f6ver ett nytt styre - men inga bilar p\u00e5 Stora gatan","inLanguage":"sv-SE"}]}},"_links":{"self":[{"href":"https:\/\/wp.kristdemokraterna.se\/koping\/wp-json\/wp\/v2\/pages\/1822","targetHints":{"allow":["GET"]}}],"collection":[{"href":"https:\/\/wp.kristdemokraterna.se\/koping\/wp-json\/wp\/v2\/pages"}],"about":[{"href":"https:\/\/wp.kristdemokraterna.se\/koping\/wp-json\/wp\/v2\/types\/page"}],"author":[{"embeddable":true,"href":"https:\/\/wp.kristdemokraterna.se\/koping\/wp-json\/wp\/v2\/users\/444"}],"replies":[{"embeddable":true,"href":"https:\/\/wp.kristdemokraterna.se\/koping\/wp-json\/wp\/v2\/comments?post=1822"}],"version-history":[{"count":2,"href":"https:\/\/wp.kristdemokraterna.se\/koping\/wp-json\/wp\/v2\/pages\/1822\/revisions"}],"predecessor-version":[{"id":1991,"href":"https:\/\/wp.kristdemokraterna.se\/koping\/wp-json\/wp\/v2\/pages\/1822\/revisions\/1991"}],"up":[{"embeddable":true,"href":"https:\/\/wp.kristdemokraterna.se\/koping\/wp-json\/wp\/v2\/pages\/391"}],"wp:attachment":[{"href":"https:\/\/wp.kristdemokraterna.se\/koping\/wp-json\/wp\/v2\/media?parent=1822"}],"curies":[{"name":"wp","href":"https:\/\/api.w.org\/{rel}","templated":true}]}}