{"id":2098,"date":"2024-01-25T15:34:19","date_gmt":"2024-01-25T14:34:19","guid":{"rendered":"https:\/\/wp.kristdemokraterna.se\/koping\/?page_id=2098"},"modified":"2024-06-13T11:23:33","modified_gmt":"2024-06-13T09:23:33","slug":"vart-kommunporgram-som-pdf","status":"publish","type":"page","link":"https:\/\/wp.kristdemokraterna.se\/koping\/kommunalradet\/vart-kommunporgram-som-pdf\/","title":{"rendered":"Kommunprogram som PDF"},"content":{"rendered":"<p><a href=\"https:\/\/wp.kristdemokraterna.se\/koping\/kommunprogram-som-pdf\/kommunpolitiska-program-kd-koping-2022\/\" rel=\"attachment wp-att-2084\"><img loading=\"lazy\" decoding=\"async\" class=\" wp-image-2084 alignleft\" src=\"http:\/\/wp.kristdemokraterna.se\/koping\/files\/2024\/01\/skarmavbild-2024-01-25-kl.-15.17.42-213x300.png\" alt=\"\" width=\"390\" height=\"549\" srcset=\"https:\/\/wp.kristdemokraterna.se\/koping\/files\/2024\/01\/skarmavbild-2024-01-25-kl.-15.17.42-213x300.png 213w, https:\/\/wp.kristdemokraterna.se\/koping\/files\/2024\/01\/skarmavbild-2024-01-25-kl.-15.17.42-142x200.png 142w, https:\/\/wp.kristdemokraterna.se\/koping\/files\/2024\/01\/skarmavbild-2024-01-25-kl.-15.17.42-370x521.png 370w, https:\/\/wp.kristdemokraterna.se\/koping\/files\/2024\/01\/skarmavbild-2024-01-25-kl.-15.17.42-450x634.png 450w, https:\/\/wp.kristdemokraterna.se\/koping\/files\/2024\/01\/skarmavbild-2024-01-25-kl.-15.17.42-280x394.png 280w, https:\/\/wp.kristdemokraterna.se\/koping\/files\/2024\/01\/skarmavbild-2024-01-25-kl.-15.17.42-340x479.png 340w, https:\/\/wp.kristdemokraterna.se\/koping\/files\/2024\/01\/skarmavbild-2024-01-25-kl.-15.17.42-40x56.png 40w, https:\/\/wp.kristdemokraterna.se\/koping\/files\/2024\/01\/skarmavbild-2024-01-25-kl.-15.17.42.png 609w\" sizes=\"auto, (max-width: 390px) 100vw, 390px\" \/><\/a><\/p>\n<p>&nbsp;<\/p>\n<p>&nbsp;<\/p>\n<p>&nbsp;<\/p>\n<p>&nbsp;<\/p>\n","protected":false},"excerpt":{"rendered":"<p>&nbsp; &nbsp; &nbsp; &nbsp;<\/p>\n","protected":false},"author":62,"featured_media":0,"parent":1623,"menu_order":2,"comment_status":"closed","ping_status":"closed","template":"page.php","meta":{"_acf_changed":false,"footnotes":""},"class_list":["post-2098","page","type-page","status-publish","hentry"],"acf":[],"yoast_head":"<!-- This site is optimized with the Yoast SEO plugin v27.4 - https:\/\/yoast.com\/product\/yoast-seo-wordpress\/ -->\n<title>Kommunprogram som PDF - Kristdemokraterna | K\u00f6ping<\/title>\n<meta name=\"robots\" content=\"index, follow, max-snippet:-1, max-image-preview:large, max-video-preview:-1\" \/>\n<link rel=\"canonical\" href=\"https:\/\/wp.kristdemokraterna.se\/koping\/kommunalradet\/vart-kommunporgram-som-pdf\/\" \/>\n<meta property=\"og:locale\" content=\"sv_SE\" \/>\n<meta property=\"og:type\" content=\"article\" \/>\n<meta property=\"og:title\" content=\"Kommunprogram som PDF - Kristdemokraterna | K\u00f6ping\" \/>\n<meta property=\"og:description\" content=\"&nbsp; &nbsp; &nbsp; &nbsp;\" \/>\n<meta property=\"og:url\" content=\"https:\/\/wp.kristdemokraterna.se\/koping\/kommunalradet\/vart-kommunporgram-som-pdf\/\" \/>\n<meta property=\"og:site_name\" content=\"Kristdemokraterna | K\u00f6ping\" \/>\n<meta property=\"article:modified_time\" content=\"2024-06-13T09:23:33+00:00\" \/>\n<meta property=\"og:image\" content=\"http:\/\/wp.kristdemokraterna.se\/koping\/files\/2024\/01\/skarmavbild-2024-01-25-kl.-15.17.42-213x300.png\" \/>\n<meta name=\"twitter:card\" content=\"summary_large_image\" \/>\n<meta name=\"twitter:label1\" content=\"Ber\u00e4knad l\u00e4stid\" \/>\n\t<meta name=\"twitter:data1\" content=\"1 minut\" \/>\n<script type=\"application\/ld+json\" class=\"yoast-schema-graph\">{\"@context\":\"https:\\\/\\\/schema.org\",\"@graph\":[{\"@type\":\"WebPage\",\"@id\":\"https:\\\/\\\/wp.kristdemokraterna.se\\\/koping\\\/kommunalradet\\\/vart-kommunporgram-som-pdf\\\/\",\"url\":\"https:\\\/\\\/wp.kristdemokraterna.se\\\/koping\\\/kommunalradet\\\/vart-kommunporgram-som-pdf\\\/\",\"name\":\"Kommunprogram som PDF - Kristdemokraterna | K\u00f6ping\",\"isPartOf\":{\"@id\":\"https:\\\/\\\/wp.kristdemokraterna.se\\\/koping\\\/#website\"},\"primaryImageOfPage\":{\"@id\":\"https:\\\/\\\/wp.kristdemokraterna.se\\\/koping\\\/kommunalradet\\\/vart-kommunporgram-som-pdf\\\/#primaryimage\"},\"image\":{\"@id\":\"https:\\\/\\\/wp.kristdemokraterna.se\\\/koping\\\/kommunalradet\\\/vart-kommunporgram-som-pdf\\\/#primaryimage\"},\"thumbnailUrl\":\"http:\\\/\\\/wp.kristdemokraterna.se\\\/koping\\\/files\\\/2024\\\/01\\\/skarmavbild-2024-01-25-kl.-15.17.42-213x300.png\",\"datePublished\":\"2024-01-25T14:34:19+00:00\",\"dateModified\":\"2024-06-13T09:23:33+00:00\",\"breadcrumb\":{\"@id\":\"https:\\\/\\\/wp.kristdemokraterna.se\\\/koping\\\/kommunalradet\\\/vart-kommunporgram-som-pdf\\\/#breadcrumb\"},\"inLanguage\":\"sv-SE\",\"potentialAction\":[{\"@type\":\"ReadAction\",\"target\":[\"https:\\\/\\\/wp.kristdemokraterna.se\\\/koping\\\/kommunalradet\\\/vart-kommunporgram-som-pdf\\\/\"]}]},{\"@type\":\"ImageObject\",\"inLanguage\":\"sv-SE\",\"@id\":\"https:\\\/\\\/wp.kristdemokraterna.se\\\/koping\\\/kommunalradet\\\/vart-kommunporgram-som-pdf\\\/#primaryimage\",\"url\":\"http:\\\/\\\/wp.kristdemokraterna.se\\\/koping\\\/files\\\/2024\\\/01\\\/skarmavbild-2024-01-25-kl.-15.17.42-213x300.png\",\"contentUrl\":\"http:\\\/\\\/wp.kristdemokraterna.se\\\/koping\\\/files\\\/2024\\\/01\\\/skarmavbild-2024-01-25-kl.-15.17.42-213x300.png\"},{\"@type\":\"BreadcrumbList\",\"@id\":\"https:\\\/\\\/wp.kristdemokraterna.se\\\/koping\\\/kommunalradet\\\/vart-kommunporgram-som-pdf\\\/#breadcrumb\",\"itemListElement\":[{\"@type\":\"ListItem\",\"position\":1,\"name\":\"Hem\",\"item\":\"https:\\\/\\\/wp.kristdemokraterna.se\\\/koping\\\/\"},{\"@type\":\"ListItem\",\"position\":2,\"name\":\"Kommunalr\u00e5det\",\"item\":\"https:\\\/\\\/wp.kristdemokraterna.se\\\/koping\\\/kommunalradet\\\/\"},{\"@type\":\"ListItem\",\"position\":3,\"name\":\"Kommunprogram som PDF\"}]},{\"@type\":\"WebSite\",\"@id\":\"https:\\\/\\\/wp.kristdemokraterna.se\\\/koping\\\/#website\",\"url\":\"https:\\\/\\\/wp.kristdemokraterna.se\\\/koping\\\/\",\"name\":\"Kristdemokraterna | K\u00f6ping\",\"description\":\"K\u00f6ping beh\u00f6ver ett nytt styre - men inga bilar p\u00e5 Stora gatan\",\"inLanguage\":\"sv-SE\"}]}<\/script>\n<!-- \/ Yoast SEO plugin. -->","yoast_head_json":{"title":"Kommunprogram som PDF - Kristdemokraterna | K\u00f6ping","robots":{"index":"index","follow":"follow","max-snippet":"max-snippet:-1","max-image-preview":"max-image-preview:large","max-video-preview":"max-video-preview:-1"},"canonical":"https:\/\/wp.kristdemokraterna.se\/koping\/kommunalradet\/vart-kommunporgram-som-pdf\/","og_locale":"sv_SE","og_type":"article","og_title":"Kommunprogram som PDF - Kristdemokraterna | K\u00f6ping","og_description":"&nbsp; &nbsp; &nbsp; &nbsp;","og_url":"https:\/\/wp.kristdemokraterna.se\/koping\/kommunalradet\/vart-kommunporgram-som-pdf\/","og_site_name":"Kristdemokraterna | K\u00f6ping","article_modified_time":"2024-06-13T09:23:33+00:00","og_image":[{"url":"http:\/\/wp.kristdemokraterna.se\/koping\/files\/2024\/01\/skarmavbild-2024-01-25-kl.-15.17.42-213x300.png","type":"","width":"","height":""}],"twitter_card":"summary_large_image","twitter_misc":{"Ber\u00e4knad l\u00e4stid":"1 minut"},"schema":{"@context":"https:\/\/schema.org","@graph":[{"@type":"WebPage","@id":"https:\/\/wp.kristdemokraterna.se\/koping\/kommunalradet\/vart-kommunporgram-som-pdf\/","url":"https:\/\/wp.kristdemokraterna.se\/koping\/kommunalradet\/vart-kommunporgram-som-pdf\/","name":"Kommunprogram som PDF - Kristdemokraterna | K\u00f6ping","isPartOf":{"@id":"https:\/\/wp.kristdemokraterna.se\/koping\/#website"},"primaryImageOfPage":{"@id":"https:\/\/wp.kristdemokraterna.se\/koping\/kommunalradet\/vart-kommunporgram-som-pdf\/#primaryimage"},"image":{"@id":"https:\/\/wp.kristdemokraterna.se\/koping\/kommunalradet\/vart-kommunporgram-som-pdf\/#primaryimage"},"thumbnailUrl":"http:\/\/wp.kristdemokraterna.se\/koping\/files\/2024\/01\/skarmavbild-2024-01-25-kl.-15.17.42-213x300.png","datePublished":"2024-01-25T14:34:19+00:00","dateModified":"2024-06-13T09:23:33+00:00","breadcrumb":{"@id":"https:\/\/wp.kristdemokraterna.se\/koping\/kommunalradet\/vart-kommunporgram-som-pdf\/#breadcrumb"},"inLanguage":"sv-SE","potentialAction":[{"@type":"ReadAction","target":["https:\/\/wp.kristdemokraterna.se\/koping\/kommunalradet\/vart-kommunporgram-som-pdf\/"]}]},{"@type":"ImageObject","inLanguage":"sv-SE","@id":"https:\/\/wp.kristdemokraterna.se\/koping\/kommunalradet\/vart-kommunporgram-som-pdf\/#primaryimage","url":"http:\/\/wp.kristdemokraterna.se\/koping\/files\/2024\/01\/skarmavbild-2024-01-25-kl.-15.17.42-213x300.png","contentUrl":"http:\/\/wp.kristdemokraterna.se\/koping\/files\/2024\/01\/skarmavbild-2024-01-25-kl.-15.17.42-213x300.png"},{"@type":"BreadcrumbList","@id":"https:\/\/wp.kristdemokraterna.se\/koping\/kommunalradet\/vart-kommunporgram-som-pdf\/#breadcrumb","itemListElement":[{"@type":"ListItem","position":1,"name":"Hem","item":"https:\/\/wp.kristdemokraterna.se\/koping\/"},{"@type":"ListItem","position":2,"name":"Kommunalr\u00e5det","item":"https:\/\/wp.kristdemokraterna.se\/koping\/kommunalradet\/"},{"@type":"ListItem","position":3,"name":"Kommunprogram som PDF"}]},{"@type":"WebSite","@id":"https:\/\/wp.kristdemokraterna.se\/koping\/#website","url":"https:\/\/wp.kristdemokraterna.se\/koping\/","name":"Kristdemokraterna | K\u00f6ping","description":"K\u00f6ping beh\u00f6ver ett nytt styre - men inga bilar p\u00e5 Stora gatan","inLanguage":"sv-SE"}]}},"_links":{"self":[{"href":"https:\/\/wp.kristdemokraterna.se\/koping\/wp-json\/wp\/v2\/pages\/2098","targetHints":{"allow":["GET"]}}],"collection":[{"href":"https:\/\/wp.kristdemokraterna.se\/koping\/wp-json\/wp\/v2\/pages"}],"about":[{"href":"https:\/\/wp.kristdemokraterna.se\/koping\/wp-json\/wp\/v2\/types\/page"}],"author":[{"embeddable":true,"href":"https:\/\/wp.kristdemokraterna.se\/koping\/wp-json\/wp\/v2\/users\/62"}],"replies":[{"embeddable":true,"href":"https:\/\/wp.kristdemokraterna.se\/koping\/wp-json\/wp\/v2\/comments?post=2098"}],"version-history":[{"count":7,"href":"https:\/\/wp.kristdemokraterna.se\/koping\/wp-json\/wp\/v2\/pages\/2098\/revisions"}],"predecessor-version":[{"id":2112,"href":"https:\/\/wp.kristdemokraterna.se\/koping\/wp-json\/wp\/v2\/pages\/2098\/revisions\/2112"}],"up":[{"embeddable":true,"href":"https:\/\/wp.kristdemokraterna.se\/koping\/wp-json\/wp\/v2\/pages\/1623"}],"wp:attachment":[{"href":"https:\/\/wp.kristdemokraterna.se\/koping\/wp-json\/wp\/v2\/media?parent=2098"}],"curies":[{"name":"wp","href":"https:\/\/api.w.org\/{rel}","templated":true}]}}