{"version":"1.0","provider_name":"Kristdemokraterna i Kronoberg","provider_url":"https:\/\/wp.kristdemokraterna.se\/kronoberg","title":"- Kristdemokraterna i Kronoberg","type":"rich","width":600,"height":338,"html":"<blockquote class=\"wp-embedded-content\" data-secret=\"iUewLR7wBc\"><a href=\"https:\/\/wp.kristdemokraterna.se\/kronoberg\/751-2\/\"><\/a><\/blockquote><iframe sandbox=\"allow-scripts\" security=\"restricted\" src=\"https:\/\/wp.kristdemokraterna.se\/kronoberg\/751-2\/embed\/#?secret=iUewLR7wBc\" width=\"600\" height=\"338\" title=\"\u201d\u201d &ndash; Kristdemokraterna i Kronoberg\" data-secret=\"iUewLR7wBc\" frameborder=\"0\" marginwidth=\"0\" marginheight=\"0\" scrolling=\"no\" class=\"wp-embedded-content\"><\/iframe><script type=\"text\/javascript\">\n\/* <![CDATA[ *\/\n\/*! This file is auto-generated *\/\n!function(d,l){\"use strict\";l.querySelector&&d.addEventListener&&\"undefined\"!=typeof URL&&(d.wp=d.wp||{},d.wp.receiveEmbedMessage||(d.wp.receiveEmbedMessage=function(e){var t=e.data;if((t||t.secret||t.message||t.value)&&!\/[^a-zA-Z0-9]\/.test(t.secret)){for(var s,r,n,a=l.querySelectorAll('iframe[data-secret=\"'+t.secret+'\"]'),o=l.querySelectorAll('blockquote[data-secret=\"'+t.secret+'\"]'),c=new RegExp(\"^https?:$\",\"i\"),i=0;i<o.length;i++)o[i].style.display=\"none\";for(i=0;i<a.length;i++)s=a[i],e.source===s.contentWindow&&(s.removeAttribute(\"style\"),\"height\"===t.message?(1e3<(r=parseInt(t.value,10))?r=1e3:~~r<200&&(r=200),s.height=r):\"link\"===t.message&&(r=new URL(s.getAttribute(\"src\")),n=new URL(t.value),c.test(n.protocol))&&n.host===r.host&&l.activeElement===s&&(d.top.location.href=t.value))}},d.addEventListener(\"message\",d.wp.receiveEmbedMessage,!1),l.addEventListener(\"DOMContentLoaded\",function(){for(var e,t,s=l.querySelectorAll(\"iframe.wp-embedded-content\"),r=0;r<s.length;r++)(t=(e=s[r]).getAttribute(\"data-secret\"))||(t=Math.random().toString(36).substring(2,12),e.src+=\"#?secret=\"+t,e.setAttribute(\"data-secret\",t)),e.contentWindow.postMessage({message:\"ready\",secret:t},\"*\")},!1)))}(window,document);\n\/\/# sourceURL=https:\/\/wp.kristdemokraterna.se\/kronoberg\/wp-includes\/js\/wp-embed.min.js\n\/* ]]> *\/\n<\/script>\n","description":"NYTT PRESIDIUM I DISTRIKTET I KRONOBERG. Kristdemokraterna Kronoberg har valt nytt presidium vid \u00e5rsm\u00f6tet p\u00e5 \u00d6jaby Herrg\u00e5rd Kristdemokraterna Kronoberg har idag l\u00f6rdag h\u00e5llit \u00e5rsm\u00f6te p\u00e5 \u00d6jaby Herrg\u00e5rd utanf\u00f6r V\u00e4xj\u00f6. Under m\u00f6tet behandlades 15 motioner som nu skickas vidare till Kristdemokraternas riksting f\u00f6r vidare behandling. Ett helt nytt presidium valdes vid \u00e5rsm\u00f6tet. Till ny ordf\u00f6rande uts\u00e5gs Read More","thumbnail_url":"https:\/\/static.xx.fbcdn.net\/images\/emoji.php\/v9\/tf0\/1\/16\/1f338.png"}

NYTT PRESIDIUM I DISTRIKTET I KRONOBERG. Kristdemokraterna Kronoberg har valt nytt presidium vid årsmötet på Öjaby Herrgård Kristdemokraterna Kronoberg har idag lördag hållit årsmöte på Öjaby Herrgård utanför Växjö. Under mötet behandlades 15 motioner som nu skickas vidare till Kristdemokraternas riksting för vidare behandling. Ett helt nytt presidium valdes vid årsmötet. Till ny ordförande utsågs Read More
