{"id":8,"date":"2012-11-19T15:56:50","date_gmt":"2012-11-19T14:56:50","guid":{"rendered":"http:\/\/wp.kristdemokraterna.se\/laxa\/?page_id=8"},"modified":"2026-02-04T19:17:44","modified_gmt":"2026-02-04T18:17:44","slug":"kontakta-oss","status":"publish","type":"page","link":"https:\/\/wp.kristdemokraterna.se\/laxa\/kontakta-oss\/","title":{"rendered":"Kontakta oss"},"content":{"rendered":"<p><img loading=\"lazy\" decoding=\"async\" class=\"alignleft size-thumbnail wp-image-1474\" style=\"color: #333333;font-style: normal;font-weight: 300\" src=\"http:\/\/wp.kristdemokraterna.se\/laxa\/files\/2022\/07\/ivonne-falk-150x150.jpg\" alt=\"\" width=\"150\" height=\"150\" \/><\/p>\n<p><strong style=\"color: #333333;font-style: normal\">Ivonny Falk<\/strong><br style=\"color: #333333;font-style: normal;font-weight: 300\" \/><span style=\"color: #333333;font-style: normal;font-weight: 300\">Partif\u00f6retr\u00e4dare och Kommunalr\u00e5d och Ordf\u00f6rande i Barn- och Utbildningsn\u00e4mnden\u00a0<\/span><br style=\"color: #333333;font-style: normal;font-weight: 300\" \/><span style=\"color: #333333;font-style: normal;font-weight: 300\">ivonny.falk@laxa.se<\/span><br style=\"color: #333333;font-style: normal;font-weight: 300\" \/><span style=\"color: #333333;font-style: normal;font-weight: 300\">Mobil: 070 &#8211; 547 89 01<\/span><\/p>\n<p>&nbsp;<\/p>\n<p>&nbsp;<\/p>\n<p><strong><img loading=\"lazy\" decoding=\"async\" class=\"size-thumbnail wp-image-1445 alignleft\" src=\"http:\/\/wp.kristdemokraterna.se\/laxa\/files\/2022\/06\/anette2-150x150.jpg\" alt=\"\" width=\"150\" height=\"150\" \/>Anette Sch\u00f6n<\/strong><br \/>\n(vice partiavdelningsordf\u00f6rande och ledamot i kommunstyrelsen)<br \/>\nanette.schon@laxa.se<br \/>\nMobil:\u00a0 070 &#8211; 580 23 26<\/p>\n<p>&nbsp;<\/p>\n<p>&nbsp;<\/p>\n","protected":false},"excerpt":{"rendered":"<p>Ivonny FalkPartif\u00f6retr\u00e4dare och Kommunalr\u00e5d och Ordf\u00f6rande i Barn- och Utbildningsn\u00e4mnden\u00a0ivonny.falk@laxa.seMobil: 070 &#8211; 547 89 01 &nbsp; &nbsp; Anette Sch\u00f6n (vice partiavdelningsordf\u00f6rande och ledamot i kommunstyrelsen) anette.schon@laxa.se Mobil:\u00a0 070 &#8211; 580 23 26 &nbsp; &nbsp;<\/p>\n","protected":false},"author":428,"featured_media":0,"parent":0,"menu_order":4,"comment_status":"closed","ping_status":"closed","template":"","meta":{"_acf_changed":false,"footnotes":""},"class_list":["post-8","page","type-page","status-publish","hentry"],"acf":[],"yoast_head":"<!-- This site is optimized with the Yoast SEO plugin v27.4 - https:\/\/yoast.com\/product\/yoast-seo-wordpress\/ -->\n<title>Kontakta oss - Lax\u00e5<\/title>\n<meta name=\"robots\" content=\"index, follow, max-snippet:-1, max-image-preview:large, max-video-preview:-1\" \/>\n<link rel=\"canonical\" href=\"https:\/\/wp.kristdemokraterna.se\/laxa\/kontakta-oss\/\" \/>\n<meta property=\"og:locale\" content=\"sv_SE\" \/>\n<meta property=\"og:type\" content=\"article\" \/>\n<meta property=\"og:title\" content=\"Kontakta oss - Lax\u00e5\" \/>\n<meta property=\"og:description\" content=\"Ivonny FalkPartif\u00f6retr\u00e4dare och Kommunalr\u00e5d och Ordf\u00f6rande i Barn- och Utbildningsn\u00e4mnden\u00a0ivonny.falk@laxa.seMobil: 070 &#8211; 547 89 01 &nbsp; &nbsp; Anette Sch\u00f6n (vice partiavdelningsordf\u00f6rande och ledamot i kommunstyrelsen) anette.schon@laxa.se Mobil:\u00a0 070 &#8211; 580 23 26 &nbsp; &nbsp;\" \/>\n<meta property=\"og:url\" content=\"https:\/\/wp.kristdemokraterna.se\/laxa\/kontakta-oss\/\" \/>\n<meta property=\"og:site_name\" content=\"Lax\u00e5\" \/>\n<meta property=\"article:modified_time\" content=\"2026-02-04T18:17:44+00:00\" \/>\n<meta property=\"og:image\" content=\"https:\/\/wp.kristdemokraterna.se\/laxa\/files\/2022\/07\/ivonne-falk.jpg\" \/>\n\t<meta property=\"og:image:width\" content=\"1500\" \/>\n\t<meta property=\"og:image:height\" content=\"2000\" \/>\n\t<meta property=\"og:image:type\" content=\"image\/jpeg\" \/>\n<meta name=\"twitter:card\" content=\"summary_large_image\" \/>\n<meta name=\"twitter:label1\" content=\"Ber\u00e4knad l\u00e4stid\" \/>\n\t<meta name=\"twitter:data1\" content=\"1 minut\" \/>\n<script type=\"application\/ld+json\" class=\"yoast-schema-graph\">{\"@context\":\"https:\\\/\\\/schema.org\",\"@graph\":[{\"@type\":\"WebPage\",\"@id\":\"https:\\\/\\\/wp.kristdemokraterna.se\\\/laxa\\\/kontakta-oss\\\/\",\"url\":\"https:\\\/\\\/wp.kristdemokraterna.se\\\/laxa\\\/kontakta-oss\\\/\",\"name\":\"Kontakta oss - Lax\u00e5\",\"isPartOf\":{\"@id\":\"https:\\\/\\\/wp.kristdemokraterna.se\\\/laxa\\\/#website\"},\"primaryImageOfPage\":{\"@id\":\"https:\\\/\\\/wp.kristdemokraterna.se\\\/laxa\\\/kontakta-oss\\\/#primaryimage\"},\"image\":{\"@id\":\"https:\\\/\\\/wp.kristdemokraterna.se\\\/laxa\\\/kontakta-oss\\\/#primaryimage\"},\"thumbnailUrl\":\"http:\\\/\\\/wp.kristdemokraterna.se\\\/laxa\\\/files\\\/2022\\\/07\\\/ivonne-falk-150x150.jpg\",\"datePublished\":\"2012-11-19T14:56:50+00:00\",\"dateModified\":\"2026-02-04T18:17:44+00:00\",\"breadcrumb\":{\"@id\":\"https:\\\/\\\/wp.kristdemokraterna.se\\\/laxa\\\/kontakta-oss\\\/#breadcrumb\"},\"inLanguage\":\"sv-SE\",\"potentialAction\":[{\"@type\":\"ReadAction\",\"target\":[\"https:\\\/\\\/wp.kristdemokraterna.se\\\/laxa\\\/kontakta-oss\\\/\"]}]},{\"@type\":\"ImageObject\",\"inLanguage\":\"sv-SE\",\"@id\":\"https:\\\/\\\/wp.kristdemokraterna.se\\\/laxa\\\/kontakta-oss\\\/#primaryimage\",\"url\":\"http:\\\/\\\/wp.kristdemokraterna.se\\\/laxa\\\/files\\\/2022\\\/07\\\/ivonne-falk-150x150.jpg\",\"contentUrl\":\"http:\\\/\\\/wp.kristdemokraterna.se\\\/laxa\\\/files\\\/2022\\\/07\\\/ivonne-falk-150x150.jpg\"},{\"@type\":\"BreadcrumbList\",\"@id\":\"https:\\\/\\\/wp.kristdemokraterna.se\\\/laxa\\\/kontakta-oss\\\/#breadcrumb\",\"itemListElement\":[{\"@type\":\"ListItem\",\"position\":1,\"name\":\"Hem\",\"item\":\"https:\\\/\\\/wp.kristdemokraterna.se\\\/laxa\\\/\"},{\"@type\":\"ListItem\",\"position\":2,\"name\":\"Kontakta oss\"}]},{\"@type\":\"WebSite\",\"@id\":\"https:\\\/\\\/wp.kristdemokraterna.se\\\/laxa\\\/#website\",\"url\":\"https:\\\/\\\/wp.kristdemokraterna.se\\\/laxa\\\/\",\"name\":\"Lax\u00e5\",\"description\":\"En till Kristdemokraterna webbplats\",\"inLanguage\":\"sv-SE\"}]}<\/script>\n<!-- \/ Yoast SEO plugin. -->","yoast_head_json":{"title":"Kontakta oss - Lax\u00e5","robots":{"index":"index","follow":"follow","max-snippet":"max-snippet:-1","max-image-preview":"max-image-preview:large","max-video-preview":"max-video-preview:-1"},"canonical":"https:\/\/wp.kristdemokraterna.se\/laxa\/kontakta-oss\/","og_locale":"sv_SE","og_type":"article","og_title":"Kontakta oss - Lax\u00e5","og_description":"Ivonny FalkPartif\u00f6retr\u00e4dare och Kommunalr\u00e5d och Ordf\u00f6rande i Barn- och Utbildningsn\u00e4mnden\u00a0ivonny.falk@laxa.seMobil: 070 &#8211; 547 89 01 &nbsp; &nbsp; Anette Sch\u00f6n (vice partiavdelningsordf\u00f6rande och ledamot i kommunstyrelsen) anette.schon@laxa.se Mobil:\u00a0 070 &#8211; 580 23 26 &nbsp; &nbsp;","og_url":"https:\/\/wp.kristdemokraterna.se\/laxa\/kontakta-oss\/","og_site_name":"Lax\u00e5","article_modified_time":"2026-02-04T18:17:44+00:00","og_image":[{"width":1500,"height":2000,"url":"https:\/\/wp.kristdemokraterna.se\/laxa\/files\/2022\/07\/ivonne-falk.jpg","type":"image\/jpeg"}],"twitter_card":"summary_large_image","twitter_misc":{"Ber\u00e4knad l\u00e4stid":"1 minut"},"schema":{"@context":"https:\/\/schema.org","@graph":[{"@type":"WebPage","@id":"https:\/\/wp.kristdemokraterna.se\/laxa\/kontakta-oss\/","url":"https:\/\/wp.kristdemokraterna.se\/laxa\/kontakta-oss\/","name":"Kontakta oss - Lax\u00e5","isPartOf":{"@id":"https:\/\/wp.kristdemokraterna.se\/laxa\/#website"},"primaryImageOfPage":{"@id":"https:\/\/wp.kristdemokraterna.se\/laxa\/kontakta-oss\/#primaryimage"},"image":{"@id":"https:\/\/wp.kristdemokraterna.se\/laxa\/kontakta-oss\/#primaryimage"},"thumbnailUrl":"http:\/\/wp.kristdemokraterna.se\/laxa\/files\/2022\/07\/ivonne-falk-150x150.jpg","datePublished":"2012-11-19T14:56:50+00:00","dateModified":"2026-02-04T18:17:44+00:00","breadcrumb":{"@id":"https:\/\/wp.kristdemokraterna.se\/laxa\/kontakta-oss\/#breadcrumb"},"inLanguage":"sv-SE","potentialAction":[{"@type":"ReadAction","target":["https:\/\/wp.kristdemokraterna.se\/laxa\/kontakta-oss\/"]}]},{"@type":"ImageObject","inLanguage":"sv-SE","@id":"https:\/\/wp.kristdemokraterna.se\/laxa\/kontakta-oss\/#primaryimage","url":"http:\/\/wp.kristdemokraterna.se\/laxa\/files\/2022\/07\/ivonne-falk-150x150.jpg","contentUrl":"http:\/\/wp.kristdemokraterna.se\/laxa\/files\/2022\/07\/ivonne-falk-150x150.jpg"},{"@type":"BreadcrumbList","@id":"https:\/\/wp.kristdemokraterna.se\/laxa\/kontakta-oss\/#breadcrumb","itemListElement":[{"@type":"ListItem","position":1,"name":"Hem","item":"https:\/\/wp.kristdemokraterna.se\/laxa\/"},{"@type":"ListItem","position":2,"name":"Kontakta oss"}]},{"@type":"WebSite","@id":"https:\/\/wp.kristdemokraterna.se\/laxa\/#website","url":"https:\/\/wp.kristdemokraterna.se\/laxa\/","name":"Lax\u00e5","description":"En till Kristdemokraterna webbplats","inLanguage":"sv-SE"}]}},"_links":{"self":[{"href":"https:\/\/wp.kristdemokraterna.se\/laxa\/wp-json\/wp\/v2\/pages\/8","targetHints":{"allow":["GET"]}}],"collection":[{"href":"https:\/\/wp.kristdemokraterna.se\/laxa\/wp-json\/wp\/v2\/pages"}],"about":[{"href":"https:\/\/wp.kristdemokraterna.se\/laxa\/wp-json\/wp\/v2\/types\/page"}],"author":[{"embeddable":true,"href":"https:\/\/wp.kristdemokraterna.se\/laxa\/wp-json\/wp\/v2\/users\/428"}],"replies":[{"embeddable":true,"href":"https:\/\/wp.kristdemokraterna.se\/laxa\/wp-json\/wp\/v2\/comments?post=8"}],"version-history":[{"count":37,"href":"https:\/\/wp.kristdemokraterna.se\/laxa\/wp-json\/wp\/v2\/pages\/8\/revisions"}],"predecessor-version":[{"id":1724,"href":"https:\/\/wp.kristdemokraterna.se\/laxa\/wp-json\/wp\/v2\/pages\/8\/revisions\/1724"}],"wp:attachment":[{"href":"https:\/\/wp.kristdemokraterna.se\/laxa\/wp-json\/wp\/v2\/media?parent=8"}],"curies":[{"name":"wp","href":"https:\/\/api.w.org\/{rel}","templated":true}]}}