{"id":1460,"date":"2022-07-01T14:52:48","date_gmt":"2022-07-01T12:52:48","guid":{"rendered":"https:\/\/wp.kristdemokraterna.se\/laxa\/?page_id=1460"},"modified":"2022-08-16T13:13:12","modified_gmt":"2022-08-16T11:13:12","slug":"anette-schon-kandidat-till-kommunfullmaktige","status":"publish","type":"page","link":"https:\/\/wp.kristdemokraterna.se\/laxa2\/kandidater-l-till-kommunfullmaktige\/anette-schon-kandidat-till-kommunfullmaktige\/","title":{"rendered":"3. Anette Sch\u00f6n &#8211; kandidat till kommunfullm\u00e4ktige"},"content":{"rendered":"<p><img loading=\"lazy\" decoding=\"async\" class=\"size-medium wp-image-1463 alignleft\" style=\"color: #333333; font-style: normal; font-weight: 300;\" src=\"https:\/\/wp.kristdemokraterna.se\/laxa2\/files\/2022\/07\/anette-sko\u2560en-ii-1-225x300.png\" alt=\"\" width=\"225\" height=\"300\" \/><\/p>\n<p><strong>Namn: Anette Sch\u00f6n<\/strong><br \/>\n<strong>\u00c5lder: 70+<\/strong><br \/>\n<strong>Civilst\u00e5nd: Gift<br \/>\nYrke: Varit l\u00e4karsekreterare, arbetsterapeut och folkh\u00f6gskoll\u00e4rare<\/strong><\/p>\n<p>Mitt hj\u00e4rta f\u00f6r Lax\u00e5 kommun \u00e4r stort! Jag vill att alla h\u00e4r ska m\u00e5 s\u00e5 bra som det bara g\u00e5r och att alla ska trivas lika bra som jag g\u00f6r. S\u00e5 om det finns n\u00e5got jag kan bidra med s\u00e5 vill jag g\u00f6ra det.\u00a0 Under min barndom flyttade v\u00e5r familj till en rad olika platser i N\u00e4rke och i S\u00f6rmland. D\u00e4rf\u00f6r \u00e4r det s\u00e5 sk\u00f6nt att f\u00e5 m\u00f6jlighet att bo kvar p\u00e5 den h\u00e4r platsen som vuxen!<\/p>\n<p>Jag bor med min make Ingemar i Lax\u00e5 sedan 1970. Vi har tre utflugna barn som bildat familj och tv\u00e5 av dem bor kvar i kommunen till min stora gl\u00e4dje.<\/p>\n<p>Sedan 1994 \u00e4r jag engagerad i Kristdemokraterna som fritidspolitiker i Socialn\u00e4mnden och senare \u00e4ven Bygg- och Milj\u00f6n\u00e4mnd. Jag kom in i kommunfullm\u00e4ktige i slutet av 90-talet och \u00e4r kvar d\u00e4r till och med nu. Jag forts\u00e4tter g\u00e4rna under n\u00e4sta mandatperiod om jag kan f\u00e5 era r\u00f6ster.<\/p>\n<p>Efter valet 2014 blev jag f\u00f6rst vice ordf\u00f6rande i Social- och omsorgsn\u00e4mnden och sedan april 2016 \u00e4r jag n\u00e4mndens ordf\u00f6rande. Sedan dess \u00e4r jag \u00e4ven ledamot i Kommunstyrelsen.<\/p>\n<p>Vi har tillsammans med de andra partierna i Ett B\u00e4ttre Lax\u00e5 lyckats f\u00e5 Lax\u00e5-skutan p\u00e5 r\u00e4tt k\u00f6l igen och det \u00e4r jag b\u00e5de glad och tacksam f\u00f6r.<\/p>\n","protected":false},"excerpt":{"rendered":"<p>Namn: Anette Sch\u00f6n \u00c5lder: 70+ Civilst\u00e5nd: Gift Yrke: Varit l\u00e4karsekreterare, arbetsterapeut och folkh\u00f6gskoll\u00e4rare Mitt hj\u00e4rta f\u00f6r Lax\u00e5 kommun \u00e4r stort! Jag vill att alla h\u00e4r ska m\u00e5 s\u00e5 bra som det bara g\u00e5r och att alla ska trivas lika bra som jag g\u00f6r. S\u00e5 om det finns n\u00e5got jag kan bidra med s\u00e5 vill jag <a class=\"read-more-link\" href=\"https:\/\/wp.kristdemokraterna.se\/laxa2\/kandidater-l-till-kommunfullmaktige\/anette-schon-kandidat-till-kommunfullmaktige\/\">L\u00e4s mer<\/a><\/p>\n","protected":false},"author":444,"featured_media":714,"parent":1431,"menu_order":3,"comment_status":"closed","ping_status":"closed","template":"page.php","meta":{"_acf_changed":false,"footnotes":""},"class_list":["post-1460","page","type-page","status-publish","hentry"],"acf":[],"yoast_head":"<!-- This site is optimized with the Yoast SEO plugin v27.5 - https:\/\/yoast.com\/product\/yoast-seo-wordpress\/ -->\n<title>3. Anette Sch\u00f6n - kandidat till kommunfullm\u00e4ktige - Kristdemokraterna | Lax\u00e5<\/title>\n<meta name=\"robots\" content=\"index, follow, max-snippet:-1, max-image-preview:large, max-video-preview:-1\" \/>\n<link rel=\"canonical\" href=\"https:\/\/wp.kristdemokraterna.se\/laxa2\/kandidater-l-till-kommunfullmaktige\/anette-schon-kandidat-till-kommunfullmaktige\/\" \/>\n<meta property=\"og:locale\" content=\"sv_SE\" \/>\n<meta property=\"og:type\" content=\"article\" \/>\n<meta property=\"og:title\" content=\"3. Anette Sch\u00f6n - kandidat till kommunfullm\u00e4ktige - Kristdemokraterna | Lax\u00e5\" \/>\n<meta property=\"og:description\" content=\"Namn: Anette Sch\u00f6n \u00c5lder: 70+ Civilst\u00e5nd: Gift Yrke: Varit l\u00e4karsekreterare, arbetsterapeut och folkh\u00f6gskoll\u00e4rare Mitt hj\u00e4rta f\u00f6r Lax\u00e5 kommun \u00e4r stort! Jag vill att alla h\u00e4r ska m\u00e5 s\u00e5 bra som det bara g\u00e5r och att alla ska trivas lika bra som jag g\u00f6r. S\u00e5 om det finns n\u00e5got jag kan bidra med s\u00e5 vill jag L\u00e4s mer\" \/>\n<meta property=\"og:url\" content=\"https:\/\/wp.kristdemokraterna.se\/laxa2\/kandidater-l-till-kommunfullmaktige\/anette-schon-kandidat-till-kommunfullmaktige\/\" \/>\n<meta property=\"og:site_name\" content=\"Kristdemokraterna | Lax\u00e5\" \/>\n<meta property=\"article:modified_time\" content=\"2022-08-16T11:13:12+00:00\" \/>\n<meta property=\"og:image\" content=\"https:\/\/wp.kristdemokraterna.se\/laxa2\/files\/2022\/07\/anette-sko\u2560en-ii-1-225x300.png\" \/>\n<meta name=\"twitter:card\" content=\"summary_large_image\" \/>\n<meta name=\"twitter:label1\" content=\"Ber\u00e4knad l\u00e4stid\" \/>\n\t<meta name=\"twitter:data1\" content=\"2 minuter\" \/>\n<script type=\"application\/ld+json\" class=\"yoast-schema-graph\">{\"@context\":\"https:\\\/\\\/schema.org\",\"@graph\":[{\"@type\":\"WebPage\",\"@id\":\"https:\\\/\\\/wp.kristdemokraterna.se\\\/laxa2\\\/kandidater-l-till-kommunfullmaktige\\\/anette-schon-kandidat-till-kommunfullmaktige\\\/\",\"url\":\"https:\\\/\\\/wp.kristdemokraterna.se\\\/laxa2\\\/kandidater-l-till-kommunfullmaktige\\\/anette-schon-kandidat-till-kommunfullmaktige\\\/\",\"name\":\"3. Anette Sch\u00f6n - kandidat till kommunfullm\u00e4ktige - Kristdemokraterna | Lax\u00e5\",\"isPartOf\":{\"@id\":\"https:\\\/\\\/wp.kristdemokraterna.se\\\/laxa2\\\/#website\"},\"primaryImageOfPage\":{\"@id\":\"https:\\\/\\\/wp.kristdemokraterna.se\\\/laxa2\\\/kandidater-l-till-kommunfullmaktige\\\/anette-schon-kandidat-till-kommunfullmaktige\\\/#primaryimage\"},\"image\":{\"@id\":\"https:\\\/\\\/wp.kristdemokraterna.se\\\/laxa2\\\/kandidater-l-till-kommunfullmaktige\\\/anette-schon-kandidat-till-kommunfullmaktige\\\/#primaryimage\"},\"thumbnailUrl\":\"https:\\\/\\\/wp.kristdemokraterna.se\\\/laxa2\\\/files\\\/2015\\\/01\\\/budget_2015.jpg\",\"datePublished\":\"2022-07-01T12:52:48+00:00\",\"dateModified\":\"2022-08-16T11:13:12+00:00\",\"breadcrumb\":{\"@id\":\"https:\\\/\\\/wp.kristdemokraterna.se\\\/laxa2\\\/kandidater-l-till-kommunfullmaktige\\\/anette-schon-kandidat-till-kommunfullmaktige\\\/#breadcrumb\"},\"inLanguage\":\"sv-SE\",\"potentialAction\":[{\"@type\":\"ReadAction\",\"target\":[\"https:\\\/\\\/wp.kristdemokraterna.se\\\/laxa2\\\/kandidater-l-till-kommunfullmaktige\\\/anette-schon-kandidat-till-kommunfullmaktige\\\/\"]}]},{\"@type\":\"ImageObject\",\"inLanguage\":\"sv-SE\",\"@id\":\"https:\\\/\\\/wp.kristdemokraterna.se\\\/laxa2\\\/kandidater-l-till-kommunfullmaktige\\\/anette-schon-kandidat-till-kommunfullmaktige\\\/#primaryimage\",\"url\":\"https:\\\/\\\/wp.kristdemokraterna.se\\\/laxa2\\\/files\\\/2015\\\/01\\\/budget_2015.jpg\",\"contentUrl\":\"https:\\\/\\\/wp.kristdemokraterna.se\\\/laxa2\\\/files\\\/2015\\\/01\\\/budget_2015.jpg\",\"width\":445,\"height\":625},{\"@type\":\"BreadcrumbList\",\"@id\":\"https:\\\/\\\/wp.kristdemokraterna.se\\\/laxa2\\\/kandidater-l-till-kommunfullmaktige\\\/anette-schon-kandidat-till-kommunfullmaktige\\\/#breadcrumb\",\"itemListElement\":[{\"@type\":\"ListItem\",\"position\":1,\"name\":\"Hem\",\"item\":\"https:\\\/\\\/wp.kristdemokraterna.se\\\/laxa2\\\/\"},{\"@type\":\"ListItem\",\"position\":2,\"name\":\"Kandidater till Kommunfullm\u00e4ktige\",\"item\":\"https:\\\/\\\/wp.kristdemokraterna.se\\\/laxa2\\\/kandidater-l-till-kommunfullmaktige\\\/\"},{\"@type\":\"ListItem\",\"position\":3,\"name\":\"3. Anette Sch\u00f6n &#8211; kandidat till kommunfullm\u00e4ktige\"}]},{\"@type\":\"WebSite\",\"@id\":\"https:\\\/\\\/wp.kristdemokraterna.se\\\/laxa2\\\/#website\",\"url\":\"https:\\\/\\\/wp.kristdemokraterna.se\\\/laxa2\\\/\",\"name\":\"Kristdemokraterna | Lax\u00e5\",\"description\":\"En till Kristdemokraterna webbplats\",\"inLanguage\":\"sv-SE\"}]}<\/script>\n<!-- \/ Yoast SEO plugin. -->","yoast_head_json":{"title":"3. Anette Sch\u00f6n - kandidat till kommunfullm\u00e4ktige - Kristdemokraterna | Lax\u00e5","robots":{"index":"index","follow":"follow","max-snippet":"max-snippet:-1","max-image-preview":"max-image-preview:large","max-video-preview":"max-video-preview:-1"},"canonical":"https:\/\/wp.kristdemokraterna.se\/laxa2\/kandidater-l-till-kommunfullmaktige\/anette-schon-kandidat-till-kommunfullmaktige\/","og_locale":"sv_SE","og_type":"article","og_title":"3. Anette Sch\u00f6n - kandidat till kommunfullm\u00e4ktige - Kristdemokraterna | Lax\u00e5","og_description":"Namn: Anette Sch\u00f6n \u00c5lder: 70+ Civilst\u00e5nd: Gift Yrke: Varit l\u00e4karsekreterare, arbetsterapeut och folkh\u00f6gskoll\u00e4rare Mitt hj\u00e4rta f\u00f6r Lax\u00e5 kommun \u00e4r stort! Jag vill att alla h\u00e4r ska m\u00e5 s\u00e5 bra som det bara g\u00e5r och att alla ska trivas lika bra som jag g\u00f6r. S\u00e5 om det finns n\u00e5got jag kan bidra med s\u00e5 vill jag L\u00e4s mer","og_url":"https:\/\/wp.kristdemokraterna.se\/laxa2\/kandidater-l-till-kommunfullmaktige\/anette-schon-kandidat-till-kommunfullmaktige\/","og_site_name":"Kristdemokraterna | Lax\u00e5","article_modified_time":"2022-08-16T11:13:12+00:00","og_image":[{"url":"https:\/\/wp.kristdemokraterna.se\/laxa2\/files\/2022\/07\/anette-sko\u2560en-ii-1-225x300.png","type":"","width":"","height":""}],"twitter_card":"summary_large_image","twitter_misc":{"Ber\u00e4knad l\u00e4stid":"2 minuter"},"schema":{"@context":"https:\/\/schema.org","@graph":[{"@type":"WebPage","@id":"https:\/\/wp.kristdemokraterna.se\/laxa2\/kandidater-l-till-kommunfullmaktige\/anette-schon-kandidat-till-kommunfullmaktige\/","url":"https:\/\/wp.kristdemokraterna.se\/laxa2\/kandidater-l-till-kommunfullmaktige\/anette-schon-kandidat-till-kommunfullmaktige\/","name":"3. Anette Sch\u00f6n - kandidat till kommunfullm\u00e4ktige - Kristdemokraterna | Lax\u00e5","isPartOf":{"@id":"https:\/\/wp.kristdemokraterna.se\/laxa2\/#website"},"primaryImageOfPage":{"@id":"https:\/\/wp.kristdemokraterna.se\/laxa2\/kandidater-l-till-kommunfullmaktige\/anette-schon-kandidat-till-kommunfullmaktige\/#primaryimage"},"image":{"@id":"https:\/\/wp.kristdemokraterna.se\/laxa2\/kandidater-l-till-kommunfullmaktige\/anette-schon-kandidat-till-kommunfullmaktige\/#primaryimage"},"thumbnailUrl":"https:\/\/wp.kristdemokraterna.se\/laxa2\/files\/2015\/01\/budget_2015.jpg","datePublished":"2022-07-01T12:52:48+00:00","dateModified":"2022-08-16T11:13:12+00:00","breadcrumb":{"@id":"https:\/\/wp.kristdemokraterna.se\/laxa2\/kandidater-l-till-kommunfullmaktige\/anette-schon-kandidat-till-kommunfullmaktige\/#breadcrumb"},"inLanguage":"sv-SE","potentialAction":[{"@type":"ReadAction","target":["https:\/\/wp.kristdemokraterna.se\/laxa2\/kandidater-l-till-kommunfullmaktige\/anette-schon-kandidat-till-kommunfullmaktige\/"]}]},{"@type":"ImageObject","inLanguage":"sv-SE","@id":"https:\/\/wp.kristdemokraterna.se\/laxa2\/kandidater-l-till-kommunfullmaktige\/anette-schon-kandidat-till-kommunfullmaktige\/#primaryimage","url":"https:\/\/wp.kristdemokraterna.se\/laxa2\/files\/2015\/01\/budget_2015.jpg","contentUrl":"https:\/\/wp.kristdemokraterna.se\/laxa2\/files\/2015\/01\/budget_2015.jpg","width":445,"height":625},{"@type":"BreadcrumbList","@id":"https:\/\/wp.kristdemokraterna.se\/laxa2\/kandidater-l-till-kommunfullmaktige\/anette-schon-kandidat-till-kommunfullmaktige\/#breadcrumb","itemListElement":[{"@type":"ListItem","position":1,"name":"Hem","item":"https:\/\/wp.kristdemokraterna.se\/laxa2\/"},{"@type":"ListItem","position":2,"name":"Kandidater till Kommunfullm\u00e4ktige","item":"https:\/\/wp.kristdemokraterna.se\/laxa2\/kandidater-l-till-kommunfullmaktige\/"},{"@type":"ListItem","position":3,"name":"3. Anette Sch\u00f6n &#8211; kandidat till kommunfullm\u00e4ktige"}]},{"@type":"WebSite","@id":"https:\/\/wp.kristdemokraterna.se\/laxa2\/#website","url":"https:\/\/wp.kristdemokraterna.se\/laxa2\/","name":"Kristdemokraterna | Lax\u00e5","description":"En till Kristdemokraterna webbplats","inLanguage":"sv-SE"}]}},"_links":{"self":[{"href":"https:\/\/wp.kristdemokraterna.se\/laxa2\/wp-json\/wp\/v2\/pages\/1460","targetHints":{"allow":["GET"]}}],"collection":[{"href":"https:\/\/wp.kristdemokraterna.se\/laxa2\/wp-json\/wp\/v2\/pages"}],"about":[{"href":"https:\/\/wp.kristdemokraterna.se\/laxa2\/wp-json\/wp\/v2\/types\/page"}],"author":[{"embeddable":true,"href":"https:\/\/wp.kristdemokraterna.se\/laxa2\/wp-json\/wp\/v2\/users\/444"}],"replies":[{"embeddable":true,"href":"https:\/\/wp.kristdemokraterna.se\/laxa2\/wp-json\/wp\/v2\/comments?post=1460"}],"version-history":[{"count":1,"href":"https:\/\/wp.kristdemokraterna.se\/laxa2\/wp-json\/wp\/v2\/pages\/1460\/revisions"}],"predecessor-version":[{"id":1728,"href":"https:\/\/wp.kristdemokraterna.se\/laxa2\/wp-json\/wp\/v2\/pages\/1460\/revisions\/1728"}],"up":[{"embeddable":true,"href":"https:\/\/wp.kristdemokraterna.se\/laxa2\/wp-json\/wp\/v2\/pages\/1431"}],"wp:featuredmedia":[{"embeddable":true,"href":"https:\/\/wp.kristdemokraterna.se\/laxa2\/wp-json\/wp\/v2\/media\/714"}],"wp:attachment":[{"href":"https:\/\/wp.kristdemokraterna.se\/laxa2\/wp-json\/wp\/v2\/media?parent=1460"}],"curies":[{"name":"wp","href":"https:\/\/api.w.org\/{rel}","templated":true}]}}