{"id":1473,"date":"2022-07-01T19:21:23","date_gmt":"2022-07-01T17:21:23","guid":{"rendered":"https:\/\/wp.kristdemokraterna.se\/laxa\/?page_id=1473"},"modified":"2022-08-16T13:13:27","modified_gmt":"2022-08-16T11:13:27","slug":"ivonny-falk-kandidat-till-kommunfullmaktige","status":"publish","type":"page","link":"https:\/\/wp.kristdemokraterna.se\/laxa2\/kandidater-l-till-kommunfullmaktige\/ivonny-falk-kandidat-till-kommunfullmaktige\/","title":{"rendered":"2. Ivonny Falk &#8211; kandidat till kommunfullm\u00e4ktige"},"content":{"rendered":"<p>&nbsp;<\/p>\n<p><strong>Namn<img loading=\"lazy\" decoding=\"async\" class=\"size-medium wp-image-1474 alignleft\" style=\"color: #333333; font-style: normal; font-weight: 300;\" src=\"https:\/\/wp.kristdemokraterna.se\/laxa2\/files\/2022\/07\/ivonne-falk-225x300.jpg\" alt=\"\" width=\"225\" height=\"300\" srcset=\"https:\/\/wp.kristdemokraterna.se\/laxa2\/files\/2022\/07\/ivonne-falk-225x300.jpg 225w, https:\/\/wp.kristdemokraterna.se\/laxa2\/files\/2022\/07\/ivonne-falk-768x1024.jpg 768w, https:\/\/wp.kristdemokraterna.se\/laxa2\/files\/2022\/07\/ivonne-falk-1152x1536.jpg 1152w, https:\/\/wp.kristdemokraterna.se\/laxa2\/files\/2022\/07\/ivonne-falk-150x200.jpg 150w, https:\/\/wp.kristdemokraterna.se\/laxa2\/files\/2022\/07\/ivonne-falk-370x493.jpg 370w, https:\/\/wp.kristdemokraterna.se\/laxa2\/files\/2022\/07\/ivonne-falk-770x1027.jpg 770w, https:\/\/wp.kristdemokraterna.se\/laxa2\/files\/2022\/07\/ivonne-falk-450x600.jpg 450w, https:\/\/wp.kristdemokraterna.se\/laxa2\/files\/2022\/07\/ivonne-falk-280x373.jpg 280w, https:\/\/wp.kristdemokraterna.se\/laxa2\/files\/2022\/07\/ivonne-falk-340x453.jpg 340w, https:\/\/wp.kristdemokraterna.se\/laxa2\/files\/2022\/07\/ivonne-falk-42x56.jpg 42w, https:\/\/wp.kristdemokraterna.se\/laxa2\/files\/2022\/07\/ivonne-falk.jpg 1500w\" sizes=\"auto, (max-width: 225px) 100vw, 225px\" \/>: Ivonny Falk<br \/>\n\u00c5lder:\u00a0 55 \u00e5r<\/strong><br \/>\n<strong>Civilst\u00e5nd: Gift<br \/>\nYrke:\u00a0 Kommunalr\u00e5d<\/strong><\/p>\n<p>Jag heter Ivonny Falk och \u00e4r Finner\u00f6djabo sedan 8 \u00e5r, tidigare bodde jag i Tived.<br \/>\nGift,2 hundar,2 katter, utflugna barn och \u00e4lskar h\u00e5rdrock, metal och svampplockning. Jag \u00e4r utbildad tandsk\u00f6terska f\u00f6r att sedan skolade om mig till kriminalv\u00e5rdsinspekt\u00f6r.<\/p>\n<p>Jag brinner f\u00f6r och anser att ordning och reda i ekonomin skapar f\u00f6ruts\u00e4ttningar f\u00f6r de framtida verksamheterna i v\u00e5r kommun. Jag vill forts\u00e4tta leda Lax\u00e5 in I framtiden med fokus p\u00e5 r\u00e4tt resurser\u00a0 kompetenser till alla v\u00e5ra verksamheter efter flera \u00e5r av ekonomisk sanering av det ekonomiska kaos som tidigare styre (S+V) f\u00f6rsatte kommunen i.<\/p>\n<p>Ge oss Kristdemokrater ditt f\u00f6rtroende att forts\u00e4tta leda och utveckla Lax\u00e5 in i framtiden tillsammans.<\/p>\n<p>&nbsp;<\/p>\n","protected":false},"excerpt":{"rendered":"<p>&nbsp; Namn: Ivonny Falk \u00c5lder:\u00a0 55 \u00e5r Civilst\u00e5nd: Gift Yrke:\u00a0 Kommunalr\u00e5d Jag heter Ivonny Falk och \u00e4r Finner\u00f6djabo sedan 8 \u00e5r, tidigare bodde jag i Tived. Gift,2 hundar,2 katter, utflugna barn och \u00e4lskar h\u00e5rdrock, metal och svampplockning. Jag \u00e4r utbildad tandsk\u00f6terska f\u00f6r att sedan skolade om mig till kriminalv\u00e5rdsinspekt\u00f6r. Jag brinner f\u00f6r och anser att <a class=\"read-more-link\" href=\"https:\/\/wp.kristdemokraterna.se\/laxa2\/kandidater-l-till-kommunfullmaktige\/ivonny-falk-kandidat-till-kommunfullmaktige\/\">L\u00e4s mer<\/a><\/p>\n","protected":false},"author":444,"featured_media":714,"parent":1431,"menu_order":2,"comment_status":"closed","ping_status":"closed","template":"page.php","meta":{"_acf_changed":false,"footnotes":""},"class_list":["post-1473","page","type-page","status-publish","hentry"],"acf":[],"yoast_head":"<!-- This site is optimized with the Yoast SEO plugin v27.5 - https:\/\/yoast.com\/product\/yoast-seo-wordpress\/ -->\n<title>2. Ivonny Falk - kandidat till kommunfullm\u00e4ktige - Kristdemokraterna | Lax\u00e5<\/title>\n<meta name=\"robots\" content=\"index, follow, max-snippet:-1, max-image-preview:large, max-video-preview:-1\" \/>\n<link rel=\"canonical\" href=\"https:\/\/wp.kristdemokraterna.se\/laxa2\/kandidater-l-till-kommunfullmaktige\/ivonny-falk-kandidat-till-kommunfullmaktige\/\" \/>\n<meta property=\"og:locale\" content=\"sv_SE\" \/>\n<meta property=\"og:type\" content=\"article\" \/>\n<meta property=\"og:title\" content=\"2. Ivonny Falk - kandidat till kommunfullm\u00e4ktige - Kristdemokraterna | Lax\u00e5\" \/>\n<meta property=\"og:description\" content=\"&nbsp; Namn: Ivonny Falk \u00c5lder:\u00a0 55 \u00e5r Civilst\u00e5nd: Gift Yrke:\u00a0 Kommunalr\u00e5d Jag heter Ivonny Falk och \u00e4r Finner\u00f6djabo sedan 8 \u00e5r, tidigare bodde jag i Tived. Gift,2 hundar,2 katter, utflugna barn och \u00e4lskar h\u00e5rdrock, metal och svampplockning. Jag \u00e4r utbildad tandsk\u00f6terska f\u00f6r att sedan skolade om mig till kriminalv\u00e5rdsinspekt\u00f6r. Jag brinner f\u00f6r och anser att L\u00e4s mer\" \/>\n<meta property=\"og:url\" content=\"https:\/\/wp.kristdemokraterna.se\/laxa2\/kandidater-l-till-kommunfullmaktige\/ivonny-falk-kandidat-till-kommunfullmaktige\/\" \/>\n<meta property=\"og:site_name\" content=\"Kristdemokraterna | Lax\u00e5\" \/>\n<meta property=\"article:modified_time\" content=\"2022-08-16T11:13:27+00:00\" \/>\n<meta property=\"og:image\" content=\"https:\/\/wp.kristdemokraterna.se\/laxa2\/files\/2022\/07\/ivonne-falk-225x300.jpg\" \/>\n<meta name=\"twitter:card\" content=\"summary_large_image\" \/>\n<meta name=\"twitter:label1\" content=\"Ber\u00e4knad l\u00e4stid\" \/>\n\t<meta name=\"twitter:data1\" content=\"1 minut\" \/>\n<script type=\"application\/ld+json\" class=\"yoast-schema-graph\">{\"@context\":\"https:\\\/\\\/schema.org\",\"@graph\":[{\"@type\":\"WebPage\",\"@id\":\"https:\\\/\\\/wp.kristdemokraterna.se\\\/laxa2\\\/kandidater-l-till-kommunfullmaktige\\\/ivonny-falk-kandidat-till-kommunfullmaktige\\\/\",\"url\":\"https:\\\/\\\/wp.kristdemokraterna.se\\\/laxa2\\\/kandidater-l-till-kommunfullmaktige\\\/ivonny-falk-kandidat-till-kommunfullmaktige\\\/\",\"name\":\"2. Ivonny Falk - kandidat till kommunfullm\u00e4ktige - Kristdemokraterna | Lax\u00e5\",\"isPartOf\":{\"@id\":\"https:\\\/\\\/wp.kristdemokraterna.se\\\/laxa2\\\/#website\"},\"primaryImageOfPage\":{\"@id\":\"https:\\\/\\\/wp.kristdemokraterna.se\\\/laxa2\\\/kandidater-l-till-kommunfullmaktige\\\/ivonny-falk-kandidat-till-kommunfullmaktige\\\/#primaryimage\"},\"image\":{\"@id\":\"https:\\\/\\\/wp.kristdemokraterna.se\\\/laxa2\\\/kandidater-l-till-kommunfullmaktige\\\/ivonny-falk-kandidat-till-kommunfullmaktige\\\/#primaryimage\"},\"thumbnailUrl\":\"https:\\\/\\\/wp.kristdemokraterna.se\\\/laxa2\\\/files\\\/2015\\\/01\\\/budget_2015.jpg\",\"datePublished\":\"2022-07-01T17:21:23+00:00\",\"dateModified\":\"2022-08-16T11:13:27+00:00\",\"breadcrumb\":{\"@id\":\"https:\\\/\\\/wp.kristdemokraterna.se\\\/laxa2\\\/kandidater-l-till-kommunfullmaktige\\\/ivonny-falk-kandidat-till-kommunfullmaktige\\\/#breadcrumb\"},\"inLanguage\":\"sv-SE\",\"potentialAction\":[{\"@type\":\"ReadAction\",\"target\":[\"https:\\\/\\\/wp.kristdemokraterna.se\\\/laxa2\\\/kandidater-l-till-kommunfullmaktige\\\/ivonny-falk-kandidat-till-kommunfullmaktige\\\/\"]}]},{\"@type\":\"ImageObject\",\"inLanguage\":\"sv-SE\",\"@id\":\"https:\\\/\\\/wp.kristdemokraterna.se\\\/laxa2\\\/kandidater-l-till-kommunfullmaktige\\\/ivonny-falk-kandidat-till-kommunfullmaktige\\\/#primaryimage\",\"url\":\"https:\\\/\\\/wp.kristdemokraterna.se\\\/laxa2\\\/files\\\/2015\\\/01\\\/budget_2015.jpg\",\"contentUrl\":\"https:\\\/\\\/wp.kristdemokraterna.se\\\/laxa2\\\/files\\\/2015\\\/01\\\/budget_2015.jpg\",\"width\":445,\"height\":625},{\"@type\":\"BreadcrumbList\",\"@id\":\"https:\\\/\\\/wp.kristdemokraterna.se\\\/laxa2\\\/kandidater-l-till-kommunfullmaktige\\\/ivonny-falk-kandidat-till-kommunfullmaktige\\\/#breadcrumb\",\"itemListElement\":[{\"@type\":\"ListItem\",\"position\":1,\"name\":\"Hem\",\"item\":\"https:\\\/\\\/wp.kristdemokraterna.se\\\/laxa2\\\/\"},{\"@type\":\"ListItem\",\"position\":2,\"name\":\"Kandidater till Kommunfullm\u00e4ktige\",\"item\":\"https:\\\/\\\/wp.kristdemokraterna.se\\\/laxa2\\\/kandidater-l-till-kommunfullmaktige\\\/\"},{\"@type\":\"ListItem\",\"position\":3,\"name\":\"2. Ivonny Falk &#8211; kandidat till kommunfullm\u00e4ktige\"}]},{\"@type\":\"WebSite\",\"@id\":\"https:\\\/\\\/wp.kristdemokraterna.se\\\/laxa2\\\/#website\",\"url\":\"https:\\\/\\\/wp.kristdemokraterna.se\\\/laxa2\\\/\",\"name\":\"Kristdemokraterna | Lax\u00e5\",\"description\":\"En till Kristdemokraterna webbplats\",\"inLanguage\":\"sv-SE\"}]}<\/script>\n<!-- \/ Yoast SEO plugin. -->","yoast_head_json":{"title":"2. Ivonny Falk - kandidat till kommunfullm\u00e4ktige - Kristdemokraterna | Lax\u00e5","robots":{"index":"index","follow":"follow","max-snippet":"max-snippet:-1","max-image-preview":"max-image-preview:large","max-video-preview":"max-video-preview:-1"},"canonical":"https:\/\/wp.kristdemokraterna.se\/laxa2\/kandidater-l-till-kommunfullmaktige\/ivonny-falk-kandidat-till-kommunfullmaktige\/","og_locale":"sv_SE","og_type":"article","og_title":"2. Ivonny Falk - kandidat till kommunfullm\u00e4ktige - Kristdemokraterna | Lax\u00e5","og_description":"&nbsp; Namn: Ivonny Falk \u00c5lder:\u00a0 55 \u00e5r Civilst\u00e5nd: Gift Yrke:\u00a0 Kommunalr\u00e5d Jag heter Ivonny Falk och \u00e4r Finner\u00f6djabo sedan 8 \u00e5r, tidigare bodde jag i Tived. Gift,2 hundar,2 katter, utflugna barn och \u00e4lskar h\u00e5rdrock, metal och svampplockning. Jag \u00e4r utbildad tandsk\u00f6terska f\u00f6r att sedan skolade om mig till kriminalv\u00e5rdsinspekt\u00f6r. Jag brinner f\u00f6r och anser att L\u00e4s mer","og_url":"https:\/\/wp.kristdemokraterna.se\/laxa2\/kandidater-l-till-kommunfullmaktige\/ivonny-falk-kandidat-till-kommunfullmaktige\/","og_site_name":"Kristdemokraterna | Lax\u00e5","article_modified_time":"2022-08-16T11:13:27+00:00","og_image":[{"url":"https:\/\/wp.kristdemokraterna.se\/laxa2\/files\/2022\/07\/ivonne-falk-225x300.jpg","type":"","width":"","height":""}],"twitter_card":"summary_large_image","twitter_misc":{"Ber\u00e4knad l\u00e4stid":"1 minut"},"schema":{"@context":"https:\/\/schema.org","@graph":[{"@type":"WebPage","@id":"https:\/\/wp.kristdemokraterna.se\/laxa2\/kandidater-l-till-kommunfullmaktige\/ivonny-falk-kandidat-till-kommunfullmaktige\/","url":"https:\/\/wp.kristdemokraterna.se\/laxa2\/kandidater-l-till-kommunfullmaktige\/ivonny-falk-kandidat-till-kommunfullmaktige\/","name":"2. Ivonny Falk - kandidat till kommunfullm\u00e4ktige - Kristdemokraterna | Lax\u00e5","isPartOf":{"@id":"https:\/\/wp.kristdemokraterna.se\/laxa2\/#website"},"primaryImageOfPage":{"@id":"https:\/\/wp.kristdemokraterna.se\/laxa2\/kandidater-l-till-kommunfullmaktige\/ivonny-falk-kandidat-till-kommunfullmaktige\/#primaryimage"},"image":{"@id":"https:\/\/wp.kristdemokraterna.se\/laxa2\/kandidater-l-till-kommunfullmaktige\/ivonny-falk-kandidat-till-kommunfullmaktige\/#primaryimage"},"thumbnailUrl":"https:\/\/wp.kristdemokraterna.se\/laxa2\/files\/2015\/01\/budget_2015.jpg","datePublished":"2022-07-01T17:21:23+00:00","dateModified":"2022-08-16T11:13:27+00:00","breadcrumb":{"@id":"https:\/\/wp.kristdemokraterna.se\/laxa2\/kandidater-l-till-kommunfullmaktige\/ivonny-falk-kandidat-till-kommunfullmaktige\/#breadcrumb"},"inLanguage":"sv-SE","potentialAction":[{"@type":"ReadAction","target":["https:\/\/wp.kristdemokraterna.se\/laxa2\/kandidater-l-till-kommunfullmaktige\/ivonny-falk-kandidat-till-kommunfullmaktige\/"]}]},{"@type":"ImageObject","inLanguage":"sv-SE","@id":"https:\/\/wp.kristdemokraterna.se\/laxa2\/kandidater-l-till-kommunfullmaktige\/ivonny-falk-kandidat-till-kommunfullmaktige\/#primaryimage","url":"https:\/\/wp.kristdemokraterna.se\/laxa2\/files\/2015\/01\/budget_2015.jpg","contentUrl":"https:\/\/wp.kristdemokraterna.se\/laxa2\/files\/2015\/01\/budget_2015.jpg","width":445,"height":625},{"@type":"BreadcrumbList","@id":"https:\/\/wp.kristdemokraterna.se\/laxa2\/kandidater-l-till-kommunfullmaktige\/ivonny-falk-kandidat-till-kommunfullmaktige\/#breadcrumb","itemListElement":[{"@type":"ListItem","position":1,"name":"Hem","item":"https:\/\/wp.kristdemokraterna.se\/laxa2\/"},{"@type":"ListItem","position":2,"name":"Kandidater till Kommunfullm\u00e4ktige","item":"https:\/\/wp.kristdemokraterna.se\/laxa2\/kandidater-l-till-kommunfullmaktige\/"},{"@type":"ListItem","position":3,"name":"2. Ivonny Falk &#8211; kandidat till kommunfullm\u00e4ktige"}]},{"@type":"WebSite","@id":"https:\/\/wp.kristdemokraterna.se\/laxa2\/#website","url":"https:\/\/wp.kristdemokraterna.se\/laxa2\/","name":"Kristdemokraterna | Lax\u00e5","description":"En till Kristdemokraterna webbplats","inLanguage":"sv-SE"}]}},"_links":{"self":[{"href":"https:\/\/wp.kristdemokraterna.se\/laxa2\/wp-json\/wp\/v2\/pages\/1473","targetHints":{"allow":["GET"]}}],"collection":[{"href":"https:\/\/wp.kristdemokraterna.se\/laxa2\/wp-json\/wp\/v2\/pages"}],"about":[{"href":"https:\/\/wp.kristdemokraterna.se\/laxa2\/wp-json\/wp\/v2\/types\/page"}],"author":[{"embeddable":true,"href":"https:\/\/wp.kristdemokraterna.se\/laxa2\/wp-json\/wp\/v2\/users\/444"}],"replies":[{"embeddable":true,"href":"https:\/\/wp.kristdemokraterna.se\/laxa2\/wp-json\/wp\/v2\/comments?post=1473"}],"version-history":[{"count":1,"href":"https:\/\/wp.kristdemokraterna.se\/laxa2\/wp-json\/wp\/v2\/pages\/1473\/revisions"}],"predecessor-version":[{"id":1729,"href":"https:\/\/wp.kristdemokraterna.se\/laxa2\/wp-json\/wp\/v2\/pages\/1473\/revisions\/1729"}],"up":[{"embeddable":true,"href":"https:\/\/wp.kristdemokraterna.se\/laxa2\/wp-json\/wp\/v2\/pages\/1431"}],"wp:featuredmedia":[{"embeddable":true,"href":"https:\/\/wp.kristdemokraterna.se\/laxa2\/wp-json\/wp\/v2\/media\/714"}],"wp:attachment":[{"href":"https:\/\/wp.kristdemokraterna.se\/laxa2\/wp-json\/wp\/v2\/media?parent=1473"}],"curies":[{"name":"wp","href":"https:\/\/api.w.org\/{rel}","templated":true}]}}