{"id":1479,"date":"2022-07-02T20:28:21","date_gmt":"2022-07-02T18:28:21","guid":{"rendered":"https:\/\/wp.kristdemokraterna.se\/laxa\/?page_id=1479"},"modified":"2022-08-16T13:10:24","modified_gmt":"2022-08-16T11:10:24","slug":"anders-hagstedt-kandidat-till-kommunfullmaktige","status":"publish","type":"page","link":"https:\/\/wp.kristdemokraterna.se\/laxa2\/kandidater-l-till-kommunfullmaktige\/anders-hagstedt-kandidat-till-kommunfullmaktige\/","title":{"rendered":"19. Anders Hagstedt &#8211; kandidat till kommunfullm\u00e4ktige"},"content":{"rendered":"<p><strong><img loading=\"lazy\" decoding=\"async\" class=\"size-medium wp-image-1508 alignleft\" src=\"https:\/\/wp.kristdemokraterna.se\/laxa2\/files\/2022\/07\/anders-hagstedt-222x300.jpg\" alt=\"\" width=\"222\" height=\"300\" srcset=\"https:\/\/wp.kristdemokraterna.se\/laxa2\/files\/2022\/07\/anders-hagstedt-222x300.jpg 222w, https:\/\/wp.kristdemokraterna.se\/laxa2\/files\/2022\/07\/anders-hagstedt-148x200.jpg 148w, https:\/\/wp.kristdemokraterna.se\/laxa2\/files\/2022\/07\/anders-hagstedt-370x500.jpg 370w, https:\/\/wp.kristdemokraterna.se\/laxa2\/files\/2022\/07\/anders-hagstedt-450x608.jpg 450w, https:\/\/wp.kristdemokraterna.se\/laxa2\/files\/2022\/07\/anders-hagstedt-280x378.jpg 280w, https:\/\/wp.kristdemokraterna.se\/laxa2\/files\/2022\/07\/anders-hagstedt-340x460.jpg 340w, https:\/\/wp.kristdemokraterna.se\/laxa2\/files\/2022\/07\/anders-hagstedt-41x56.jpg 41w, https:\/\/wp.kristdemokraterna.se\/laxa2\/files\/2022\/07\/anders-hagstedt.jpg 660w\" sizes=\"auto, (max-width: 222px) 100vw, 222px\" \/>Namn:\u00a0 \u00a0Anders Hagstedt<\/strong><br \/>\n<strong>\u00c5lder:\u00a0 \u00a0 70 \u00e5r<\/strong><br \/>\n<strong>Civilst\u00e5nd:\u00a0 \u00a0Gift<\/strong><br \/>\n<strong>Yrke:\u00a0 \u00a0 \u00a0Konsult och lycklig pension\u00e4r<\/strong><\/p>\n<p>&nbsp;<\/p>\n<p>Jag heter Anders, bor i Lax\u00e5 sedan 23 \u00e5r, \u00e4r gift med Annemari och trivs med livet.<br \/>\nJag kommer ursprungligen fr\u00e5n M\u00f6lndal och har ett arbetsliv som har pr\u00e4glats av \u00f6l och vatten. Det startade i G\u00e5rda, G\u00f6teborg 1973 sen blev det V\u00e4stra Fr\u00f6lunda.<\/p>\n<p>1989 flyttade jag till Stockholm\u00a0 och jobbade p\u00e5 Pripps HK till 1999. D\u00e4refter till Lax\u00e5 med arbete p\u00e5 Porla Brunn. Det blev ca 15 \u00e5r som anst\u00e4lld med v\u00e4ldigt mycket utlandsjobb innan jag tog ut pension och kombinerade detta med lite konsultjobb. .<\/p>\n<p>N\u00e4r jag flyttade till Lax\u00e5 1999 var det enda jag k\u00e4nde till om orten att det var en plats ungef\u00e4r mitt mellan G\u00f6teborg och Stockholm och att det var som i m\u00e5nga industriorter, ett f\u00f6r l\u00e5ngvarigt v\u00e4nsterstyre utan visioner.<\/p>\n<p>F\u00f6r\u00a0 \u00e5tta \u00e5r sedan h\u00e4nde n\u00e5got i Lax\u00e5. Utvecklingen v\u00e4nde, det blev ordning och reda och Lax\u00e5 \u00e4r nu v\u00e4l rustat f\u00f6r framtiden. Kristdemokraterna \u00e4r den samlande kraften och garanten f\u00f6r en fortsatt positiv utveckling. Dock finns det orosmoln, en ohelig allians likt det som h\u00e4nt i rikspolitiken \u00e4r en faktor som inte skall underskattas. D\u00e4rf\u00f6r har jag engagerat mig i Kristdemokraterna.<br \/>\nDet tycker jag att Du ocks\u00e5 skall g\u00f6ra!<\/p>\n","protected":false},"excerpt":{"rendered":"<p>Namn:\u00a0 \u00a0Anders Hagstedt \u00c5lder:\u00a0 \u00a0 70 \u00e5r Civilst\u00e5nd:\u00a0 \u00a0Gift Yrke:\u00a0 \u00a0 \u00a0Konsult och lycklig pension\u00e4r &nbsp; Jag heter Anders, bor i Lax\u00e5 sedan 23 \u00e5r, \u00e4r gift med Annemari och trivs med livet. Jag kommer ursprungligen fr\u00e5n M\u00f6lndal och har ett arbetsliv som har pr\u00e4glats av \u00f6l och vatten. Det startade i G\u00e5rda, G\u00f6teborg 1973 <a class=\"read-more-link\" href=\"https:\/\/wp.kristdemokraterna.se\/laxa2\/kandidater-l-till-kommunfullmaktige\/anders-hagstedt-kandidat-till-kommunfullmaktige\/\">L\u00e4s mer<\/a><\/p>\n","protected":false},"author":444,"featured_media":714,"parent":1431,"menu_order":13,"comment_status":"closed","ping_status":"closed","template":"page.php","meta":{"_acf_changed":false,"footnotes":""},"class_list":["post-1479","page","type-page","status-publish","hentry"],"acf":[],"yoast_head":"<!-- This site is optimized with the Yoast SEO plugin v27.5 - https:\/\/yoast.com\/product\/yoast-seo-wordpress\/ -->\n<title>19. Anders Hagstedt - kandidat till kommunfullm\u00e4ktige - Kristdemokraterna | Lax\u00e5<\/title>\n<meta name=\"robots\" content=\"index, follow, max-snippet:-1, max-image-preview:large, max-video-preview:-1\" \/>\n<link rel=\"canonical\" href=\"https:\/\/wp.kristdemokraterna.se\/laxa2\/kandidater-l-till-kommunfullmaktige\/anders-hagstedt-kandidat-till-kommunfullmaktige\/\" \/>\n<meta property=\"og:locale\" content=\"sv_SE\" \/>\n<meta property=\"og:type\" content=\"article\" \/>\n<meta property=\"og:title\" content=\"19. Anders Hagstedt - kandidat till kommunfullm\u00e4ktige - Kristdemokraterna | Lax\u00e5\" \/>\n<meta property=\"og:description\" content=\"Namn:\u00a0 \u00a0Anders Hagstedt \u00c5lder:\u00a0 \u00a0 70 \u00e5r Civilst\u00e5nd:\u00a0 \u00a0Gift Yrke:\u00a0 \u00a0 \u00a0Konsult och lycklig pension\u00e4r &nbsp; Jag heter Anders, bor i Lax\u00e5 sedan 23 \u00e5r, \u00e4r gift med Annemari och trivs med livet. Jag kommer ursprungligen fr\u00e5n M\u00f6lndal och har ett arbetsliv som har pr\u00e4glats av \u00f6l och vatten. Det startade i G\u00e5rda, G\u00f6teborg 1973 L\u00e4s mer\" \/>\n<meta property=\"og:url\" content=\"https:\/\/wp.kristdemokraterna.se\/laxa2\/kandidater-l-till-kommunfullmaktige\/anders-hagstedt-kandidat-till-kommunfullmaktige\/\" \/>\n<meta property=\"og:site_name\" content=\"Kristdemokraterna | Lax\u00e5\" \/>\n<meta property=\"article:modified_time\" content=\"2022-08-16T11:10:24+00:00\" \/>\n<meta property=\"og:image\" content=\"https:\/\/wp.kristdemokraterna.se\/laxa2\/files\/2022\/07\/anders-hagstedt-222x300.jpg\" \/>\n<meta name=\"twitter:card\" content=\"summary_large_image\" \/>\n<meta name=\"twitter:label1\" content=\"Ber\u00e4knad l\u00e4stid\" \/>\n\t<meta name=\"twitter:data1\" content=\"1 minut\" \/>\n<script type=\"application\/ld+json\" class=\"yoast-schema-graph\">{\"@context\":\"https:\\\/\\\/schema.org\",\"@graph\":[{\"@type\":\"WebPage\",\"@id\":\"https:\\\/\\\/wp.kristdemokraterna.se\\\/laxa2\\\/kandidater-l-till-kommunfullmaktige\\\/anders-hagstedt-kandidat-till-kommunfullmaktige\\\/\",\"url\":\"https:\\\/\\\/wp.kristdemokraterna.se\\\/laxa2\\\/kandidater-l-till-kommunfullmaktige\\\/anders-hagstedt-kandidat-till-kommunfullmaktige\\\/\",\"name\":\"19. Anders Hagstedt - kandidat till kommunfullm\u00e4ktige - Kristdemokraterna | Lax\u00e5\",\"isPartOf\":{\"@id\":\"https:\\\/\\\/wp.kristdemokraterna.se\\\/laxa2\\\/#website\"},\"primaryImageOfPage\":{\"@id\":\"https:\\\/\\\/wp.kristdemokraterna.se\\\/laxa2\\\/kandidater-l-till-kommunfullmaktige\\\/anders-hagstedt-kandidat-till-kommunfullmaktige\\\/#primaryimage\"},\"image\":{\"@id\":\"https:\\\/\\\/wp.kristdemokraterna.se\\\/laxa2\\\/kandidater-l-till-kommunfullmaktige\\\/anders-hagstedt-kandidat-till-kommunfullmaktige\\\/#primaryimage\"},\"thumbnailUrl\":\"https:\\\/\\\/wp.kristdemokraterna.se\\\/laxa2\\\/files\\\/2015\\\/01\\\/budget_2015.jpg\",\"datePublished\":\"2022-07-02T18:28:21+00:00\",\"dateModified\":\"2022-08-16T11:10:24+00:00\",\"breadcrumb\":{\"@id\":\"https:\\\/\\\/wp.kristdemokraterna.se\\\/laxa2\\\/kandidater-l-till-kommunfullmaktige\\\/anders-hagstedt-kandidat-till-kommunfullmaktige\\\/#breadcrumb\"},\"inLanguage\":\"sv-SE\",\"potentialAction\":[{\"@type\":\"ReadAction\",\"target\":[\"https:\\\/\\\/wp.kristdemokraterna.se\\\/laxa2\\\/kandidater-l-till-kommunfullmaktige\\\/anders-hagstedt-kandidat-till-kommunfullmaktige\\\/\"]}]},{\"@type\":\"ImageObject\",\"inLanguage\":\"sv-SE\",\"@id\":\"https:\\\/\\\/wp.kristdemokraterna.se\\\/laxa2\\\/kandidater-l-till-kommunfullmaktige\\\/anders-hagstedt-kandidat-till-kommunfullmaktige\\\/#primaryimage\",\"url\":\"https:\\\/\\\/wp.kristdemokraterna.se\\\/laxa2\\\/files\\\/2015\\\/01\\\/budget_2015.jpg\",\"contentUrl\":\"https:\\\/\\\/wp.kristdemokraterna.se\\\/laxa2\\\/files\\\/2015\\\/01\\\/budget_2015.jpg\",\"width\":445,\"height\":625},{\"@type\":\"BreadcrumbList\",\"@id\":\"https:\\\/\\\/wp.kristdemokraterna.se\\\/laxa2\\\/kandidater-l-till-kommunfullmaktige\\\/anders-hagstedt-kandidat-till-kommunfullmaktige\\\/#breadcrumb\",\"itemListElement\":[{\"@type\":\"ListItem\",\"position\":1,\"name\":\"Hem\",\"item\":\"https:\\\/\\\/wp.kristdemokraterna.se\\\/laxa2\\\/\"},{\"@type\":\"ListItem\",\"position\":2,\"name\":\"Kandidater till Kommunfullm\u00e4ktige\",\"item\":\"https:\\\/\\\/wp.kristdemokraterna.se\\\/laxa2\\\/kandidater-l-till-kommunfullmaktige\\\/\"},{\"@type\":\"ListItem\",\"position\":3,\"name\":\"19. Anders Hagstedt &#8211; kandidat till kommunfullm\u00e4ktige\"}]},{\"@type\":\"WebSite\",\"@id\":\"https:\\\/\\\/wp.kristdemokraterna.se\\\/laxa2\\\/#website\",\"url\":\"https:\\\/\\\/wp.kristdemokraterna.se\\\/laxa2\\\/\",\"name\":\"Kristdemokraterna | Lax\u00e5\",\"description\":\"En till Kristdemokraterna webbplats\",\"inLanguage\":\"sv-SE\"}]}<\/script>\n<!-- \/ Yoast SEO plugin. -->","yoast_head_json":{"title":"19. Anders Hagstedt - kandidat till kommunfullm\u00e4ktige - Kristdemokraterna | Lax\u00e5","robots":{"index":"index","follow":"follow","max-snippet":"max-snippet:-1","max-image-preview":"max-image-preview:large","max-video-preview":"max-video-preview:-1"},"canonical":"https:\/\/wp.kristdemokraterna.se\/laxa2\/kandidater-l-till-kommunfullmaktige\/anders-hagstedt-kandidat-till-kommunfullmaktige\/","og_locale":"sv_SE","og_type":"article","og_title":"19. Anders Hagstedt - kandidat till kommunfullm\u00e4ktige - Kristdemokraterna | Lax\u00e5","og_description":"Namn:\u00a0 \u00a0Anders Hagstedt \u00c5lder:\u00a0 \u00a0 70 \u00e5r Civilst\u00e5nd:\u00a0 \u00a0Gift Yrke:\u00a0 \u00a0 \u00a0Konsult och lycklig pension\u00e4r &nbsp; Jag heter Anders, bor i Lax\u00e5 sedan 23 \u00e5r, \u00e4r gift med Annemari och trivs med livet. Jag kommer ursprungligen fr\u00e5n M\u00f6lndal och har ett arbetsliv som har pr\u00e4glats av \u00f6l och vatten. Det startade i G\u00e5rda, G\u00f6teborg 1973 L\u00e4s mer","og_url":"https:\/\/wp.kristdemokraterna.se\/laxa2\/kandidater-l-till-kommunfullmaktige\/anders-hagstedt-kandidat-till-kommunfullmaktige\/","og_site_name":"Kristdemokraterna | Lax\u00e5","article_modified_time":"2022-08-16T11:10:24+00:00","og_image":[{"url":"https:\/\/wp.kristdemokraterna.se\/laxa2\/files\/2022\/07\/anders-hagstedt-222x300.jpg","type":"","width":"","height":""}],"twitter_card":"summary_large_image","twitter_misc":{"Ber\u00e4knad l\u00e4stid":"1 minut"},"schema":{"@context":"https:\/\/schema.org","@graph":[{"@type":"WebPage","@id":"https:\/\/wp.kristdemokraterna.se\/laxa2\/kandidater-l-till-kommunfullmaktige\/anders-hagstedt-kandidat-till-kommunfullmaktige\/","url":"https:\/\/wp.kristdemokraterna.se\/laxa2\/kandidater-l-till-kommunfullmaktige\/anders-hagstedt-kandidat-till-kommunfullmaktige\/","name":"19. Anders Hagstedt - kandidat till kommunfullm\u00e4ktige - Kristdemokraterna | Lax\u00e5","isPartOf":{"@id":"https:\/\/wp.kristdemokraterna.se\/laxa2\/#website"},"primaryImageOfPage":{"@id":"https:\/\/wp.kristdemokraterna.se\/laxa2\/kandidater-l-till-kommunfullmaktige\/anders-hagstedt-kandidat-till-kommunfullmaktige\/#primaryimage"},"image":{"@id":"https:\/\/wp.kristdemokraterna.se\/laxa2\/kandidater-l-till-kommunfullmaktige\/anders-hagstedt-kandidat-till-kommunfullmaktige\/#primaryimage"},"thumbnailUrl":"https:\/\/wp.kristdemokraterna.se\/laxa2\/files\/2015\/01\/budget_2015.jpg","datePublished":"2022-07-02T18:28:21+00:00","dateModified":"2022-08-16T11:10:24+00:00","breadcrumb":{"@id":"https:\/\/wp.kristdemokraterna.se\/laxa2\/kandidater-l-till-kommunfullmaktige\/anders-hagstedt-kandidat-till-kommunfullmaktige\/#breadcrumb"},"inLanguage":"sv-SE","potentialAction":[{"@type":"ReadAction","target":["https:\/\/wp.kristdemokraterna.se\/laxa2\/kandidater-l-till-kommunfullmaktige\/anders-hagstedt-kandidat-till-kommunfullmaktige\/"]}]},{"@type":"ImageObject","inLanguage":"sv-SE","@id":"https:\/\/wp.kristdemokraterna.se\/laxa2\/kandidater-l-till-kommunfullmaktige\/anders-hagstedt-kandidat-till-kommunfullmaktige\/#primaryimage","url":"https:\/\/wp.kristdemokraterna.se\/laxa2\/files\/2015\/01\/budget_2015.jpg","contentUrl":"https:\/\/wp.kristdemokraterna.se\/laxa2\/files\/2015\/01\/budget_2015.jpg","width":445,"height":625},{"@type":"BreadcrumbList","@id":"https:\/\/wp.kristdemokraterna.se\/laxa2\/kandidater-l-till-kommunfullmaktige\/anders-hagstedt-kandidat-till-kommunfullmaktige\/#breadcrumb","itemListElement":[{"@type":"ListItem","position":1,"name":"Hem","item":"https:\/\/wp.kristdemokraterna.se\/laxa2\/"},{"@type":"ListItem","position":2,"name":"Kandidater till Kommunfullm\u00e4ktige","item":"https:\/\/wp.kristdemokraterna.se\/laxa2\/kandidater-l-till-kommunfullmaktige\/"},{"@type":"ListItem","position":3,"name":"19. Anders Hagstedt &#8211; kandidat till kommunfullm\u00e4ktige"}]},{"@type":"WebSite","@id":"https:\/\/wp.kristdemokraterna.se\/laxa2\/#website","url":"https:\/\/wp.kristdemokraterna.se\/laxa2\/","name":"Kristdemokraterna | Lax\u00e5","description":"En till Kristdemokraterna webbplats","inLanguage":"sv-SE"}]}},"_links":{"self":[{"href":"https:\/\/wp.kristdemokraterna.se\/laxa2\/wp-json\/wp\/v2\/pages\/1479","targetHints":{"allow":["GET"]}}],"collection":[{"href":"https:\/\/wp.kristdemokraterna.se\/laxa2\/wp-json\/wp\/v2\/pages"}],"about":[{"href":"https:\/\/wp.kristdemokraterna.se\/laxa2\/wp-json\/wp\/v2\/types\/page"}],"author":[{"embeddable":true,"href":"https:\/\/wp.kristdemokraterna.se\/laxa2\/wp-json\/wp\/v2\/users\/444"}],"replies":[{"embeddable":true,"href":"https:\/\/wp.kristdemokraterna.se\/laxa2\/wp-json\/wp\/v2\/comments?post=1479"}],"version-history":[{"count":1,"href":"https:\/\/wp.kristdemokraterna.se\/laxa2\/wp-json\/wp\/v2\/pages\/1479\/revisions"}],"predecessor-version":[{"id":1718,"href":"https:\/\/wp.kristdemokraterna.se\/laxa2\/wp-json\/wp\/v2\/pages\/1479\/revisions\/1718"}],"up":[{"embeddable":true,"href":"https:\/\/wp.kristdemokraterna.se\/laxa2\/wp-json\/wp\/v2\/pages\/1431"}],"wp:featuredmedia":[{"embeddable":true,"href":"https:\/\/wp.kristdemokraterna.se\/laxa2\/wp-json\/wp\/v2\/media\/714"}],"wp:attachment":[{"href":"https:\/\/wp.kristdemokraterna.se\/laxa2\/wp-json\/wp\/v2\/media?parent=1479"}],"curies":[{"name":"wp","href":"https:\/\/api.w.org\/{rel}","templated":true}]}}