{"id":1626,"date":"2022-08-07T16:54:16","date_gmt":"2022-08-07T14:54:16","guid":{"rendered":"https:\/\/wp.kristdemokraterna.se\/laxa\/?page_id=1626"},"modified":"2022-08-16T13:10:43","modified_gmt":"2022-08-16T11:10:43","slug":"14-ingemar-schon-kandidat-till-kommunfullmaktige","status":"publish","type":"page","link":"https:\/\/wp.kristdemokraterna.se\/laxa2\/kandidater-l-till-kommunfullmaktige\/14-ingemar-schon-kandidat-till-kommunfullmaktige\/","title":{"rendered":"14. Ingemar Sch\u00f6n &#8211; kandidat till kommunfullm\u00e4ktige"},"content":{"rendered":"<p><strong>Namn: Ingemar Sch\u00f6n<\/strong><br \/>\n<strong>\u00c5lder:\u00a0\u00a0 70+<\/strong><br \/>\n<strong>Civilst\u00e5nd: Gift<\/strong><br \/>\n<strong>Yrke: Pension\u00e4r<\/strong><\/p>\n<p>Hej<\/p>\n<p>Jag kom till Lax\u00e5 1969 f\u00f6r en anst\u00e4llning p\u00e5 ESAB, hade nog en tanke att jag inte skulle bli Lax\u00e5 trogen s\u00e5 l\u00e4nge. Men trivdes bra b\u00e5de med Lax\u00e5 och mina anst\u00e4llningar p\u00e5 ESAB och ABB Robotics Welding.<\/p>\n<p>Men de sista 13 \u00e5ren jobbade jag som ink\u00f6pschef o ink\u00f6pare p\u00e5 VOLVO CE Cabs i Hallsberg.\u00a0Politik har v\u00e4l inte varit h\u00f6gst prioritet, d\u00e5 mina jobb tagit all kraft.<\/p>\n<p>Politiken har min fru f\u00e5tt sk\u00f6ta, men nu som pension\u00e4r finns ju lite mer tid o kraft.<\/p>\n<p>Uppdragen som ordf\u00f6rande i Lax\u00e5 Hem AB o Kommunfastigheter samt ledamot i Byggnadsn\u00e4mnden ligger n\u00e4rmare mitt intresse, mer handling. Vi kan ju se hur Lax\u00e5 rustats upp de senaste \u00e5ren.<\/p>\n<p>Bygget av Ramunderg\u00e5rden, Finner\u00f6dja skola samt renovering av Linneagatan, tak o fasad p\u00e5 Von boij gatan, Salt\u00e4ngsskolan, Centralskolans k\u00f6k m.m<\/p>\n<p>Jag ser fram emot att forts\u00e4tta upprustningen av Lax\u00e5 efter tidigare \u00e5r av nedg\u00e5ng.<\/p>\n<p>&nbsp;<\/p>\n<p>&nbsp;<\/p>\n","protected":false},"excerpt":{"rendered":"<p>Namn: Ingemar Sch\u00f6n \u00c5lder:\u00a0\u00a0 70+ Civilst\u00e5nd: Gift Yrke: Pension\u00e4r Hej Jag kom till Lax\u00e5 1969 f\u00f6r en anst\u00e4llning p\u00e5 ESAB, hade nog en tanke att jag inte skulle bli Lax\u00e5 trogen s\u00e5 l\u00e4nge. Men trivdes bra b\u00e5de med Lax\u00e5 och mina anst\u00e4llningar p\u00e5 ESAB och ABB Robotics Welding. Men de sista 13 \u00e5ren jobbade jag <a class=\"read-more-link\" href=\"https:\/\/wp.kristdemokraterna.se\/laxa2\/kandidater-l-till-kommunfullmaktige\/14-ingemar-schon-kandidat-till-kommunfullmaktige\/\">L\u00e4s mer<\/a><\/p>\n","protected":false},"author":444,"featured_media":714,"parent":1431,"menu_order":12,"comment_status":"closed","ping_status":"closed","template":"page.php","meta":{"_acf_changed":false,"footnotes":""},"class_list":["post-1626","page","type-page","status-publish","hentry"],"acf":[],"yoast_head":"<!-- This site is optimized with the Yoast SEO plugin v27.5 - https:\/\/yoast.com\/product\/yoast-seo-wordpress\/ -->\n<title>14. Ingemar Sch\u00f6n - kandidat till kommunfullm\u00e4ktige - Kristdemokraterna | Lax\u00e5<\/title>\n<meta name=\"robots\" content=\"index, follow, max-snippet:-1, max-image-preview:large, max-video-preview:-1\" \/>\n<link rel=\"canonical\" href=\"https:\/\/wp.kristdemokraterna.se\/laxa2\/kandidater-l-till-kommunfullmaktige\/14-ingemar-schon-kandidat-till-kommunfullmaktige\/\" \/>\n<meta property=\"og:locale\" content=\"sv_SE\" \/>\n<meta property=\"og:type\" content=\"article\" \/>\n<meta property=\"og:title\" content=\"14. Ingemar Sch\u00f6n - kandidat till kommunfullm\u00e4ktige - Kristdemokraterna | Lax\u00e5\" \/>\n<meta property=\"og:description\" content=\"Namn: Ingemar Sch\u00f6n \u00c5lder:\u00a0\u00a0 70+ Civilst\u00e5nd: Gift Yrke: Pension\u00e4r Hej Jag kom till Lax\u00e5 1969 f\u00f6r en anst\u00e4llning p\u00e5 ESAB, hade nog en tanke att jag inte skulle bli Lax\u00e5 trogen s\u00e5 l\u00e4nge. Men trivdes bra b\u00e5de med Lax\u00e5 och mina anst\u00e4llningar p\u00e5 ESAB och ABB Robotics Welding. Men de sista 13 \u00e5ren jobbade jag L\u00e4s mer\" \/>\n<meta property=\"og:url\" content=\"https:\/\/wp.kristdemokraterna.se\/laxa2\/kandidater-l-till-kommunfullmaktige\/14-ingemar-schon-kandidat-till-kommunfullmaktige\/\" \/>\n<meta property=\"og:site_name\" content=\"Kristdemokraterna | Lax\u00e5\" \/>\n<meta property=\"article:modified_time\" content=\"2022-08-16T11:10:43+00:00\" \/>\n<meta name=\"twitter:card\" content=\"summary_large_image\" \/>\n<meta name=\"twitter:label1\" content=\"Ber\u00e4knad l\u00e4stid\" \/>\n\t<meta name=\"twitter:data1\" content=\"1 minut\" \/>\n<script type=\"application\/ld+json\" class=\"yoast-schema-graph\">{\"@context\":\"https:\\\/\\\/schema.org\",\"@graph\":[{\"@type\":\"WebPage\",\"@id\":\"https:\\\/\\\/wp.kristdemokraterna.se\\\/laxa2\\\/kandidater-l-till-kommunfullmaktige\\\/14-ingemar-schon-kandidat-till-kommunfullmaktige\\\/\",\"url\":\"https:\\\/\\\/wp.kristdemokraterna.se\\\/laxa2\\\/kandidater-l-till-kommunfullmaktige\\\/14-ingemar-schon-kandidat-till-kommunfullmaktige\\\/\",\"name\":\"14. Ingemar Sch\u00f6n - kandidat till kommunfullm\u00e4ktige - Kristdemokraterna | Lax\u00e5\",\"isPartOf\":{\"@id\":\"https:\\\/\\\/wp.kristdemokraterna.se\\\/laxa2\\\/#website\"},\"primaryImageOfPage\":{\"@id\":\"https:\\\/\\\/wp.kristdemokraterna.se\\\/laxa2\\\/kandidater-l-till-kommunfullmaktige\\\/14-ingemar-schon-kandidat-till-kommunfullmaktige\\\/#primaryimage\"},\"image\":{\"@id\":\"https:\\\/\\\/wp.kristdemokraterna.se\\\/laxa2\\\/kandidater-l-till-kommunfullmaktige\\\/14-ingemar-schon-kandidat-till-kommunfullmaktige\\\/#primaryimage\"},\"thumbnailUrl\":\"https:\\\/\\\/wp.kristdemokraterna.se\\\/laxa2\\\/files\\\/2015\\\/01\\\/budget_2015.jpg\",\"datePublished\":\"2022-08-07T14:54:16+00:00\",\"dateModified\":\"2022-08-16T11:10:43+00:00\",\"breadcrumb\":{\"@id\":\"https:\\\/\\\/wp.kristdemokraterna.se\\\/laxa2\\\/kandidater-l-till-kommunfullmaktige\\\/14-ingemar-schon-kandidat-till-kommunfullmaktige\\\/#breadcrumb\"},\"inLanguage\":\"sv-SE\",\"potentialAction\":[{\"@type\":\"ReadAction\",\"target\":[\"https:\\\/\\\/wp.kristdemokraterna.se\\\/laxa2\\\/kandidater-l-till-kommunfullmaktige\\\/14-ingemar-schon-kandidat-till-kommunfullmaktige\\\/\"]}]},{\"@type\":\"ImageObject\",\"inLanguage\":\"sv-SE\",\"@id\":\"https:\\\/\\\/wp.kristdemokraterna.se\\\/laxa2\\\/kandidater-l-till-kommunfullmaktige\\\/14-ingemar-schon-kandidat-till-kommunfullmaktige\\\/#primaryimage\",\"url\":\"https:\\\/\\\/wp.kristdemokraterna.se\\\/laxa2\\\/files\\\/2015\\\/01\\\/budget_2015.jpg\",\"contentUrl\":\"https:\\\/\\\/wp.kristdemokraterna.se\\\/laxa2\\\/files\\\/2015\\\/01\\\/budget_2015.jpg\",\"width\":445,\"height\":625},{\"@type\":\"BreadcrumbList\",\"@id\":\"https:\\\/\\\/wp.kristdemokraterna.se\\\/laxa2\\\/kandidater-l-till-kommunfullmaktige\\\/14-ingemar-schon-kandidat-till-kommunfullmaktige\\\/#breadcrumb\",\"itemListElement\":[{\"@type\":\"ListItem\",\"position\":1,\"name\":\"Hem\",\"item\":\"https:\\\/\\\/wp.kristdemokraterna.se\\\/laxa2\\\/\"},{\"@type\":\"ListItem\",\"position\":2,\"name\":\"Kandidater till Kommunfullm\u00e4ktige\",\"item\":\"https:\\\/\\\/wp.kristdemokraterna.se\\\/laxa2\\\/kandidater-l-till-kommunfullmaktige\\\/\"},{\"@type\":\"ListItem\",\"position\":3,\"name\":\"14. Ingemar Sch\u00f6n &#8211; kandidat till kommunfullm\u00e4ktige\"}]},{\"@type\":\"WebSite\",\"@id\":\"https:\\\/\\\/wp.kristdemokraterna.se\\\/laxa2\\\/#website\",\"url\":\"https:\\\/\\\/wp.kristdemokraterna.se\\\/laxa2\\\/\",\"name\":\"Kristdemokraterna | Lax\u00e5\",\"description\":\"En till Kristdemokraterna webbplats\",\"inLanguage\":\"sv-SE\"}]}<\/script>\n<!-- \/ Yoast SEO plugin. -->","yoast_head_json":{"title":"14. Ingemar Sch\u00f6n - kandidat till kommunfullm\u00e4ktige - Kristdemokraterna | Lax\u00e5","robots":{"index":"index","follow":"follow","max-snippet":"max-snippet:-1","max-image-preview":"max-image-preview:large","max-video-preview":"max-video-preview:-1"},"canonical":"https:\/\/wp.kristdemokraterna.se\/laxa2\/kandidater-l-till-kommunfullmaktige\/14-ingemar-schon-kandidat-till-kommunfullmaktige\/","og_locale":"sv_SE","og_type":"article","og_title":"14. Ingemar Sch\u00f6n - kandidat till kommunfullm\u00e4ktige - Kristdemokraterna | Lax\u00e5","og_description":"Namn: Ingemar Sch\u00f6n \u00c5lder:\u00a0\u00a0 70+ Civilst\u00e5nd: Gift Yrke: Pension\u00e4r Hej Jag kom till Lax\u00e5 1969 f\u00f6r en anst\u00e4llning p\u00e5 ESAB, hade nog en tanke att jag inte skulle bli Lax\u00e5 trogen s\u00e5 l\u00e4nge. Men trivdes bra b\u00e5de med Lax\u00e5 och mina anst\u00e4llningar p\u00e5 ESAB och ABB Robotics Welding. Men de sista 13 \u00e5ren jobbade jag L\u00e4s mer","og_url":"https:\/\/wp.kristdemokraterna.se\/laxa2\/kandidater-l-till-kommunfullmaktige\/14-ingemar-schon-kandidat-till-kommunfullmaktige\/","og_site_name":"Kristdemokraterna | Lax\u00e5","article_modified_time":"2022-08-16T11:10:43+00:00","twitter_card":"summary_large_image","twitter_misc":{"Ber\u00e4knad l\u00e4stid":"1 minut"},"schema":{"@context":"https:\/\/schema.org","@graph":[{"@type":"WebPage","@id":"https:\/\/wp.kristdemokraterna.se\/laxa2\/kandidater-l-till-kommunfullmaktige\/14-ingemar-schon-kandidat-till-kommunfullmaktige\/","url":"https:\/\/wp.kristdemokraterna.se\/laxa2\/kandidater-l-till-kommunfullmaktige\/14-ingemar-schon-kandidat-till-kommunfullmaktige\/","name":"14. Ingemar Sch\u00f6n - kandidat till kommunfullm\u00e4ktige - Kristdemokraterna | Lax\u00e5","isPartOf":{"@id":"https:\/\/wp.kristdemokraterna.se\/laxa2\/#website"},"primaryImageOfPage":{"@id":"https:\/\/wp.kristdemokraterna.se\/laxa2\/kandidater-l-till-kommunfullmaktige\/14-ingemar-schon-kandidat-till-kommunfullmaktige\/#primaryimage"},"image":{"@id":"https:\/\/wp.kristdemokraterna.se\/laxa2\/kandidater-l-till-kommunfullmaktige\/14-ingemar-schon-kandidat-till-kommunfullmaktige\/#primaryimage"},"thumbnailUrl":"https:\/\/wp.kristdemokraterna.se\/laxa2\/files\/2015\/01\/budget_2015.jpg","datePublished":"2022-08-07T14:54:16+00:00","dateModified":"2022-08-16T11:10:43+00:00","breadcrumb":{"@id":"https:\/\/wp.kristdemokraterna.se\/laxa2\/kandidater-l-till-kommunfullmaktige\/14-ingemar-schon-kandidat-till-kommunfullmaktige\/#breadcrumb"},"inLanguage":"sv-SE","potentialAction":[{"@type":"ReadAction","target":["https:\/\/wp.kristdemokraterna.se\/laxa2\/kandidater-l-till-kommunfullmaktige\/14-ingemar-schon-kandidat-till-kommunfullmaktige\/"]}]},{"@type":"ImageObject","inLanguage":"sv-SE","@id":"https:\/\/wp.kristdemokraterna.se\/laxa2\/kandidater-l-till-kommunfullmaktige\/14-ingemar-schon-kandidat-till-kommunfullmaktige\/#primaryimage","url":"https:\/\/wp.kristdemokraterna.se\/laxa2\/files\/2015\/01\/budget_2015.jpg","contentUrl":"https:\/\/wp.kristdemokraterna.se\/laxa2\/files\/2015\/01\/budget_2015.jpg","width":445,"height":625},{"@type":"BreadcrumbList","@id":"https:\/\/wp.kristdemokraterna.se\/laxa2\/kandidater-l-till-kommunfullmaktige\/14-ingemar-schon-kandidat-till-kommunfullmaktige\/#breadcrumb","itemListElement":[{"@type":"ListItem","position":1,"name":"Hem","item":"https:\/\/wp.kristdemokraterna.se\/laxa2\/"},{"@type":"ListItem","position":2,"name":"Kandidater till Kommunfullm\u00e4ktige","item":"https:\/\/wp.kristdemokraterna.se\/laxa2\/kandidater-l-till-kommunfullmaktige\/"},{"@type":"ListItem","position":3,"name":"14. Ingemar Sch\u00f6n &#8211; kandidat till kommunfullm\u00e4ktige"}]},{"@type":"WebSite","@id":"https:\/\/wp.kristdemokraterna.se\/laxa2\/#website","url":"https:\/\/wp.kristdemokraterna.se\/laxa2\/","name":"Kristdemokraterna | Lax\u00e5","description":"En till Kristdemokraterna webbplats","inLanguage":"sv-SE"}]}},"_links":{"self":[{"href":"https:\/\/wp.kristdemokraterna.se\/laxa2\/wp-json\/wp\/v2\/pages\/1626","targetHints":{"allow":["GET"]}}],"collection":[{"href":"https:\/\/wp.kristdemokraterna.se\/laxa2\/wp-json\/wp\/v2\/pages"}],"about":[{"href":"https:\/\/wp.kristdemokraterna.se\/laxa2\/wp-json\/wp\/v2\/types\/page"}],"author":[{"embeddable":true,"href":"https:\/\/wp.kristdemokraterna.se\/laxa2\/wp-json\/wp\/v2\/users\/444"}],"replies":[{"embeddable":true,"href":"https:\/\/wp.kristdemokraterna.se\/laxa2\/wp-json\/wp\/v2\/comments?post=1626"}],"version-history":[{"count":1,"href":"https:\/\/wp.kristdemokraterna.se\/laxa2\/wp-json\/wp\/v2\/pages\/1626\/revisions"}],"predecessor-version":[{"id":1719,"href":"https:\/\/wp.kristdemokraterna.se\/laxa2\/wp-json\/wp\/v2\/pages\/1626\/revisions\/1719"}],"up":[{"embeddable":true,"href":"https:\/\/wp.kristdemokraterna.se\/laxa2\/wp-json\/wp\/v2\/pages\/1431"}],"wp:featuredmedia":[{"embeddable":true,"href":"https:\/\/wp.kristdemokraterna.se\/laxa2\/wp-json\/wp\/v2\/media\/714"}],"wp:attachment":[{"href":"https:\/\/wp.kristdemokraterna.se\/laxa2\/wp-json\/wp\/v2\/media?parent=1626"}],"curies":[{"name":"wp","href":"https:\/\/api.w.org\/{rel}","templated":true}]}}