{"id":1758,"date":"2022-08-16T13:19:53","date_gmt":"2022-08-16T11:19:53","guid":{"rendered":"https:\/\/wp.kristdemokraterna.se\/laxa2\/?page_id=1758"},"modified":"2022-08-16T13:19:53","modified_gmt":"2022-08-16T11:19:53","slug":"kd-politiker-i-laxa-kommun","status":"publish","type":"page","link":"https:\/\/wp.kristdemokraterna.se\/laxa2\/textsida-med-vanster-sidebar\/kd-politiker-i-laxa-kommun\/","title":{"rendered":"KD-politiker i Lax\u00e5 kommun"},"content":{"rendered":"<header class=\"entry-header\">\n<h1 class=\"entry-title\"><\/h1>\n<\/header>\n<div class=\"entry-content\">\n<p>Alla personer \u00e4r listade i\u00a0 \u201df\u00f6rnamn-ordning\u201d<\/p>\n<p><strong><img loading=\"lazy\" decoding=\"async\" class=\"size-thumbnail wp-image-1333 alignleft\" src=\"http:\/\/wp.kristdemokraterna.se\/laxa\/files\/2021\/09\/amal-obeid-2-150x150.jpg\" alt=\"\" width=\"150\" height=\"150\" srcset=\"https:\/\/wp.kristdemokraterna.se\/laxa2\/files\/2021\/09\/amal-obeid-2-150x150.jpg 150w, https:\/\/wp.kristdemokraterna.se\/laxa2\/files\/2021\/09\/amal-obeid-2-90x90.jpg 90w\" sizes=\"auto, (max-width: 150px) 100vw, 150px\" \/>Amal Obeid, Lax\u00e5<\/strong><br \/>\nErs\u00e4ttare i Barn- och Utbildningsn\u00e4mnden<\/p>\n<p>&nbsp;<\/p>\n<p>&nbsp;<\/p>\n<p>&nbsp;<\/p>\n<p><strong><img loading=\"lazy\" decoding=\"async\" class=\"size-thumbnail wp-image-1385 alignleft\" src=\"http:\/\/wp.kristdemokraterna.se\/laxa\/files\/2022\/02\/anette-schon-150x150.jpg\" alt=\"\" width=\"150\" height=\"150\" srcset=\"https:\/\/wp.kristdemokraterna.se\/laxa2\/files\/2022\/02\/anette-schon-150x150.jpg 150w, https:\/\/wp.kristdemokraterna.se\/laxa2\/files\/2022\/02\/anette-schon-90x90.jpg 90w\" sizes=\"auto, (max-width: 150px) 100vw, 150px\" \/>Anette Sch\u00f6n, Lax\u00e5<\/strong><br \/>\nOrdf\u00f6rande i Social- och Omsorgsn\u00e4mnden<br \/>\nLedamot i kommunfullm\u00e4ktige<br \/>\nLedamot i kommunstyrelsen<br \/>\nMobil: 070 \u2013 580 23 26<strong>\u00a0<\/strong><br \/>\nanette.schon@laxa.se<\/p>\n<p>&nbsp;<\/p>\n<p><strong>Arild Wanche, Lax\u00e5<br \/>\n<\/strong>Ledamot i Kommunfullm\u00e4ktige<br \/>\nLedamot i Arvodeskommitt\u00e9n<br \/>\nLedamot i Lax\u00e5 Hem\/Lax\u00e5 kommunfastigheters styrelse<br \/>\nLedamot i direktionen f\u00f6r Nerikes Brandk\u00e5r<br \/>\nMobil: 070 \u2013 754 43 60<br \/>\narild@wanche.se<\/p>\n<p><strong>Birgitta Pettersson, Lax\u00e5<\/strong><br \/>\nLedamot i kommunfullm\u00e4ktige<br \/>\nLedamot i Social-\u00a0och Omsorgsn\u00e4mnden<br \/>\nMobil: 070 \u2013 510 95 64<br \/>\nbirgitta.pettersson@laxa.se<\/p>\n<p><strong><br \/>\n<img loading=\"lazy\" decoding=\"async\" class=\"size-thumbnail wp-image-665 alignleft\" src=\"http:\/\/wp.kristdemokraterna.se\/laxa\/files\/2014\/09\/bo_rudolfsson_540x298-150x150.jpg\" alt=\"\" width=\"150\" height=\"150\" srcset=\"https:\/\/wp.kristdemokraterna.se\/laxa2\/files\/2014\/09\/bo_rudolfsson_540x298-150x150.jpg 150w, https:\/\/wp.kristdemokraterna.se\/laxa2\/files\/2014\/09\/bo_rudolfsson_540x298-90x90.jpg 90w\" sizes=\"auto, (max-width: 150px) 100vw, 150px\" \/>Bo Rudolfsson, Lax\u00e5<br \/>\n<\/strong>Ledamot i kommunfullm\u00e4ktige<br \/>\nKommunstyrelsens ordf\u00f6rande<br \/>\nLedamot i Regionfullm\u00e4ktige<br \/>\nLedamot i Regional Tillv\u00e4xtn\u00e4mnd<br \/>\nLedamot i L\u00e4nsstyrelsens insynsr\u00e5d<br \/>\nbo@rudolfsson.se (privat)<br \/>\nbo.rudolfsson@laxa.se (kommunfr\u00e5gor)<br \/>\nMobil: 070 \u2013 580 93 92<\/p>\n<p>&nbsp;<\/p>\n<p><strong>Fredrik Jansson, Finner\u00f6dja<\/strong><br \/>\nLedamot i Lax\u00e5 Hem\/Lax\u00e5 Kommunfastigheters styrelse<br \/>\nMobil: 070 \u2013 582 94 43<\/p>\n<p><b><img loading=\"lazy\" decoding=\"async\" class=\"size-thumbnail wp-image-1346 alignleft\" src=\"http:\/\/wp.kristdemokraterna.se\/laxa\/files\/2021\/09\/henna_tirkkonen-150x150.jpg\" alt=\"\" width=\"150\" height=\"150\" srcset=\"https:\/\/wp.kristdemokraterna.se\/laxa2\/files\/2021\/09\/henna_tirkkonen-150x150.jpg 150w, https:\/\/wp.kristdemokraterna.se\/laxa2\/files\/2021\/09\/henna_tirkkonen-90x90.jpg 90w\" sizes=\"auto, (max-width: 150px) 100vw, 150px\" \/>Henna Tirkkonen, Finner\u00f6dja<br \/>\n<\/b>Ledamot i Barn- och Utbildningsn\u00e4mnden<br \/>\nMobil: 073-698 38 46<br \/>\nhenna.tirkkonen@laxa.se<\/p>\n<p>&nbsp;<\/p>\n<p>&nbsp;<\/p>\n<p><strong>Ingemar Sch\u00f6n, Lax\u00e5<\/strong><br \/>\nLedamot i kommunfullm\u00e4ktige<br \/>\nOrdf\u00f6rande i Lax\u00e5Hem\/Lax\u00e5 Kommunfastigheters styrelse<br \/>\nLedamot i Sydn\u00e4rkes Byggn\u00e4mnd<br \/>\nBegravningsombud<\/p>\n<p><b><img loading=\"lazy\" decoding=\"async\" class=\"alignleft wp-image-1474 size-thumbnail\" src=\"http:\/\/wp.kristdemokraterna.se\/laxa\/files\/2022\/07\/ivonne-falk-150x150.jpg\" alt=\"\" width=\"150\" height=\"150\" srcset=\"https:\/\/wp.kristdemokraterna.se\/laxa2\/files\/2022\/07\/ivonne-falk-150x150.jpg 150w, https:\/\/wp.kristdemokraterna.se\/laxa2\/files\/2022\/07\/ivonne-falk-90x90.jpg 90w\" sizes=\"auto, (max-width: 150px) 100vw, 150px\" \/>Ivonny Falk, Finner\u00f6dja<\/b><br \/>\nOrdf\u00f6rande i Barn- och Utbildningsn\u00e4mnden<br \/>\nLedamot i Kommunstyrelsen<br \/>\nLedamot i Social- och Omsorgsn\u00e4mnden<br \/>\nMobil: 070 \u2013 547 89 01<br \/>\nivonny.falk@laxa.se<\/p>\n<p>&nbsp;<\/p>\n<p><strong><img loading=\"lazy\" decoding=\"async\" class=\"size-thumbnail wp-image-1386 alignleft\" src=\"http:\/\/wp.kristdemokraterna.se\/laxa\/files\/2022\/02\/jan-wallgren-150x150.jpg\" alt=\"\" width=\"150\" height=\"150\" srcset=\"https:\/\/wp.kristdemokraterna.se\/laxa2\/files\/2022\/02\/jan-wallgren-150x150.jpg 150w, https:\/\/wp.kristdemokraterna.se\/laxa2\/files\/2022\/02\/jan-wallgren-90x90.jpg 90w\" sizes=\"auto, (max-width: 150px) 100vw, 150px\" \/>Janne Wallgren, Hasselfors<\/strong><br \/>\nErs\u00e4ttare i kommunfullm\u00e4ktige<br \/>\nLedamot i Kommunstyrelsen<br \/>\nMobil: 072 \u2013 546 83 34<br \/>\njan.wallgren@laxa.se<\/p>\n<p>&nbsp;<\/p>\n<p>&nbsp;<\/p>\n<p><strong>Karina Martinsson, Lax\u00e5<br \/>\n<\/strong>1:e vice ordf\u00f6rande i kommunfullm\u00e4ktige<br \/>\nErs\u00e4ttare i Kommunstyrelsen<br \/>\nMobil: 073-654 20 35<br \/>\nkarina.martinsson@telia.com<\/p>\n<p><strong>Kristina Bruus, Lax\u00e5<\/strong><br \/>\nErs\u00e4ttare i Barn- och Utbildningsn\u00e4mnden<br \/>\nMobil: 073 \u2013 068 05 36<br \/>\nkristina.bruus@laxa.se<\/p>\n<p><strong>Lennart Eriksson, Lax\u00e5<\/strong><br \/>\nLedamot i Barn- och Utbildningsn\u00e4mnden<br \/>\nMobil: 070 \u2013 530 06 92<br \/>\nlennart.eriksson@laxa.se<\/p>\n<p><strong>Maritha Hansson, Lax\u00e5<\/strong><br \/>\nErs\u00e4ttare i Social- och Omsorgsn\u00e4mnden<\/p>\n<p><strong>Mats Fransson, Finner\u00f6dja<\/strong><br \/>\nLedamot i Kommunfullm\u00e4ktige<\/p>\n<p><strong>Mats H\u00e5rd, Lax\u00e5<\/strong><br \/>\nLedamot i kommunfullm\u00e4ktige<br \/>\nMobil: 070 \u2013 289 24 18<br \/>\nmats.hard@mhteknik.se<\/p>\n<p><strong>Mikael Wallin, Finner\u00f6dja<\/strong><br \/>\nErs\u00e4ttare i Barn- och Utbildningsn\u00e4mnden<br \/>\nMobil: 073 \u2013 022 88 21<br \/>\nmikael.wallin@laxa.se<\/p>\n<p><strong>Monica Pontes Fransson, Finner\u00f6dja<\/strong><br \/>\nLedamot i Kommunfullm\u00e4ktige<\/p>\n<p><strong><img loading=\"lazy\" decoding=\"async\" class=\"size-thumbnail wp-image-1336 alignleft\" src=\"http:\/\/wp.kristdemokraterna.se\/laxa\/files\/2021\/09\/nea-mustonen2-150x150.jpg\" alt=\"\" width=\"150\" height=\"150\" srcset=\"https:\/\/wp.kristdemokraterna.se\/laxa2\/files\/2021\/09\/nea-mustonen2-150x150.jpg 150w, https:\/\/wp.kristdemokraterna.se\/laxa2\/files\/2021\/09\/nea-mustonen2-90x90.jpg 90w\" sizes=\"auto, (max-width: 150px) 100vw, 150px\" \/>Nea Mustonen, Lax\u00e5<\/strong><br \/>\nLedamot i kommunfullm\u00e4ktige<br \/>\nLedamot i Barn-\u00a0och Utbildningsn\u00e4mnden<br \/>\nMobil: 076-161 18 81<br \/>\nnea.mustonen@laxa.se<\/p>\n<p>&nbsp;<\/p>\n<p>&nbsp;<\/p>\n<p><strong><img loading=\"lazy\" decoding=\"async\" class=\"size-thumbnail wp-image-1516 alignleft\" src=\"http:\/\/wp.kristdemokraterna.se\/laxa\/files\/2022\/07\/rebecka-sko%E2%95%A0en-i-150x150.jpg\" alt=\"\" width=\"150\" height=\"150\" \/>Rebecka Sch\u00f6n, Hasselfors<\/strong><br \/>\nLedamot i Kommunfullm\u00e4ktige<br \/>\nV. ordf\u00f6rande i \u00d6verf\u00f6rmyndarn\u00e4mnden (med Sydn\u00e4rke)<br \/>\nErs\u00e4ttare i direktionen f\u00f6r Sydn\u00e4rkes Utbildningsf\u00f6rbund<br \/>\nLedamot i styrelsen f\u00f6r Lax\u00e5 V\u00e4rme<br \/>\nLedamot i styrelsen f\u00f6r Lax\u00e5 Vatten<\/p>\n<p>&nbsp;<\/p>\n<p><strong>Robert Andersson, Lax\u00e5<\/strong><br \/>\nLedamot i Kulturn\u00e4mnden<br \/>\nErs\u00e4ttare i Sydn\u00e4rkes Byggn\u00e4mnd<\/p>\n<p><strong><img loading=\"lazy\" decoding=\"async\" class=\"size-thumbnail wp-image-1387 alignleft\" src=\"http:\/\/wp.kristdemokraterna.se\/laxa\/files\/2022\/02\/rolf-johansson-150x150.jpg\" alt=\"\" width=\"150\" height=\"150\" \/>Rolf Johansson, Lax\u00e5<br \/>\n<\/strong>Ledamot i kommunfullm\u00e4ktige<br \/>\nLedamot i Social- och Omsorgsn\u00e4mnden<br \/>\nMobil: 070 \u2013 595 82 51<br \/>\nrolf.johansson@laxa.se<\/p>\n<p>&nbsp;<\/p>\n<p><strong><br \/>\nRuth Rudolfsson, Lax\u00e5<\/strong><br \/>\nErs\u00e4ttare i Kommunfullm\u00e4ktige<br \/>\nErs\u00e4ttare i Social- och Omsorgsn\u00e4mnden<br \/>\nMobil: 0703 \u2013 40 80 40<br \/>\nruth@rudolfsson.se<\/p>\n<p><strong>Ulla-Britt Gunnarsson, Lax\u00e5<\/strong><br \/>\nOrdinarie ledamot i Barn- och Utbildningsn\u00e4mnden<br \/>\nErs\u00e4ttare i Social- och Omsorgsn\u00e4mnden<br \/>\nMobil: 072 \u2013 930 45 11<br \/>\nulla-britt.gunnarsson@laxa.se<\/p>\n<p><strong>Weine Pettersson, Lax\u00e5<\/strong><br \/>\nErs\u00e4ttare i Kommunfullm\u00e4ktige<\/p>\n<\/div>\n","protected":false},"excerpt":{"rendered":"<p>Alla personer \u00e4r listade i\u00a0 \u201df\u00f6rnamn-ordning\u201d Amal Obeid, Lax\u00e5 Ers\u00e4ttare i Barn- och Utbildningsn\u00e4mnden &nbsp; &nbsp; &nbsp; Anette Sch\u00f6n, Lax\u00e5 Ordf\u00f6rande i Social- och Omsorgsn\u00e4mnden Ledamot i kommunfullm\u00e4ktige Ledamot i kommunstyrelsen Mobil: 070 \u2013 580 23 26\u00a0 anette.schon@laxa.se &nbsp; Arild Wanche, Lax\u00e5 Ledamot i Kommunfullm\u00e4ktige Ledamot i Arvodeskommitt\u00e9n Ledamot i Lax\u00e5 Hem\/Lax\u00e5 kommunfastigheters styrelse Ledamot <a class=\"read-more-link\" href=\"https:\/\/wp.kristdemokraterna.se\/laxa2\/textsida-med-vanster-sidebar\/kd-politiker-i-laxa-kommun\/\">L\u00e4s mer<\/a><\/p>\n","protected":false},"author":444,"featured_media":714,"parent":269,"menu_order":0,"comment_status":"closed","ping_status":"closed","template":"page.php","meta":{"_acf_changed":false,"footnotes":""},"class_list":["post-1758","page","type-page","status-publish","hentry"],"acf":[],"yoast_head":"<!-- This site is optimized with the Yoast SEO plugin v27.5 - https:\/\/yoast.com\/product\/yoast-seo-wordpress\/ -->\n<title>KD-politiker i Lax\u00e5 kommun - Kristdemokraterna | Lax\u00e5<\/title>\n<meta name=\"robots\" content=\"index, follow, max-snippet:-1, max-image-preview:large, max-video-preview:-1\" \/>\n<link rel=\"canonical\" href=\"https:\/\/wp.kristdemokraterna.se\/laxa2\/textsida-med-vanster-sidebar\/kd-politiker-i-laxa-kommun\/\" \/>\n<meta property=\"og:locale\" content=\"sv_SE\" \/>\n<meta property=\"og:type\" content=\"article\" \/>\n<meta property=\"og:title\" content=\"KD-politiker i Lax\u00e5 kommun - Kristdemokraterna | Lax\u00e5\" \/>\n<meta property=\"og:description\" content=\"Alla personer \u00e4r listade i\u00a0 \u201df\u00f6rnamn-ordning\u201d Amal Obeid, Lax\u00e5 Ers\u00e4ttare i Barn- och Utbildningsn\u00e4mnden &nbsp; &nbsp; &nbsp; Anette Sch\u00f6n, Lax\u00e5 Ordf\u00f6rande i Social- och Omsorgsn\u00e4mnden Ledamot i kommunfullm\u00e4ktige Ledamot i kommunstyrelsen Mobil: 070 \u2013 580 23 26\u00a0 anette.schon@laxa.se &nbsp; Arild Wanche, Lax\u00e5 Ledamot i Kommunfullm\u00e4ktige Ledamot i Arvodeskommitt\u00e9n Ledamot i Lax\u00e5 Hem\/Lax\u00e5 kommunfastigheters styrelse Ledamot L\u00e4s mer\" \/>\n<meta property=\"og:url\" content=\"https:\/\/wp.kristdemokraterna.se\/laxa2\/textsida-med-vanster-sidebar\/kd-politiker-i-laxa-kommun\/\" \/>\n<meta property=\"og:site_name\" content=\"Kristdemokraterna | Lax\u00e5\" \/>\n<meta property=\"og:image\" content=\"http:\/\/wp.kristdemokraterna.se\/laxa\/files\/2021\/09\/amal-obeid-2-150x150.jpg\" \/>\n<meta name=\"twitter:card\" content=\"summary_large_image\" \/>\n<meta name=\"twitter:label1\" content=\"Ber\u00e4knad l\u00e4stid\" \/>\n\t<meta name=\"twitter:data1\" content=\"2 minuter\" \/>\n<script type=\"application\/ld+json\" class=\"yoast-schema-graph\">{\"@context\":\"https:\\\/\\\/schema.org\",\"@graph\":[{\"@type\":\"WebPage\",\"@id\":\"https:\\\/\\\/wp.kristdemokraterna.se\\\/laxa2\\\/textsida-med-vanster-sidebar\\\/kd-politiker-i-laxa-kommun\\\/\",\"url\":\"https:\\\/\\\/wp.kristdemokraterna.se\\\/laxa2\\\/textsida-med-vanster-sidebar\\\/kd-politiker-i-laxa-kommun\\\/\",\"name\":\"KD-politiker i Lax\u00e5 kommun - Kristdemokraterna | Lax\u00e5\",\"isPartOf\":{\"@id\":\"https:\\\/\\\/wp.kristdemokraterna.se\\\/laxa2\\\/#website\"},\"primaryImageOfPage\":{\"@id\":\"https:\\\/\\\/wp.kristdemokraterna.se\\\/laxa2\\\/textsida-med-vanster-sidebar\\\/kd-politiker-i-laxa-kommun\\\/#primaryimage\"},\"image\":{\"@id\":\"https:\\\/\\\/wp.kristdemokraterna.se\\\/laxa2\\\/textsida-med-vanster-sidebar\\\/kd-politiker-i-laxa-kommun\\\/#primaryimage\"},\"thumbnailUrl\":\"https:\\\/\\\/wp.kristdemokraterna.se\\\/laxa2\\\/files\\\/2015\\\/01\\\/budget_2015.jpg\",\"datePublished\":\"2022-08-16T11:19:53+00:00\",\"breadcrumb\":{\"@id\":\"https:\\\/\\\/wp.kristdemokraterna.se\\\/laxa2\\\/textsida-med-vanster-sidebar\\\/kd-politiker-i-laxa-kommun\\\/#breadcrumb\"},\"inLanguage\":\"sv-SE\",\"potentialAction\":[{\"@type\":\"ReadAction\",\"target\":[\"https:\\\/\\\/wp.kristdemokraterna.se\\\/laxa2\\\/textsida-med-vanster-sidebar\\\/kd-politiker-i-laxa-kommun\\\/\"]}]},{\"@type\":\"ImageObject\",\"inLanguage\":\"sv-SE\",\"@id\":\"https:\\\/\\\/wp.kristdemokraterna.se\\\/laxa2\\\/textsida-med-vanster-sidebar\\\/kd-politiker-i-laxa-kommun\\\/#primaryimage\",\"url\":\"https:\\\/\\\/wp.kristdemokraterna.se\\\/laxa2\\\/files\\\/2015\\\/01\\\/budget_2015.jpg\",\"contentUrl\":\"https:\\\/\\\/wp.kristdemokraterna.se\\\/laxa2\\\/files\\\/2015\\\/01\\\/budget_2015.jpg\",\"width\":445,\"height\":625},{\"@type\":\"BreadcrumbList\",\"@id\":\"https:\\\/\\\/wp.kristdemokraterna.se\\\/laxa2\\\/textsida-med-vanster-sidebar\\\/kd-politiker-i-laxa-kommun\\\/#breadcrumb\",\"itemListElement\":[{\"@type\":\"ListItem\",\"position\":1,\"name\":\"Hem\",\"item\":\"https:\\\/\\\/wp.kristdemokraterna.se\\\/laxa2\\\/\"},{\"@type\":\"ListItem\",\"position\":2,\"name\":\"V\u00e5r partiavdelning\",\"item\":\"https:\\\/\\\/wp.kristdemokraterna.se\\\/laxa2\\\/textsida-med-vanster-sidebar\\\/\"},{\"@type\":\"ListItem\",\"position\":3,\"name\":\"KD-politiker i Lax\u00e5 kommun\"}]},{\"@type\":\"WebSite\",\"@id\":\"https:\\\/\\\/wp.kristdemokraterna.se\\\/laxa2\\\/#website\",\"url\":\"https:\\\/\\\/wp.kristdemokraterna.se\\\/laxa2\\\/\",\"name\":\"Kristdemokraterna | Lax\u00e5\",\"description\":\"En till Kristdemokraterna webbplats\",\"inLanguage\":\"sv-SE\"}]}<\/script>\n<!-- \/ Yoast SEO plugin. -->","yoast_head_json":{"title":"KD-politiker i Lax\u00e5 kommun - Kristdemokraterna | Lax\u00e5","robots":{"index":"index","follow":"follow","max-snippet":"max-snippet:-1","max-image-preview":"max-image-preview:large","max-video-preview":"max-video-preview:-1"},"canonical":"https:\/\/wp.kristdemokraterna.se\/laxa2\/textsida-med-vanster-sidebar\/kd-politiker-i-laxa-kommun\/","og_locale":"sv_SE","og_type":"article","og_title":"KD-politiker i Lax\u00e5 kommun - Kristdemokraterna | Lax\u00e5","og_description":"Alla personer \u00e4r listade i\u00a0 \u201df\u00f6rnamn-ordning\u201d Amal Obeid, Lax\u00e5 Ers\u00e4ttare i Barn- och Utbildningsn\u00e4mnden &nbsp; &nbsp; &nbsp; Anette Sch\u00f6n, Lax\u00e5 Ordf\u00f6rande i Social- och Omsorgsn\u00e4mnden Ledamot i kommunfullm\u00e4ktige Ledamot i kommunstyrelsen Mobil: 070 \u2013 580 23 26\u00a0 anette.schon@laxa.se &nbsp; Arild Wanche, Lax\u00e5 Ledamot i Kommunfullm\u00e4ktige Ledamot i Arvodeskommitt\u00e9n Ledamot i Lax\u00e5 Hem\/Lax\u00e5 kommunfastigheters styrelse Ledamot L\u00e4s mer","og_url":"https:\/\/wp.kristdemokraterna.se\/laxa2\/textsida-med-vanster-sidebar\/kd-politiker-i-laxa-kommun\/","og_site_name":"Kristdemokraterna | Lax\u00e5","og_image":[{"url":"http:\/\/wp.kristdemokraterna.se\/laxa\/files\/2021\/09\/amal-obeid-2-150x150.jpg","type":"","width":"","height":""}],"twitter_card":"summary_large_image","twitter_misc":{"Ber\u00e4knad l\u00e4stid":"2 minuter"},"schema":{"@context":"https:\/\/schema.org","@graph":[{"@type":"WebPage","@id":"https:\/\/wp.kristdemokraterna.se\/laxa2\/textsida-med-vanster-sidebar\/kd-politiker-i-laxa-kommun\/","url":"https:\/\/wp.kristdemokraterna.se\/laxa2\/textsida-med-vanster-sidebar\/kd-politiker-i-laxa-kommun\/","name":"KD-politiker i Lax\u00e5 kommun - Kristdemokraterna | Lax\u00e5","isPartOf":{"@id":"https:\/\/wp.kristdemokraterna.se\/laxa2\/#website"},"primaryImageOfPage":{"@id":"https:\/\/wp.kristdemokraterna.se\/laxa2\/textsida-med-vanster-sidebar\/kd-politiker-i-laxa-kommun\/#primaryimage"},"image":{"@id":"https:\/\/wp.kristdemokraterna.se\/laxa2\/textsida-med-vanster-sidebar\/kd-politiker-i-laxa-kommun\/#primaryimage"},"thumbnailUrl":"https:\/\/wp.kristdemokraterna.se\/laxa2\/files\/2015\/01\/budget_2015.jpg","datePublished":"2022-08-16T11:19:53+00:00","breadcrumb":{"@id":"https:\/\/wp.kristdemokraterna.se\/laxa2\/textsida-med-vanster-sidebar\/kd-politiker-i-laxa-kommun\/#breadcrumb"},"inLanguage":"sv-SE","potentialAction":[{"@type":"ReadAction","target":["https:\/\/wp.kristdemokraterna.se\/laxa2\/textsida-med-vanster-sidebar\/kd-politiker-i-laxa-kommun\/"]}]},{"@type":"ImageObject","inLanguage":"sv-SE","@id":"https:\/\/wp.kristdemokraterna.se\/laxa2\/textsida-med-vanster-sidebar\/kd-politiker-i-laxa-kommun\/#primaryimage","url":"https:\/\/wp.kristdemokraterna.se\/laxa2\/files\/2015\/01\/budget_2015.jpg","contentUrl":"https:\/\/wp.kristdemokraterna.se\/laxa2\/files\/2015\/01\/budget_2015.jpg","width":445,"height":625},{"@type":"BreadcrumbList","@id":"https:\/\/wp.kristdemokraterna.se\/laxa2\/textsida-med-vanster-sidebar\/kd-politiker-i-laxa-kommun\/#breadcrumb","itemListElement":[{"@type":"ListItem","position":1,"name":"Hem","item":"https:\/\/wp.kristdemokraterna.se\/laxa2\/"},{"@type":"ListItem","position":2,"name":"V\u00e5r partiavdelning","item":"https:\/\/wp.kristdemokraterna.se\/laxa2\/textsida-med-vanster-sidebar\/"},{"@type":"ListItem","position":3,"name":"KD-politiker i Lax\u00e5 kommun"}]},{"@type":"WebSite","@id":"https:\/\/wp.kristdemokraterna.se\/laxa2\/#website","url":"https:\/\/wp.kristdemokraterna.se\/laxa2\/","name":"Kristdemokraterna | Lax\u00e5","description":"En till Kristdemokraterna webbplats","inLanguage":"sv-SE"}]}},"_links":{"self":[{"href":"https:\/\/wp.kristdemokraterna.se\/laxa2\/wp-json\/wp\/v2\/pages\/1758","targetHints":{"allow":["GET"]}}],"collection":[{"href":"https:\/\/wp.kristdemokraterna.se\/laxa2\/wp-json\/wp\/v2\/pages"}],"about":[{"href":"https:\/\/wp.kristdemokraterna.se\/laxa2\/wp-json\/wp\/v2\/types\/page"}],"author":[{"embeddable":true,"href":"https:\/\/wp.kristdemokraterna.se\/laxa2\/wp-json\/wp\/v2\/users\/444"}],"replies":[{"embeddable":true,"href":"https:\/\/wp.kristdemokraterna.se\/laxa2\/wp-json\/wp\/v2\/comments?post=1758"}],"version-history":[{"count":1,"href":"https:\/\/wp.kristdemokraterna.se\/laxa2\/wp-json\/wp\/v2\/pages\/1758\/revisions"}],"predecessor-version":[{"id":1759,"href":"https:\/\/wp.kristdemokraterna.se\/laxa2\/wp-json\/wp\/v2\/pages\/1758\/revisions\/1759"}],"up":[{"embeddable":true,"href":"https:\/\/wp.kristdemokraterna.se\/laxa2\/wp-json\/wp\/v2\/pages\/269"}],"wp:featuredmedia":[{"embeddable":true,"href":"https:\/\/wp.kristdemokraterna.se\/laxa2\/wp-json\/wp\/v2\/media\/714"}],"wp:attachment":[{"href":"https:\/\/wp.kristdemokraterna.se\/laxa2\/wp-json\/wp\/v2\/media?parent=1758"}],"curies":[{"name":"wp","href":"https:\/\/api.w.org\/{rel}","templated":true}]}}