{"version":"1.0","provider_name":"Kristdemokraterna Leksand","provider_url":"https:\/\/wp.kristdemokraterna.se\/leksand","title":"Arbetsmilj\u00f6 &amp; kompetensf\u00f6rs\u00f6rjning - Kristdemokraterna Leksand","type":"rich","width":600,"height":338,"html":"<blockquote class=\"wp-embedded-content\" data-secret=\"Vq3YyO7a3s\"><a href=\"https:\/\/wp.kristdemokraterna.se\/leksand\/var-politik\/politikomraden\/arbetsgivare\/\">Arbetsmilj\u00f6 &amp; kompetensf\u00f6rs\u00f6rjning<\/a><\/blockquote><iframe sandbox=\"allow-scripts\" security=\"restricted\" src=\"https:\/\/wp.kristdemokraterna.se\/leksand\/var-politik\/politikomraden\/arbetsgivare\/embed\/#?secret=Vq3YyO7a3s\" width=\"600\" height=\"338\" title=\"\u201dArbetsmilj\u00f6 &amp; kompetensf\u00f6rs\u00f6rjning\u201d &ndash; Kristdemokraterna Leksand\" data-secret=\"Vq3YyO7a3s\" frameborder=\"0\" marginwidth=\"0\" marginheight=\"0\" scrolling=\"no\" class=\"wp-embedded-content\"><\/iframe><script type=\"text\/javascript\">\n\/* <![CDATA[ *\/\n\/*! This file is auto-generated *\/\n!function(d,l){\"use strict\";l.querySelector&&d.addEventListener&&\"undefined\"!=typeof URL&&(d.wp=d.wp||{},d.wp.receiveEmbedMessage||(d.wp.receiveEmbedMessage=function(e){var t=e.data;if((t||t.secret||t.message||t.value)&&!\/[^a-zA-Z0-9]\/.test(t.secret)){for(var s,r,n,a=l.querySelectorAll('iframe[data-secret=\"'+t.secret+'\"]'),o=l.querySelectorAll('blockquote[data-secret=\"'+t.secret+'\"]'),c=new RegExp(\"^https?:$\",\"i\"),i=0;i<o.length;i++)o[i].style.display=\"none\";for(i=0;i<a.length;i++)s=a[i],e.source===s.contentWindow&&(s.removeAttribute(\"style\"),\"height\"===t.message?(1e3<(r=parseInt(t.value,10))?r=1e3:~~r<200&&(r=200),s.height=r):\"link\"===t.message&&(r=new URL(s.getAttribute(\"src\")),n=new URL(t.value),c.test(n.protocol))&&n.host===r.host&&l.activeElement===s&&(d.top.location.href=t.value))}},d.addEventListener(\"message\",d.wp.receiveEmbedMessage,!1),l.addEventListener(\"DOMContentLoaded\",function(){for(var e,t,s=l.querySelectorAll(\"iframe.wp-embedded-content\"),r=0;r<s.length;r++)(t=(e=s[r]).getAttribute(\"data-secret\"))||(t=Math.random().toString(36).substring(2,12),e.src+=\"#?secret=\"+t,e.setAttribute(\"data-secret\",t)),e.contentWindow.postMessage({message:\"ready\",secret:t},\"*\")},!1)))}(window,document);\n\/\/# sourceURL=https:\/\/wp.kristdemokraterna.se\/leksand\/wp-includes\/js\/wp-embed.min.js\n\/* ]]> *\/\n<\/script>\n","description":"En av kommunsveriges allra st\u00f6rsta utmaningar \u00e4r kompetensf\u00f6rs\u00f6rjningen, inte minst inom skola, v\u00e5rd och omsorg. D\u00e4rf\u00f6r beh\u00f6ver vi g\u00f6ra mer f\u00f6r att s\u00e4kerst\u00e4lla en god arbetsmilj\u00f6 och vara en attraktiv arbetsgivare. Personalfr\u00e5gorna m\u00e5ste helt enkelt f\u00e5 st\u00f6rre uppm\u00e4rksamhet och prioritering i kommunens arbete. De kommunanst\u00e4llda \u00e4r v\u00e5r viktigaste resurs, det beh\u00f6ver vi visa \u00e4ven i Read More"}

Arbetsmiljö &amp; kompetensförsörjning - Kristdemokraterna Leksand

<blockquote class="wp-embedded-content" data-secret="Vq3YyO7a3s"><a href="https://wp.kristdemokraterna.se/leksand/var-politik/politikomraden/arbetsgivare/">Arbetsmiljö &amp; kompetensförsörjning</a></blockquote><iframe sandbox="allow-scripts" security="restricted" src="https://wp.kristdemokraterna.se/leksand/var-politik/politikomraden/arbetsgivare/embed/#?secret=Vq3YyO7a3s" width="600" height="338" title="”Arbetsmiljö &amp; kompetensförsörjning” &ndash; Kristdemokraterna Leksand" data-secret="Vq3YyO7a3s" frameborder="0" marginwidth="0" marginheight="0" scrolling="no" class="wp-embedded-content"></iframe><script type="text/javascript">
/* <![CDATA[ */
/*! This file is auto-generated */
!function(d,l){"use strict";l.querySelector&&d.addEventListener&&"undefined"!=typeof URL&&(d.wp=d.wp||{},d.wp.receiveEmbedMessage||(d.wp.receiveEmbedMessage=function(e){var t=e.data;if((t||t.secret||t.message||t.value)&&!/[^a-zA-Z0-9]/.test(t.secret)){for(var s,r,n,a=l.querySelectorAll('iframe[data-secret="'+t.secret+'"]'),o=l.querySelectorAll('blockquote[data-secret="'+t.secret+'"]'),c=new RegExp("^https?:$","i"),i=0;i<o.length;i++)o[i].style.display="none";for(i=0;i<a.length;i++)s=a[i],e.source===s.contentWindow&&(s.removeAttribute("style"),"height"===t.message?(1e3<(r=parseInt(t.value,10))?r=1e3:~~r<200&&(r=200),s.height=r):"link"===t.message&&(r=new URL(s.getAttribute("src")),n=new URL(t.value),c.test(n.protocol))&&n.host===r.host&&l.activeElement===s&&(d.top.location.href=t.value))}},d.addEventListener("message",d.wp.receiveEmbedMessage,!1),l.addEventListener("DOMContentLoaded",function(){for(var e,t,s=l.querySelectorAll("iframe.wp-embedded-content"),r=0;r<s.length;r++)(t=(e=s[r]).getAttribute("data-secret"))||(t=Math.random().toString(36).substring(2,12),e.src+="#?secret="+t,e.setAttribute("data-secret",t)),e.contentWindow.postMessage({message:"ready",secret:t},"*")},!1)))}(window,document);
//# sourceURL=https://wp.kristdemokraterna.se/leksand/wp-includes/js/wp-embed.min.js
/* ]]> */
</script>

En av kommunsveriges allra största utmaningar är kompetensförsörjningen, inte minst inom skola, vård och omsorg. Därför behöver vi göra mer för att säkerställa en god arbetsmiljö och vara en attraktiv arbetsgivare. Personalfrågorna måste helt enkelt få större uppmärksamhet och prioritering i kommunens arbete. De kommunanställda är vår viktigaste resurs, det behöver vi visa även i Read More
