{"id":1007,"date":"2022-07-06T22:00:15","date_gmt":"2022-07-06T20:00:15","guid":{"rendered":"https:\/\/wp.kristdemokraterna.se\/leksand\/?page_id=1007"},"modified":"2022-07-06T22:00:15","modified_gmt":"2022-07-06T20:00:15","slug":"kultur","status":"publish","type":"page","link":"https:\/\/wp.kristdemokraterna.se\/leksand\/var-politik\/politikomraden\/kultur\/","title":{"rendered":"Kultur &amp; fritid"},"content":{"rendered":"<p>Ett rikt utbud av kultur, fritidsaktiviteter och friluftsliv bidrar till ett samh\u00e4lle d\u00e4r det \u00e4r gott att leva. Det har ocks\u00e5 stor betydelse f\u00f6r att skapa en attraktiv kommun. Kommunen ska inte prim\u00e4rt utf\u00f6ra verksamheten, utan ska samverka och st\u00f6dja civilsamh\u00e4llet och n\u00e4ringslivet. F\u00f6r oss \u00e4r civilsamh\u00e4llet en av samh\u00e4llets grundbultar \u2013 familjen, ideella organisationer, byalag, kooperativ, stiftelser, fackf\u00f6reningar, ekonomiska f\u00f6reningar och politiska partier. Det \u00e4r m\u00e4nniskors ideella engagemang som bygger upp ett samh\u00e4lle pr\u00e4glat av gemenskap, solidaritet och fram\u00e5tanda. Vi vill d\u00e4rf\u00f6r ge civilsamh\u00e4llet goda f\u00f6ruts\u00e4ttningar att forts\u00e4tta bygga v\u00e5rt Leksand.<\/p>\n<blockquote><p>Vision 2030 f\u00f6r Leksands kommun:<em> \u201cV\u00e5rt starka civilsamh\u00e4lle skapar merv\u00e4rden som ger b\u00e5de yngre och \u00e4ldre goda levnadsf\u00f6ruts\u00e4ttningar. Vi har ett rikt kulturliv som tillsammans med ett aktivt idrotts- och friluftsliv gynnar folkh\u00e4lsa, integration och sammanh\u00e5llning.\u201d<\/em><\/p><\/blockquote>\n<h4><strong>V\u00e5ra f\u00f6rslag:<\/strong><\/h4>\n<ul>\n<li>Verka f\u00f6r att civilsamh\u00e4llet \u00e4ven fortsatt ska ha den betydande rollen i att bedriva kultur- och fritidsverksamhet. Med civilsamh\u00e4llet menar vi exempelvis idrottsf\u00f6reningar, studief\u00f6rbund, scouterna, kyrkor, samfund och andra organisationer. Kommunen ska inte ta \u00f6ver f\u00f6reningars och enskilda m\u00e4nniskors ansvar eller uppgifter, utan ist\u00e4llet vara ett st\u00f6d.<\/li>\n<li>\u00d6ka det ekonomiska st\u00f6det till civilsamh\u00e4llet och g\u00f6r bidragssystemet mer r\u00e4ttvist. Det ska vara mer av grundst\u00f6d och mindre av detaljstyrning vid bidragsgivning. Vi anser att det ska finnas en rej\u00e4l pott p\u00e5 cirka fem miljoner kr som ideella f\u00f6reningar kan s\u00f6ka bidrag fr\u00e5n till sin verksamhet.<\/li>\n<li>Erbjud st\u00f6d till civilsamh\u00e4llet \u00e4ven genom kommunens administrativa resurser inom f\u00f6rvaltningen.<\/li>\n<li>Erbjud ideella organisationer och sociala f\u00f6retag m\u00f6jlighet att uppr\u00e4tta ett id\u00e9buret offentligt partnerskap (IOP) med kommunen. Genom ett s\u00e5dant avtal kan kommunen bidra med pengar, lokaler eller administrativa resurser till exempelvis volont\u00e4rer som st\u00f6ttar \u00e4ldreomsorgen genom sociala aktiviteter, l\u00e4xl\u00e4sning med barn eller aktiviteter f\u00f6r nyanl\u00e4nda.<\/li>\n<li>Erbjud f\u00f6reningar att sj\u00e4lva driva anl\u00e4ggningar d\u00e4r s\u00e5 \u00e4r m\u00f6jligt.<\/li>\n<li>S\u00e4kerst\u00e4ll st\u00f6d till samlingslokaler p\u00e5 landsbygden.<\/li>\n<li>Inf\u00f6r ett fritidskort till alla barn i \u00e5rskurs 2\u20139, laddat med ett ekonomiskt st\u00f6d f\u00f6r deltagaravgifter i f\u00f6reningslivet respektive kulturskolan.<\/li>\n<li>Verka f\u00f6r att det finns tillg\u00e4nglighetsanpassade lekplatser i alla kommundelar.<\/li>\n<li>Utred m\u00f6jligheterna att etablera hundrastg\u00e5rdar i flera delar av kommunen, g\u00e4rna i samarbete med f\u00f6reningslivet.<\/li>\n<li>F\u00e4rdigst\u00e4ll den nya v\u00e4gen till \u00c5hlbyn och upprusta \u00c5hlbybadet i Insj\u00f6n.<\/li>\n<li>Verka f\u00f6r tillg\u00e4nglighet till sj\u00f6 och vattendrag och att det \u00e4r m\u00f6jligt f\u00f6r f\u00f6reningar att s\u00f6ka bidrag f\u00f6r s\u00e5dana insatser.<\/li>\n<\/ul>\n","protected":false},"excerpt":{"rendered":"<p>Ett rikt utbud av kultur, fritidsaktiviteter och friluftsliv bidrar till ett samh\u00e4lle d\u00e4r det \u00e4r gott att leva. Det har ocks\u00e5 stor betydelse f\u00f6r att skapa en attraktiv kommun. Kommunen ska inte prim\u00e4rt utf\u00f6ra verksamheten, utan ska samverka och st\u00f6dja civilsamh\u00e4llet och n\u00e4ringslivet. F\u00f6r oss \u00e4r civilsamh\u00e4llet en av samh\u00e4llets grundbultar \u2013 familjen, ideella organisationer, <a class=\"read-more-link\" href=\"https:\/\/wp.kristdemokraterna.se\/leksand\/var-politik\/politikomraden\/kultur\/\">Read More<\/a><\/p>\n","protected":false},"author":958,"featured_media":0,"parent":807,"menu_order":7,"comment_status":"closed","ping_status":"closed","template":"","meta":{"_acf_changed":false,"footnotes":""},"class_list":["post-1007","page","type-page","status-publish","hentry"],"acf":[],"yoast_head":"<!-- This site is optimized with the Yoast SEO plugin v27.3 - https:\/\/yoast.com\/product\/yoast-seo-wordpress\/ -->\n<title>Kultur &amp; fritid - Kristdemokraterna Leksand<\/title>\n<meta name=\"robots\" content=\"index, follow, max-snippet:-1, max-image-preview:large, max-video-preview:-1\" \/>\n<link rel=\"canonical\" href=\"https:\/\/wp.kristdemokraterna.se\/leksand\/var-politik\/politikomraden\/kultur\/\" \/>\n<meta property=\"og:locale\" content=\"sv_SE\" \/>\n<meta property=\"og:type\" content=\"article\" \/>\n<meta property=\"og:title\" content=\"Kultur &amp; fritid - Kristdemokraterna Leksand\" \/>\n<meta property=\"og:description\" content=\"Ett rikt utbud av kultur, fritidsaktiviteter och friluftsliv bidrar till ett samh\u00e4lle d\u00e4r det \u00e4r gott att leva. Det har ocks\u00e5 stor betydelse f\u00f6r att skapa en attraktiv kommun. Kommunen ska inte prim\u00e4rt utf\u00f6ra verksamheten, utan ska samverka och st\u00f6dja civilsamh\u00e4llet och n\u00e4ringslivet. F\u00f6r oss \u00e4r civilsamh\u00e4llet en av samh\u00e4llets grundbultar \u2013 familjen, ideella organisationer, Read More\" \/>\n<meta property=\"og:url\" content=\"https:\/\/wp.kristdemokraterna.se\/leksand\/var-politik\/politikomraden\/kultur\/\" \/>\n<meta property=\"og:site_name\" content=\"Kristdemokraterna Leksand\" \/>\n<meta name=\"twitter:card\" content=\"summary_large_image\" \/>\n<meta name=\"twitter:label1\" content=\"Ber\u00e4knad l\u00e4stid\" \/>\n\t<meta name=\"twitter:data1\" content=\"2 minuter\" \/>\n<script type=\"application\/ld+json\" class=\"yoast-schema-graph\">{\"@context\":\"https:\\\/\\\/schema.org\",\"@graph\":[{\"@type\":\"WebPage\",\"@id\":\"https:\\\/\\\/wp.kristdemokraterna.se\\\/leksand\\\/var-politik\\\/politikomraden\\\/kultur\\\/\",\"url\":\"https:\\\/\\\/wp.kristdemokraterna.se\\\/leksand\\\/var-politik\\\/politikomraden\\\/kultur\\\/\",\"name\":\"Kultur &amp; fritid - Kristdemokraterna Leksand\",\"isPartOf\":{\"@id\":\"https:\\\/\\\/wp.kristdemokraterna.se\\\/leksand\\\/#website\"},\"datePublished\":\"2022-07-06T20:00:15+00:00\",\"breadcrumb\":{\"@id\":\"https:\\\/\\\/wp.kristdemokraterna.se\\\/leksand\\\/var-politik\\\/politikomraden\\\/kultur\\\/#breadcrumb\"},\"inLanguage\":\"sv-SE\",\"potentialAction\":[{\"@type\":\"ReadAction\",\"target\":[\"https:\\\/\\\/wp.kristdemokraterna.se\\\/leksand\\\/var-politik\\\/politikomraden\\\/kultur\\\/\"]}]},{\"@type\":\"BreadcrumbList\",\"@id\":\"https:\\\/\\\/wp.kristdemokraterna.se\\\/leksand\\\/var-politik\\\/politikomraden\\\/kultur\\\/#breadcrumb\",\"itemListElement\":[{\"@type\":\"ListItem\",\"position\":1,\"name\":\"Hem\",\"item\":\"https:\\\/\\\/wp.kristdemokraterna.se\\\/leksand\\\/\"},{\"@type\":\"ListItem\",\"position\":2,\"name\":\"V\u00e5r politik\",\"item\":\"https:\\\/\\\/wp.kristdemokraterna.se\\\/leksand\\\/var-politik\\\/\"},{\"@type\":\"ListItem\",\"position\":3,\"name\":\"Politikomr\u00e5den\",\"item\":\"https:\\\/\\\/wp.kristdemokraterna.se\\\/leksand\\\/var-politik\\\/politikomraden\\\/\"},{\"@type\":\"ListItem\",\"position\":4,\"name\":\"Kultur &amp; fritid\"}]},{\"@type\":\"WebSite\",\"@id\":\"https:\\\/\\\/wp.kristdemokraterna.se\\\/leksand\\\/#website\",\"url\":\"https:\\\/\\\/wp.kristdemokraterna.se\\\/leksand\\\/\",\"name\":\"Kristdemokraterna Leksand\",\"description\":\"Kristdemokratiska lokalavdelningen i Leksand\",\"inLanguage\":\"sv-SE\"}]}<\/script>\n<!-- \/ Yoast SEO plugin. -->","yoast_head_json":{"title":"Kultur &amp; fritid - Kristdemokraterna Leksand","robots":{"index":"index","follow":"follow","max-snippet":"max-snippet:-1","max-image-preview":"max-image-preview:large","max-video-preview":"max-video-preview:-1"},"canonical":"https:\/\/wp.kristdemokraterna.se\/leksand\/var-politik\/politikomraden\/kultur\/","og_locale":"sv_SE","og_type":"article","og_title":"Kultur &amp; fritid - Kristdemokraterna Leksand","og_description":"Ett rikt utbud av kultur, fritidsaktiviteter och friluftsliv bidrar till ett samh\u00e4lle d\u00e4r det \u00e4r gott att leva. Det har ocks\u00e5 stor betydelse f\u00f6r att skapa en attraktiv kommun. Kommunen ska inte prim\u00e4rt utf\u00f6ra verksamheten, utan ska samverka och st\u00f6dja civilsamh\u00e4llet och n\u00e4ringslivet. F\u00f6r oss \u00e4r civilsamh\u00e4llet en av samh\u00e4llets grundbultar \u2013 familjen, ideella organisationer, Read More","og_url":"https:\/\/wp.kristdemokraterna.se\/leksand\/var-politik\/politikomraden\/kultur\/","og_site_name":"Kristdemokraterna Leksand","twitter_card":"summary_large_image","twitter_misc":{"Ber\u00e4knad l\u00e4stid":"2 minuter"},"schema":{"@context":"https:\/\/schema.org","@graph":[{"@type":"WebPage","@id":"https:\/\/wp.kristdemokraterna.se\/leksand\/var-politik\/politikomraden\/kultur\/","url":"https:\/\/wp.kristdemokraterna.se\/leksand\/var-politik\/politikomraden\/kultur\/","name":"Kultur &amp; fritid - Kristdemokraterna Leksand","isPartOf":{"@id":"https:\/\/wp.kristdemokraterna.se\/leksand\/#website"},"datePublished":"2022-07-06T20:00:15+00:00","breadcrumb":{"@id":"https:\/\/wp.kristdemokraterna.se\/leksand\/var-politik\/politikomraden\/kultur\/#breadcrumb"},"inLanguage":"sv-SE","potentialAction":[{"@type":"ReadAction","target":["https:\/\/wp.kristdemokraterna.se\/leksand\/var-politik\/politikomraden\/kultur\/"]}]},{"@type":"BreadcrumbList","@id":"https:\/\/wp.kristdemokraterna.se\/leksand\/var-politik\/politikomraden\/kultur\/#breadcrumb","itemListElement":[{"@type":"ListItem","position":1,"name":"Hem","item":"https:\/\/wp.kristdemokraterna.se\/leksand\/"},{"@type":"ListItem","position":2,"name":"V\u00e5r politik","item":"https:\/\/wp.kristdemokraterna.se\/leksand\/var-politik\/"},{"@type":"ListItem","position":3,"name":"Politikomr\u00e5den","item":"https:\/\/wp.kristdemokraterna.se\/leksand\/var-politik\/politikomraden\/"},{"@type":"ListItem","position":4,"name":"Kultur &amp; fritid"}]},{"@type":"WebSite","@id":"https:\/\/wp.kristdemokraterna.se\/leksand\/#website","url":"https:\/\/wp.kristdemokraterna.se\/leksand\/","name":"Kristdemokraterna Leksand","description":"Kristdemokratiska lokalavdelningen i Leksand","inLanguage":"sv-SE"}]}},"_links":{"self":[{"href":"https:\/\/wp.kristdemokraterna.se\/leksand\/wp-json\/wp\/v2\/pages\/1007","targetHints":{"allow":["GET"]}}],"collection":[{"href":"https:\/\/wp.kristdemokraterna.se\/leksand\/wp-json\/wp\/v2\/pages"}],"about":[{"href":"https:\/\/wp.kristdemokraterna.se\/leksand\/wp-json\/wp\/v2\/types\/page"}],"author":[{"embeddable":true,"href":"https:\/\/wp.kristdemokraterna.se\/leksand\/wp-json\/wp\/v2\/users\/958"}],"replies":[{"embeddable":true,"href":"https:\/\/wp.kristdemokraterna.se\/leksand\/wp-json\/wp\/v2\/comments?post=1007"}],"version-history":[{"count":2,"href":"https:\/\/wp.kristdemokraterna.se\/leksand\/wp-json\/wp\/v2\/pages\/1007\/revisions"}],"predecessor-version":[{"id":1026,"href":"https:\/\/wp.kristdemokraterna.se\/leksand\/wp-json\/wp\/v2\/pages\/1007\/revisions\/1026"}],"up":[{"embeddable":true,"href":"https:\/\/wp.kristdemokraterna.se\/leksand\/wp-json\/wp\/v2\/pages\/807"}],"wp:attachment":[{"href":"https:\/\/wp.kristdemokraterna.se\/leksand\/wp-json\/wp\/v2\/media?parent=1007"}],"curies":[{"name":"wp","href":"https:\/\/api.w.org\/{rel}","templated":true}]}}