{"id":1030,"date":"2022-07-06T22:11:22","date_gmt":"2022-07-06T20:11:22","guid":{"rendered":"https:\/\/wp.kristdemokraterna.se\/leksand\/?page_id=1030"},"modified":"2022-08-26T18:36:29","modified_gmt":"2022-08-26T16:36:29","slug":"psykisk-halsa","status":"publish","type":"page","link":"https:\/\/wp.kristdemokraterna.se\/leksand\/var-politik\/vara-viktigaste-fragor\/psykisk-halsa\/","title":{"rendered":"Ungas psykiska h\u00e4lsa"},"content":{"rendered":"<p>Vi beh\u00f6ver ta tag i den psykiska oh\u00e4lsan som forts\u00e4tter att \u00f6ka bland unga. Insatser kr\u00e4vs nu. D\u00e4rf\u00f6r f\u00f6resl\u00e5r vi f\u00f6ljande:<\/p>\n<p><strong>\u2713 Mer resurser till elevh\u00e4lsan, familjecentralen och ungdomsmottagningen<\/strong><br \/>\nForts\u00e4tt prioritera familjecentralen, ungdomsmottagningen och elevh\u00e4lsov\u00e5rden. Dessa institutioner, liksom det civila samh\u00e4llet, spelar en viktig roll f\u00f6r att ge st\u00f6d till barn och unga och deras familjer.<\/p>\n<p><strong>\u2713 Max 300 elever per skolkurator och 350 elever per skolsk\u00f6terska<br \/>\n<\/strong>Satsa rej\u00e4lt p\u00e5 elevh\u00e4lsan och inf\u00f6r ett tak p\u00e5 max 300 elever per kurator och max 350 elever per skolsk\u00f6terska. Det \u00e4r viktigt att varje elev ska kunna n\u00e5 och f\u00e5 adekvat hj\u00e4lp fr\u00e5n elevh\u00e4lsan.<\/p>\n<p><strong>\u2713 Mer fysisk aktivitet i grundskolan<br \/>\n<\/strong>Inf\u00f6r mer fysisk aktivitet i den kommunala grundskolan. Organiserad fysisk aktivitet ska f\u00f6rekomma varje dag dels genom planerade lektioner och aktiviteter, dels genom skolg\u00e5rdar som uppmuntrar till r\u00f6relse.<\/p>\n<p><strong>\u2713 Minst tv\u00e5 permanenta f\u00e4ltassistenter<br \/>\n<\/strong>Permanenta minst tv\u00e5 tj\u00e4nster som f\u00e4ltassistent. Vi inser v\u00e4rdet i det f\u00f6rebyggande arbete som f\u00e4ltassistenterna g\u00f6r f\u00f6r v\u00e5ra h\u00f6gstadie- och gymnasieelever och ser ett fortsatt behov.<\/p>\n<p><strong>\u2713 Fritidskort till skolbarn<br \/>\n<\/strong>Inf\u00f6r ett fritidskort f\u00f6r barn i \u00e5rskurs 2\u20139, laddat med ett ekonomiskt st\u00f6d f\u00f6r deltagaravgifter i ledarledda aktiviteter i f\u00f6reningslivet, samt kulturskolan. St\u00f6dets storlek ska variera utifr\u00e5n hush\u00e5llets ekonomi, vilket inneb\u00e4r att barn i ekonomisk utsatthet f\u00e5r ett st\u00f6rre st\u00f6d \u00e4n andra barn. Alla barn ska f\u00e5 goda m\u00f6jligheter att delta i idrott eller annan f\u00f6reningsverksamhet.<\/p>\n<p><strong>\u2713 \u00d6kat st\u00f6d till civilsamh\u00e4llet<br \/>\n<\/strong>\u00d6ka det ekonomiska st\u00f6det till civilsamh\u00e4llet och g\u00f6r bidragssystemet mer r\u00e4ttvist. Det ska vara mer av grundst\u00f6d och mindre av detaljstyrning vid bidragsgivning. Vi anser att det ska finnas en rej\u00e4l pott p\u00e5 cirka fem miljoner kr som ideella f\u00f6reningar kan s\u00f6ka bidrag fr\u00e5n till sin verksamhet.<\/p>\n<p>I filmen nedan presenterar Carin Malm, v\u00e5rt f\u00f6rstanamn i Leksand, konkreta f\u00f6rslag f\u00f6r att bek\u00e4mpa den psykiska oh\u00e4lsan bland barn och unga.<\/p>\n<div style=\"width: 1920px;\" class=\"wp-video\"><video class=\"wp-video-shortcode\" id=\"video-1030-1\" width=\"1920\" height=\"1080\" preload=\"auto\" controls=\"controls\"><source type=\"video\/mp4\" src=\"http:\/\/wp.kristdemokraterna.se\/leksand\/files\/2022\/08\/kd-leksand_film-1-story_final.mp4?_=1\" \/><a href=\"http:\/\/wp.kristdemokraterna.se\/leksand\/files\/2022\/08\/kd-leksand_film-1-story_final.mp4\">http:\/\/wp.kristdemokraterna.se\/leksand\/files\/2022\/08\/kd-leksand_film-1-story_final.mp4<\/a><\/video><\/div>\n","protected":false},"excerpt":{"rendered":"<p>Vi beh\u00f6ver ta tag i den psykiska oh\u00e4lsan som forts\u00e4tter att \u00f6ka bland unga. Insatser kr\u00e4vs nu. D\u00e4rf\u00f6r f\u00f6resl\u00e5r vi f\u00f6ljande: \u2713 Mer resurser till elevh\u00e4lsan, familjecentralen och ungdomsmottagningen Forts\u00e4tt prioritera familjecentralen, ungdomsmottagningen och elevh\u00e4lsov\u00e5rden. Dessa institutioner, liksom det civila samh\u00e4llet, spelar en viktig roll f\u00f6r att ge st\u00f6d till barn och unga och deras <a class=\"read-more-link\" href=\"https:\/\/wp.kristdemokraterna.se\/leksand\/var-politik\/vara-viktigaste-fragor\/psykisk-halsa\/\">Read More<\/a><\/p>\n","protected":false},"author":958,"featured_media":0,"parent":1014,"menu_order":1,"comment_status":"closed","ping_status":"closed","template":"","meta":{"_acf_changed":false,"footnotes":""},"class_list":["post-1030","page","type-page","status-publish","hentry"],"acf":[],"yoast_head":"<!-- This site is optimized with the Yoast SEO plugin v27.4 - https:\/\/yoast.com\/product\/yoast-seo-wordpress\/ -->\n<title>Ungas psykiska h\u00e4lsa - Kristdemokraterna Leksand<\/title>\n<meta name=\"robots\" content=\"index, follow, max-snippet:-1, max-image-preview:large, max-video-preview:-1\" \/>\n<link rel=\"canonical\" href=\"https:\/\/wp.kristdemokraterna.se\/leksand\/var-politik\/vara-viktigaste-fragor\/psykisk-halsa\/\" \/>\n<meta property=\"og:locale\" content=\"sv_SE\" \/>\n<meta property=\"og:type\" content=\"article\" \/>\n<meta property=\"og:title\" content=\"Ungas psykiska h\u00e4lsa - Kristdemokraterna Leksand\" \/>\n<meta property=\"og:description\" content=\"Vi beh\u00f6ver ta tag i den psykiska oh\u00e4lsan som forts\u00e4tter att \u00f6ka bland unga. Insatser kr\u00e4vs nu. D\u00e4rf\u00f6r f\u00f6resl\u00e5r vi f\u00f6ljande: \u2713 Mer resurser till elevh\u00e4lsan, familjecentralen och ungdomsmottagningen Forts\u00e4tt prioritera familjecentralen, ungdomsmottagningen och elevh\u00e4lsov\u00e5rden. Dessa institutioner, liksom det civila samh\u00e4llet, spelar en viktig roll f\u00f6r att ge st\u00f6d till barn och unga och deras Read More\" \/>\n<meta property=\"og:url\" content=\"https:\/\/wp.kristdemokraterna.se\/leksand\/var-politik\/vara-viktigaste-fragor\/psykisk-halsa\/\" \/>\n<meta property=\"og:site_name\" content=\"Kristdemokraterna Leksand\" \/>\n<meta property=\"article:modified_time\" content=\"2022-08-26T16:36:29+00:00\" \/>\n<meta name=\"twitter:card\" content=\"summary_large_image\" \/>\n<meta name=\"twitter:label1\" content=\"Ber\u00e4knad l\u00e4stid\" \/>\n\t<meta name=\"twitter:data1\" content=\"2 minuter\" \/>\n<script type=\"application\/ld+json\" class=\"yoast-schema-graph\">{\"@context\":\"https:\\\/\\\/schema.org\",\"@graph\":[{\"@type\":\"WebPage\",\"@id\":\"https:\\\/\\\/wp.kristdemokraterna.se\\\/leksand\\\/var-politik\\\/vara-viktigaste-fragor\\\/psykisk-halsa\\\/\",\"url\":\"https:\\\/\\\/wp.kristdemokraterna.se\\\/leksand\\\/var-politik\\\/vara-viktigaste-fragor\\\/psykisk-halsa\\\/\",\"name\":\"Ungas psykiska h\u00e4lsa - Kristdemokraterna Leksand\",\"isPartOf\":{\"@id\":\"https:\\\/\\\/wp.kristdemokraterna.se\\\/leksand\\\/#website\"},\"datePublished\":\"2022-07-06T20:11:22+00:00\",\"dateModified\":\"2022-08-26T16:36:29+00:00\",\"breadcrumb\":{\"@id\":\"https:\\\/\\\/wp.kristdemokraterna.se\\\/leksand\\\/var-politik\\\/vara-viktigaste-fragor\\\/psykisk-halsa\\\/#breadcrumb\"},\"inLanguage\":\"sv-SE\",\"potentialAction\":[{\"@type\":\"ReadAction\",\"target\":[\"https:\\\/\\\/wp.kristdemokraterna.se\\\/leksand\\\/var-politik\\\/vara-viktigaste-fragor\\\/psykisk-halsa\\\/\"]}]},{\"@type\":\"BreadcrumbList\",\"@id\":\"https:\\\/\\\/wp.kristdemokraterna.se\\\/leksand\\\/var-politik\\\/vara-viktigaste-fragor\\\/psykisk-halsa\\\/#breadcrumb\",\"itemListElement\":[{\"@type\":\"ListItem\",\"position\":1,\"name\":\"Hem\",\"item\":\"https:\\\/\\\/wp.kristdemokraterna.se\\\/leksand\\\/\"},{\"@type\":\"ListItem\",\"position\":2,\"name\":\"V\u00e5r politik\",\"item\":\"https:\\\/\\\/wp.kristdemokraterna.se\\\/leksand\\\/var-politik\\\/\"},{\"@type\":\"ListItem\",\"position\":3,\"name\":\"V\u00e5ra viktigaste fr\u00e5gor\",\"item\":\"https:\\\/\\\/wp.kristdemokraterna.se\\\/leksand\\\/var-politik\\\/vara-viktigaste-fragor\\\/\"},{\"@type\":\"ListItem\",\"position\":4,\"name\":\"Ungas psykiska h\u00e4lsa\"}]},{\"@type\":\"WebSite\",\"@id\":\"https:\\\/\\\/wp.kristdemokraterna.se\\\/leksand\\\/#website\",\"url\":\"https:\\\/\\\/wp.kristdemokraterna.se\\\/leksand\\\/\",\"name\":\"Kristdemokraterna Leksand\",\"description\":\"Kristdemokratiska lokalavdelningen i Leksand\",\"inLanguage\":\"sv-SE\"}]}<\/script>\n<!-- \/ Yoast SEO plugin. -->","yoast_head_json":{"title":"Ungas psykiska h\u00e4lsa - Kristdemokraterna Leksand","robots":{"index":"index","follow":"follow","max-snippet":"max-snippet:-1","max-image-preview":"max-image-preview:large","max-video-preview":"max-video-preview:-1"},"canonical":"https:\/\/wp.kristdemokraterna.se\/leksand\/var-politik\/vara-viktigaste-fragor\/psykisk-halsa\/","og_locale":"sv_SE","og_type":"article","og_title":"Ungas psykiska h\u00e4lsa - Kristdemokraterna Leksand","og_description":"Vi beh\u00f6ver ta tag i den psykiska oh\u00e4lsan som forts\u00e4tter att \u00f6ka bland unga. Insatser kr\u00e4vs nu. D\u00e4rf\u00f6r f\u00f6resl\u00e5r vi f\u00f6ljande: \u2713 Mer resurser till elevh\u00e4lsan, familjecentralen och ungdomsmottagningen Forts\u00e4tt prioritera familjecentralen, ungdomsmottagningen och elevh\u00e4lsov\u00e5rden. Dessa institutioner, liksom det civila samh\u00e4llet, spelar en viktig roll f\u00f6r att ge st\u00f6d till barn och unga och deras Read More","og_url":"https:\/\/wp.kristdemokraterna.se\/leksand\/var-politik\/vara-viktigaste-fragor\/psykisk-halsa\/","og_site_name":"Kristdemokraterna Leksand","article_modified_time":"2022-08-26T16:36:29+00:00","twitter_card":"summary_large_image","twitter_misc":{"Ber\u00e4knad l\u00e4stid":"2 minuter"},"schema":{"@context":"https:\/\/schema.org","@graph":[{"@type":"WebPage","@id":"https:\/\/wp.kristdemokraterna.se\/leksand\/var-politik\/vara-viktigaste-fragor\/psykisk-halsa\/","url":"https:\/\/wp.kristdemokraterna.se\/leksand\/var-politik\/vara-viktigaste-fragor\/psykisk-halsa\/","name":"Ungas psykiska h\u00e4lsa - Kristdemokraterna Leksand","isPartOf":{"@id":"https:\/\/wp.kristdemokraterna.se\/leksand\/#website"},"datePublished":"2022-07-06T20:11:22+00:00","dateModified":"2022-08-26T16:36:29+00:00","breadcrumb":{"@id":"https:\/\/wp.kristdemokraterna.se\/leksand\/var-politik\/vara-viktigaste-fragor\/psykisk-halsa\/#breadcrumb"},"inLanguage":"sv-SE","potentialAction":[{"@type":"ReadAction","target":["https:\/\/wp.kristdemokraterna.se\/leksand\/var-politik\/vara-viktigaste-fragor\/psykisk-halsa\/"]}]},{"@type":"BreadcrumbList","@id":"https:\/\/wp.kristdemokraterna.se\/leksand\/var-politik\/vara-viktigaste-fragor\/psykisk-halsa\/#breadcrumb","itemListElement":[{"@type":"ListItem","position":1,"name":"Hem","item":"https:\/\/wp.kristdemokraterna.se\/leksand\/"},{"@type":"ListItem","position":2,"name":"V\u00e5r politik","item":"https:\/\/wp.kristdemokraterna.se\/leksand\/var-politik\/"},{"@type":"ListItem","position":3,"name":"V\u00e5ra viktigaste fr\u00e5gor","item":"https:\/\/wp.kristdemokraterna.se\/leksand\/var-politik\/vara-viktigaste-fragor\/"},{"@type":"ListItem","position":4,"name":"Ungas psykiska h\u00e4lsa"}]},{"@type":"WebSite","@id":"https:\/\/wp.kristdemokraterna.se\/leksand\/#website","url":"https:\/\/wp.kristdemokraterna.se\/leksand\/","name":"Kristdemokraterna Leksand","description":"Kristdemokratiska lokalavdelningen i Leksand","inLanguage":"sv-SE"}]}},"_links":{"self":[{"href":"https:\/\/wp.kristdemokraterna.se\/leksand\/wp-json\/wp\/v2\/pages\/1030","targetHints":{"allow":["GET"]}}],"collection":[{"href":"https:\/\/wp.kristdemokraterna.se\/leksand\/wp-json\/wp\/v2\/pages"}],"about":[{"href":"https:\/\/wp.kristdemokraterna.se\/leksand\/wp-json\/wp\/v2\/types\/page"}],"author":[{"embeddable":true,"href":"https:\/\/wp.kristdemokraterna.se\/leksand\/wp-json\/wp\/v2\/users\/958"}],"replies":[{"embeddable":true,"href":"https:\/\/wp.kristdemokraterna.se\/leksand\/wp-json\/wp\/v2\/comments?post=1030"}],"version-history":[{"count":5,"href":"https:\/\/wp.kristdemokraterna.se\/leksand\/wp-json\/wp\/v2\/pages\/1030\/revisions"}],"predecessor-version":[{"id":1131,"href":"https:\/\/wp.kristdemokraterna.se\/leksand\/wp-json\/wp\/v2\/pages\/1030\/revisions\/1131"}],"up":[{"embeddable":true,"href":"https:\/\/wp.kristdemokraterna.se\/leksand\/wp-json\/wp\/v2\/pages\/1014"}],"wp:attachment":[{"href":"https:\/\/wp.kristdemokraterna.se\/leksand\/wp-json\/wp\/v2\/media?parent=1030"}],"curies":[{"name":"wp","href":"https:\/\/api.w.org\/{rel}","templated":true}]}}