{"id":1192,"date":"2023-05-17T14:22:52","date_gmt":"2023-05-17T12:22:52","guid":{"rendered":"https:\/\/wp.kristdemokraterna.se\/leksand\/?page_id=1192"},"modified":"2023-05-17T14:22:52","modified_gmt":"2023-05-17T12:22:52","slug":"motion-om-formanscyklar","status":"publish","type":"page","link":"https:\/\/wp.kristdemokraterna.se\/leksand\/var-politik\/motioner\/motion-om-formanscyklar\/","title":{"rendered":"Motion om f\u00f6rm\u00e5nscyklar"},"content":{"rendered":"<p><em><span style=\"font-weight: 400\">Vi yrkar att Kommunfullm\u00e4ktige beslutar:<br \/>\n<\/span><\/em><em><span style=\"font-weight: 400\"><b>Att <\/b>Leksands kommun inf\u00f6r m\u00f6jligheten att erbjuda sina anst\u00e4llda s.k. f\u00f6rm\u00e5nscyklar.<\/span><\/em><\/p>\n<p><span style=\"font-weight: 400\">Vad \u00e4r en f\u00f6rm\u00e5nscykel? Det finns lite olika uppl\u00e4gg, men en enkel beskrivning \u00e4r att det \u00e4r cykel\/cyklar som ett f\u00f6retag k\u00f6per eller leasar och som anst\u00e4llda i f\u00f6retaget kan anv\u00e4nda i tj\u00e4nsten eller privat. Finansieringen f\u00f6r den anst\u00e4llde sker genom ett s\u00e5 kallat bruttol\u00f6neavdrag p\u00e5 ett framr\u00e4knat f\u00f6rm\u00e5nsv\u00e4rde. F\u00f6r den anst\u00e4llde inneb\u00e4r det i genomsnitt en besparing mellan 20-40 procent j\u00e4mf\u00f6rt med ett privat k\u00f6p. F\u00f6r kommunen \u00e4r det helt kostnadsneutralt d\u00e5 den anst\u00e4llde betalar allt genom bruttol\u00f6neavdraget. Regeringen har dessutom inf\u00f6rt subventioner p\u00e5 f\u00f6rm\u00e5nscyklar med start fr\u00e5n den 1 januari 2022. Subventionen \u00e4r upp till 3000 kr per \u00e5r, eller upp till 250 kr per m\u00e5nad.<\/span><\/p>\n<p><span style=\"font-weight: 400\">Vi vet nog egentligen alla varf\u00f6r det \u00e4r bra att cykla, men t\u00e4nker \u00e4nd\u00e5 ta chansen att kortfattat lyfta n\u00e5gra perspektiv. Cykling gynnar folkh\u00e4lsan! Det finns v\u00e4ldigt mycket forskning som med all \u00f6nskv\u00e4rd tydlighet visar att den som cyklar regelbundet f\u00e5r<\/span><\/p>\n<ul>\n<li style=\"font-weight: 400\"><span style=\"font-weight: 400\">\u00d6kad prestationsf\u00f6rm\u00e5ga<\/span><\/li>\n<li style=\"font-weight: 400\"><span style=\"font-weight: 400\">B\u00e4ttre s\u00f6mn<\/span><\/li>\n<li style=\"font-weight: 400\"><span style=\"font-weight: 400\">\u00d6kad koncentrationsf\u00f6rm\u00e5ga<\/span><\/li>\n<li style=\"font-weight: 400\"><span style=\"font-weight: 400\">Minskad sjukfr\u00e5nvaro<\/span><\/li>\n<li style=\"font-weight: 400\"><span style=\"font-weight: 400\">\u00d6kad livsl\u00e4ngd<\/span><\/li>\n<li style=\"font-weight: 400\"><span style=\"font-weight: 400\">Minskning av hj\u00e4rt- och k\u00e4rlsjukdomar<\/span><\/li>\n<\/ul>\n<p><span style=\"font-weight: 400\">Ut\u00f6ver att regelbundet cyklande ger en rad h\u00e4lsoeffekter s\u00e5 \u00e4r det ytterligare ett s\u00e4tt att visa att vi som kommun bryr oss om v\u00e5ra anst\u00e4llda och att vi vill vara en attraktiv arbetsgivare. En b\u00e4ttre h\u00e4lsa och minskad sjukfr\u00e5nvaro \u00e4r ocks\u00e5 en ekonomiskt god aff\u00e4r f\u00f6r s\u00e5v\u00e4l den anst\u00e4llde som f\u00f6r arbetsgivaren. Vi tycker det \u00e4r fullt rimligt att Leksands kommun agerar f\u00f6rebilder f\u00f6r en mer h\u00e4lsosam livsstil som bidrar till h\u00e5llbar utveckling och milj\u00f6smarta val.<\/span><\/p>\n<p><span style=\"font-weight: 400\">Till detta ska l\u00e4ggas att cykling \u00e4r v\u00e4ldigt bra f\u00f6r milj\u00f6n och klimatet, och i t\u00e4torter ofta ett minst lika smidigt s\u00e4tt att ta sig fram som i en bil. En f\u00f6rm\u00e5nscykel \u00e4r allts\u00e5 ett bra och f\u00f6rm\u00e5nligt s\u00e4tt att finansiera ett milj\u00f6v\u00e4nligt och h\u00e4lsofr\u00e4mjande transportmedel.<\/span><\/p>\n<p><a href=\"http:\/\/wp.kristdemokraterna.se\/leksand\/files\/2023\/05\/motion-om-s.k.-fo\u0308rmanscyklar.pdf\">Motion om s.k. fo\u0308rma\u030anscyklar<\/a><\/p>\n","protected":false},"excerpt":{"rendered":"<p>Vi yrkar att Kommunfullm\u00e4ktige beslutar: Att Leksands kommun inf\u00f6r m\u00f6jligheten att erbjuda sina anst\u00e4llda s.k. f\u00f6rm\u00e5nscyklar. Vad \u00e4r en f\u00f6rm\u00e5nscykel? Det finns lite olika uppl\u00e4gg, men en enkel beskrivning \u00e4r att det \u00e4r cykel\/cyklar som ett f\u00f6retag k\u00f6per eller leasar och som anst\u00e4llda i f\u00f6retaget kan anv\u00e4nda i tj\u00e4nsten eller privat. Finansieringen f\u00f6r den anst\u00e4llde <a class=\"read-more-link\" href=\"https:\/\/wp.kristdemokraterna.se\/leksand\/var-politik\/motioner\/motion-om-formanscyklar\/\">Read More<\/a><\/p>\n","protected":false},"author":958,"featured_media":0,"parent":1144,"menu_order":0,"comment_status":"closed","ping_status":"closed","template":"","meta":{"_acf_changed":false,"footnotes":""},"class_list":["post-1192","page","type-page","status-publish","hentry"],"acf":[],"yoast_head":"<!-- This site is optimized with the Yoast SEO plugin v27.3 - https:\/\/yoast.com\/product\/yoast-seo-wordpress\/ -->\n<title>Motion om f\u00f6rm\u00e5nscyklar - Kristdemokraterna Leksand<\/title>\n<meta name=\"robots\" content=\"index, follow, max-snippet:-1, max-image-preview:large, max-video-preview:-1\" \/>\n<link rel=\"canonical\" href=\"https:\/\/wp.kristdemokraterna.se\/leksand\/var-politik\/motioner\/motion-om-formanscyklar\/\" \/>\n<meta property=\"og:locale\" content=\"sv_SE\" \/>\n<meta property=\"og:type\" content=\"article\" \/>\n<meta property=\"og:title\" content=\"Motion om f\u00f6rm\u00e5nscyklar - Kristdemokraterna Leksand\" \/>\n<meta property=\"og:description\" content=\"Vi yrkar att Kommunfullm\u00e4ktige beslutar: Att Leksands kommun inf\u00f6r m\u00f6jligheten att erbjuda sina anst\u00e4llda s.k. f\u00f6rm\u00e5nscyklar. Vad \u00e4r en f\u00f6rm\u00e5nscykel? Det finns lite olika uppl\u00e4gg, men en enkel beskrivning \u00e4r att det \u00e4r cykel\/cyklar som ett f\u00f6retag k\u00f6per eller leasar och som anst\u00e4llda i f\u00f6retaget kan anv\u00e4nda i tj\u00e4nsten eller privat. Finansieringen f\u00f6r den anst\u00e4llde Read More\" \/>\n<meta property=\"og:url\" content=\"https:\/\/wp.kristdemokraterna.se\/leksand\/var-politik\/motioner\/motion-om-formanscyklar\/\" \/>\n<meta property=\"og:site_name\" content=\"Kristdemokraterna Leksand\" \/>\n<meta name=\"twitter:card\" content=\"summary_large_image\" \/>\n<meta name=\"twitter:label1\" content=\"Ber\u00e4knad l\u00e4stid\" \/>\n\t<meta name=\"twitter:data1\" content=\"2 minuter\" \/>\n<script type=\"application\/ld+json\" class=\"yoast-schema-graph\">{\"@context\":\"https:\\\/\\\/schema.org\",\"@graph\":[{\"@type\":\"WebPage\",\"@id\":\"https:\\\/\\\/wp.kristdemokraterna.se\\\/leksand\\\/var-politik\\\/motioner\\\/motion-om-formanscyklar\\\/\",\"url\":\"https:\\\/\\\/wp.kristdemokraterna.se\\\/leksand\\\/var-politik\\\/motioner\\\/motion-om-formanscyklar\\\/\",\"name\":\"Motion om f\u00f6rm\u00e5nscyklar - Kristdemokraterna Leksand\",\"isPartOf\":{\"@id\":\"https:\\\/\\\/wp.kristdemokraterna.se\\\/leksand\\\/#website\"},\"datePublished\":\"2023-05-17T12:22:52+00:00\",\"breadcrumb\":{\"@id\":\"https:\\\/\\\/wp.kristdemokraterna.se\\\/leksand\\\/var-politik\\\/motioner\\\/motion-om-formanscyklar\\\/#breadcrumb\"},\"inLanguage\":\"sv-SE\",\"potentialAction\":[{\"@type\":\"ReadAction\",\"target\":[\"https:\\\/\\\/wp.kristdemokraterna.se\\\/leksand\\\/var-politik\\\/motioner\\\/motion-om-formanscyklar\\\/\"]}]},{\"@type\":\"BreadcrumbList\",\"@id\":\"https:\\\/\\\/wp.kristdemokraterna.se\\\/leksand\\\/var-politik\\\/motioner\\\/motion-om-formanscyklar\\\/#breadcrumb\",\"itemListElement\":[{\"@type\":\"ListItem\",\"position\":1,\"name\":\"Hem\",\"item\":\"https:\\\/\\\/wp.kristdemokraterna.se\\\/leksand\\\/\"},{\"@type\":\"ListItem\",\"position\":2,\"name\":\"V\u00e5r politik\",\"item\":\"https:\\\/\\\/wp.kristdemokraterna.se\\\/leksand\\\/var-politik\\\/\"},{\"@type\":\"ListItem\",\"position\":3,\"name\":\"Motioner och \u00f6vrigt\",\"item\":\"https:\\\/\\\/wp.kristdemokraterna.se\\\/leksand\\\/var-politik\\\/motioner\\\/\"},{\"@type\":\"ListItem\",\"position\":4,\"name\":\"Motion om f\u00f6rm\u00e5nscyklar\"}]},{\"@type\":\"WebSite\",\"@id\":\"https:\\\/\\\/wp.kristdemokraterna.se\\\/leksand\\\/#website\",\"url\":\"https:\\\/\\\/wp.kristdemokraterna.se\\\/leksand\\\/\",\"name\":\"Kristdemokraterna Leksand\",\"description\":\"Kristdemokratiska lokalavdelningen i Leksand\",\"inLanguage\":\"sv-SE\"}]}<\/script>\n<!-- \/ Yoast SEO plugin. -->","yoast_head_json":{"title":"Motion om f\u00f6rm\u00e5nscyklar - Kristdemokraterna Leksand","robots":{"index":"index","follow":"follow","max-snippet":"max-snippet:-1","max-image-preview":"max-image-preview:large","max-video-preview":"max-video-preview:-1"},"canonical":"https:\/\/wp.kristdemokraterna.se\/leksand\/var-politik\/motioner\/motion-om-formanscyklar\/","og_locale":"sv_SE","og_type":"article","og_title":"Motion om f\u00f6rm\u00e5nscyklar - Kristdemokraterna Leksand","og_description":"Vi yrkar att Kommunfullm\u00e4ktige beslutar: Att Leksands kommun inf\u00f6r m\u00f6jligheten att erbjuda sina anst\u00e4llda s.k. f\u00f6rm\u00e5nscyklar. Vad \u00e4r en f\u00f6rm\u00e5nscykel? Det finns lite olika uppl\u00e4gg, men en enkel beskrivning \u00e4r att det \u00e4r cykel\/cyklar som ett f\u00f6retag k\u00f6per eller leasar och som anst\u00e4llda i f\u00f6retaget kan anv\u00e4nda i tj\u00e4nsten eller privat. Finansieringen f\u00f6r den anst\u00e4llde Read More","og_url":"https:\/\/wp.kristdemokraterna.se\/leksand\/var-politik\/motioner\/motion-om-formanscyklar\/","og_site_name":"Kristdemokraterna Leksand","twitter_card":"summary_large_image","twitter_misc":{"Ber\u00e4knad l\u00e4stid":"2 minuter"},"schema":{"@context":"https:\/\/schema.org","@graph":[{"@type":"WebPage","@id":"https:\/\/wp.kristdemokraterna.se\/leksand\/var-politik\/motioner\/motion-om-formanscyklar\/","url":"https:\/\/wp.kristdemokraterna.se\/leksand\/var-politik\/motioner\/motion-om-formanscyklar\/","name":"Motion om f\u00f6rm\u00e5nscyklar - Kristdemokraterna Leksand","isPartOf":{"@id":"https:\/\/wp.kristdemokraterna.se\/leksand\/#website"},"datePublished":"2023-05-17T12:22:52+00:00","breadcrumb":{"@id":"https:\/\/wp.kristdemokraterna.se\/leksand\/var-politik\/motioner\/motion-om-formanscyklar\/#breadcrumb"},"inLanguage":"sv-SE","potentialAction":[{"@type":"ReadAction","target":["https:\/\/wp.kristdemokraterna.se\/leksand\/var-politik\/motioner\/motion-om-formanscyklar\/"]}]},{"@type":"BreadcrumbList","@id":"https:\/\/wp.kristdemokraterna.se\/leksand\/var-politik\/motioner\/motion-om-formanscyklar\/#breadcrumb","itemListElement":[{"@type":"ListItem","position":1,"name":"Hem","item":"https:\/\/wp.kristdemokraterna.se\/leksand\/"},{"@type":"ListItem","position":2,"name":"V\u00e5r politik","item":"https:\/\/wp.kristdemokraterna.se\/leksand\/var-politik\/"},{"@type":"ListItem","position":3,"name":"Motioner och \u00f6vrigt","item":"https:\/\/wp.kristdemokraterna.se\/leksand\/var-politik\/motioner\/"},{"@type":"ListItem","position":4,"name":"Motion om f\u00f6rm\u00e5nscyklar"}]},{"@type":"WebSite","@id":"https:\/\/wp.kristdemokraterna.se\/leksand\/#website","url":"https:\/\/wp.kristdemokraterna.se\/leksand\/","name":"Kristdemokraterna Leksand","description":"Kristdemokratiska lokalavdelningen i Leksand","inLanguage":"sv-SE"}]}},"_links":{"self":[{"href":"https:\/\/wp.kristdemokraterna.se\/leksand\/wp-json\/wp\/v2\/pages\/1192","targetHints":{"allow":["GET"]}}],"collection":[{"href":"https:\/\/wp.kristdemokraterna.se\/leksand\/wp-json\/wp\/v2\/pages"}],"about":[{"href":"https:\/\/wp.kristdemokraterna.se\/leksand\/wp-json\/wp\/v2\/types\/page"}],"author":[{"embeddable":true,"href":"https:\/\/wp.kristdemokraterna.se\/leksand\/wp-json\/wp\/v2\/users\/958"}],"replies":[{"embeddable":true,"href":"https:\/\/wp.kristdemokraterna.se\/leksand\/wp-json\/wp\/v2\/comments?post=1192"}],"version-history":[{"count":1,"href":"https:\/\/wp.kristdemokraterna.se\/leksand\/wp-json\/wp\/v2\/pages\/1192\/revisions"}],"predecessor-version":[{"id":1194,"href":"https:\/\/wp.kristdemokraterna.se\/leksand\/wp-json\/wp\/v2\/pages\/1192\/revisions\/1194"}],"up":[{"embeddable":true,"href":"https:\/\/wp.kristdemokraterna.se\/leksand\/wp-json\/wp\/v2\/pages\/1144"}],"wp:attachment":[{"href":"https:\/\/wp.kristdemokraterna.se\/leksand\/wp-json\/wp\/v2\/media?parent=1192"}],"curies":[{"name":"wp","href":"https:\/\/api.w.org\/{rel}","templated":true}]}}