{"id":1364,"date":"2023-05-21T11:57:40","date_gmt":"2023-05-21T09:57:40","guid":{"rendered":"https:\/\/wp.kristdemokraterna.se\/leksand\/?page_id=1364"},"modified":"2025-02-07T11:59:30","modified_gmt":"2025-02-07T10:59:30","slug":"yrkande-om-funktionsnedsatta","status":"publish","type":"page","link":"https:\/\/wp.kristdemokraterna.se\/leksand\/var-politik\/motioner\/yrkande-om-funktionsnedsatta\/","title":{"rendered":"Yrkande om funktionsnedsatta"},"content":{"rendered":"<h3><span style=\"font-weight: 400\">\u00c5terremiss av p<\/span><span style=\"font-weight: 400\">rogram f\u00f6r fr\u00e4mjande av funktionsnedsattas livssituation i <\/span><span style=\"font-weight: 400\">Leksands kommun<\/span><\/h3>\n<p><strong>Motivering<\/strong><\/p>\n<p><span style=\"font-weight: 400\">Det f\u00f6rslag som presenterats f\u00f6r politikerna har stora brister. Det saknas ett tydligt syfte f\u00f6r hur programmet ska anv\u00e4ndas. Det saknas ocks\u00e5 m\u00e4tbara m\u00e5l med tillh\u00f6rande strategier.<\/span><\/p>\n<p><span style=\"font-weight: 400\">Kristdemokraterna anser att programmet ska vara ett av kommunens styrande dokument. Det \u00e4r d\u00e4rf\u00f6r viktigt att detta program liksom \u00f6vriga styrdokument tydligg\u00f6r b\u00e5de f\u00f6r organisationen och f\u00f6r inv\u00e5nare, brukare, kunder, leverant\u00f6rer, samarbetspartner och andra intressenter, vad som f\u00f6rv\u00e4ntas av f\u00f6rvaltningar och bolag.<\/span><\/p>\n<p><span style=\"font-weight: 400\">I programmets syfte st\u00e5r <\/span><i><span style=\"font-weight: 400\">\u201dLeksands program f\u00f6r fr\u00e4mjande av funktionsnedsattas livsvillkor i m\u00f6jligaste m\u00e5n ska identifiera och undanr\u00f6ja specifika hinder f\u00f6r dessa personer\u201d samt att programmet ska leda till att alla kan ta del av kommunens tj\u00e4nster, service och verksamhet samt att fler personer med funktionshinder ska anst\u00e4llas i kommunen\u201d.<\/span><\/i><\/p>\n<p><span style=\"font-weight: 400\">Kristdemokraterna anser att syftet med programmet b\u00f6r vara att f\u00f6rtydliga vad som f\u00f6rv\u00e4ntas av kommunens n\u00e4mnder\/styrelser och f\u00f6rvaltningar\/bolag f\u00f6r att personer med funktionsneds\u00e4ttning ska kunna vara delaktiga utan diskriminering, p\u00e5 lika villkor som andra.<\/span><\/p>\n<p><i><span style=\"font-weight: 400\">Under punkt 7, Ansvar och uppf\u00f6ljning st\u00e5r \u201dMed utg\u00e5ngspunkt i Leksands kommuns vision ska programmet f\u00f6r fr\u00e4mjande av funktionsnedsattas livssituation, ses som ett verktyg och en v\u00e4gledning i det dagliga arbetet f\u00f6r b\u00e5de den kommunala politiken och f\u00f6rvaltningen\u201d.<\/span><\/i><\/p>\n<p><span style=\"font-weight: 400\">Kristdemokraterna anser att programmet ska ses som en plan som syftar till att uppn\u00e5 ett m\u00e5l. Det \u00f6vergripande m\u00e5let \u00e4r naturligtvis att se till att FN:s konvention om r\u00e4ttigheter f\u00f6r personer med funktionshinder efterlevs. I programmet saknas strategier f\u00f6r hur m\u00e5let ska n\u00e5s. Samt vem som ansvarar f\u00f6r vad i arbetet med att n\u00e5 det \u00f6vergripande m\u00e5let.<\/span><\/p>\n<p><span style=\"font-weight: 400\">Under punkt 9, Samarbete med handikapporganisationerna st\u00e5r, <\/span><i><span style=\"font-weight: 400\">Leksand ska i enlighet med FN:s konvention om r\u00e4ttigheter f\u00f6r personer med funktionsneds\u00e4ttning, <\/span><\/i><b><i>artikel 4, n\u00e4ra samr\u00e5da med och aktivt involvera personer med funktionsneds\u00e4ttning, d\u00e4ribland barn genom de organisationer som f\u00f6retr\u00e4der dem<\/i><\/b><b>.<\/b> <i><span style=\"font-weight: 400\">Detta inneb\u00e4r att synpunkter fr\u00e5n handikapporganisationerna samlas in, innan beslut fattas om f\u00f6r\u00e4ndringar och \u00e5tg\u00e4rder som kan p\u00e5verka personer med funktionsneds\u00e4ttning.<\/span><\/i><\/p>\n<p><span style=\"font-weight: 400\">Kristdemokraterna anser att det \u00e4r otydligt hur personer och speciellt barn med funktionshinder aktivt involveras i beslutsprocesser om f\u00f6r\u00e4ndringar och \u00e5tg\u00e4rder som kan p\u00e5verka dem. Samt vem som ansvarar f\u00f6r att det sker.<\/span><\/p>\n<p><span style=\"font-weight: 400\">Under punkt 9.2.1 Syfte st\u00e5r <\/span><i><span style=\"font-weight: 400\">\u201dN\u00e4r det g\u00e4ller kommunala fr\u00e5gor av specifikt intresse f\u00f6r n\u00e5got av de kommunala r\u00e5den ska en dialog ske. Det inneb\u00e4r att r\u00e5det ges m\u00f6jlighet att l\u00e4mna sina synpunkter p\u00e5 \u00e4rendet under beredningen. Dialogen kan l\u00e4mpligen ske genom att ansvarig handl\u00e4ggare deltar vid n\u00e5got av r\u00e5dets ordinarie m\u00f6ten och d\u00e4r den aktuella fr\u00e5gan utg\u00f6r en punkt p\u00e5 dagordningen. I mycket speciella \u00e4renden kan det bli aktuellt med inflytande\u201d.<\/span><\/i><\/p>\n<p><span style=\"font-weight: 400\">Kristdemokraterna anser att formuleringen \u00e4r olycklig och b\u00f6r ses \u00f6ver, d\u00e5 den inte h\u00f6r hemma i programmet f\u00f6r fr\u00e4mjande av funktionsnedsattas livssituation i Leksands kommun. Programmet b\u00f6r tydligg\u00f6ra hur dialog och inflytande blir m\u00f6jlig f\u00f6r personer med funktionsneds\u00e4ttning.<\/span><\/p>\n<p><span style=\"font-weight: 400\">Ytterligare en motivering till \u00e5terremiss \u00e4r att trots att f\u00f6rslaget varit p\u00e5 remiss har det varit sv\u00e5rt att f\u00e5 in \u00e5terkoppling och synpunkter fr\u00e5n ber\u00f6rda.\u00a0<\/span><\/p>\n<p><span style=\"font-weight: 400\">Kristdemokraterna anser att personer med funktionsneds\u00e4ttningar b\u00f6r vara delaktiga i processen med att ta fram \u201cProgram f\u00f6r fr\u00e4mjande av funktionsnedsattas livssituation i Leksands kommun\u201d.<\/span><\/p>\n<p>&nbsp;<\/p>\n<p><strong>Carin Malm<\/strong><\/p>\n<p><span style=\"font-weight: 400\">Gruppledare f\u00f6r Kristdemokraterna<\/span><span style=\"font-weight: 400\"><br \/>\n<\/span><span style=\"font-weight: 400\">Leksand<\/span><\/p>\n<p>&nbsp;<\/p>\n<p><a href=\"http:\/\/wp.kristdemokraterna.se\/leksand\/files\/2025\/02\/aterremiss-av.pdf\">A\u030aterremiss av program<\/a><\/p>\n","protected":false},"excerpt":{"rendered":"<p>\u00c5terremiss av program f\u00f6r fr\u00e4mjande av funktionsnedsattas livssituation i Leksands kommun Motivering Det f\u00f6rslag som presenterats f\u00f6r politikerna har stora brister. Det saknas ett tydligt syfte f\u00f6r hur programmet ska anv\u00e4ndas. Det saknas ocks\u00e5 m\u00e4tbara m\u00e5l med tillh\u00f6rande strategier. Kristdemokraterna anser att programmet ska vara ett av kommunens styrande dokument. Det \u00e4r d\u00e4rf\u00f6r viktigt att <a class=\"read-more-link\" href=\"https:\/\/wp.kristdemokraterna.se\/leksand\/var-politik\/motioner\/yrkande-om-funktionsnedsatta\/\">Read More<\/a><\/p>\n","protected":false},"author":958,"featured_media":0,"parent":1144,"menu_order":0,"comment_status":"closed","ping_status":"closed","template":"","meta":{"_acf_changed":false,"footnotes":""},"class_list":["post-1364","page","type-page","status-publish","hentry"],"acf":[],"yoast_head":"<!-- This site is optimized with the Yoast SEO plugin v27.3 - https:\/\/yoast.com\/product\/yoast-seo-wordpress\/ -->\n<title>Yrkande om funktionsnedsatta - Kristdemokraterna Leksand<\/title>\n<meta name=\"robots\" content=\"index, follow, max-snippet:-1, max-image-preview:large, max-video-preview:-1\" \/>\n<link rel=\"canonical\" href=\"https:\/\/wp.kristdemokraterna.se\/leksand\/var-politik\/motioner\/yrkande-om-funktionsnedsatta\/\" \/>\n<meta property=\"og:locale\" content=\"sv_SE\" \/>\n<meta property=\"og:type\" content=\"article\" \/>\n<meta property=\"og:title\" content=\"Yrkande om funktionsnedsatta - Kristdemokraterna Leksand\" \/>\n<meta property=\"og:description\" content=\"\u00c5terremiss av program f\u00f6r fr\u00e4mjande av funktionsnedsattas livssituation i Leksands kommun Motivering Det f\u00f6rslag som presenterats f\u00f6r politikerna har stora brister. Det saknas ett tydligt syfte f\u00f6r hur programmet ska anv\u00e4ndas. Det saknas ocks\u00e5 m\u00e4tbara m\u00e5l med tillh\u00f6rande strategier. Kristdemokraterna anser att programmet ska vara ett av kommunens styrande dokument. Det \u00e4r d\u00e4rf\u00f6r viktigt att Read More\" \/>\n<meta property=\"og:url\" content=\"https:\/\/wp.kristdemokraterna.se\/leksand\/var-politik\/motioner\/yrkande-om-funktionsnedsatta\/\" \/>\n<meta property=\"og:site_name\" content=\"Kristdemokraterna Leksand\" \/>\n<meta property=\"article:modified_time\" content=\"2025-02-07T10:59:30+00:00\" \/>\n<meta name=\"twitter:card\" content=\"summary_large_image\" \/>\n<meta name=\"twitter:label1\" content=\"Ber\u00e4knad l\u00e4stid\" \/>\n\t<meta name=\"twitter:data1\" content=\"3 minuter\" \/>\n<script type=\"application\/ld+json\" class=\"yoast-schema-graph\">{\"@context\":\"https:\\\/\\\/schema.org\",\"@graph\":[{\"@type\":\"WebPage\",\"@id\":\"https:\\\/\\\/wp.kristdemokraterna.se\\\/leksand\\\/var-politik\\\/motioner\\\/yrkande-om-funktionsnedsatta\\\/\",\"url\":\"https:\\\/\\\/wp.kristdemokraterna.se\\\/leksand\\\/var-politik\\\/motioner\\\/yrkande-om-funktionsnedsatta\\\/\",\"name\":\"Yrkande om funktionsnedsatta - Kristdemokraterna Leksand\",\"isPartOf\":{\"@id\":\"https:\\\/\\\/wp.kristdemokraterna.se\\\/leksand\\\/#website\"},\"datePublished\":\"2023-05-21T09:57:40+00:00\",\"dateModified\":\"2025-02-07T10:59:30+00:00\",\"breadcrumb\":{\"@id\":\"https:\\\/\\\/wp.kristdemokraterna.se\\\/leksand\\\/var-politik\\\/motioner\\\/yrkande-om-funktionsnedsatta\\\/#breadcrumb\"},\"inLanguage\":\"sv-SE\",\"potentialAction\":[{\"@type\":\"ReadAction\",\"target\":[\"https:\\\/\\\/wp.kristdemokraterna.se\\\/leksand\\\/var-politik\\\/motioner\\\/yrkande-om-funktionsnedsatta\\\/\"]}]},{\"@type\":\"BreadcrumbList\",\"@id\":\"https:\\\/\\\/wp.kristdemokraterna.se\\\/leksand\\\/var-politik\\\/motioner\\\/yrkande-om-funktionsnedsatta\\\/#breadcrumb\",\"itemListElement\":[{\"@type\":\"ListItem\",\"position\":1,\"name\":\"Hem\",\"item\":\"https:\\\/\\\/wp.kristdemokraterna.se\\\/leksand\\\/\"},{\"@type\":\"ListItem\",\"position\":2,\"name\":\"V\u00e5r politik\",\"item\":\"https:\\\/\\\/wp.kristdemokraterna.se\\\/leksand\\\/var-politik\\\/\"},{\"@type\":\"ListItem\",\"position\":3,\"name\":\"Motioner och \u00f6vrigt\",\"item\":\"https:\\\/\\\/wp.kristdemokraterna.se\\\/leksand\\\/var-politik\\\/motioner\\\/\"},{\"@type\":\"ListItem\",\"position\":4,\"name\":\"Yrkande om funktionsnedsatta\"}]},{\"@type\":\"WebSite\",\"@id\":\"https:\\\/\\\/wp.kristdemokraterna.se\\\/leksand\\\/#website\",\"url\":\"https:\\\/\\\/wp.kristdemokraterna.se\\\/leksand\\\/\",\"name\":\"Kristdemokraterna Leksand\",\"description\":\"Kristdemokratiska lokalavdelningen i Leksand\",\"inLanguage\":\"sv-SE\"}]}<\/script>\n<!-- \/ Yoast SEO plugin. -->","yoast_head_json":{"title":"Yrkande om funktionsnedsatta - Kristdemokraterna Leksand","robots":{"index":"index","follow":"follow","max-snippet":"max-snippet:-1","max-image-preview":"max-image-preview:large","max-video-preview":"max-video-preview:-1"},"canonical":"https:\/\/wp.kristdemokraterna.se\/leksand\/var-politik\/motioner\/yrkande-om-funktionsnedsatta\/","og_locale":"sv_SE","og_type":"article","og_title":"Yrkande om funktionsnedsatta - Kristdemokraterna Leksand","og_description":"\u00c5terremiss av program f\u00f6r fr\u00e4mjande av funktionsnedsattas livssituation i Leksands kommun Motivering Det f\u00f6rslag som presenterats f\u00f6r politikerna har stora brister. Det saknas ett tydligt syfte f\u00f6r hur programmet ska anv\u00e4ndas. Det saknas ocks\u00e5 m\u00e4tbara m\u00e5l med tillh\u00f6rande strategier. Kristdemokraterna anser att programmet ska vara ett av kommunens styrande dokument. Det \u00e4r d\u00e4rf\u00f6r viktigt att Read More","og_url":"https:\/\/wp.kristdemokraterna.se\/leksand\/var-politik\/motioner\/yrkande-om-funktionsnedsatta\/","og_site_name":"Kristdemokraterna Leksand","article_modified_time":"2025-02-07T10:59:30+00:00","twitter_card":"summary_large_image","twitter_misc":{"Ber\u00e4knad l\u00e4stid":"3 minuter"},"schema":{"@context":"https:\/\/schema.org","@graph":[{"@type":"WebPage","@id":"https:\/\/wp.kristdemokraterna.se\/leksand\/var-politik\/motioner\/yrkande-om-funktionsnedsatta\/","url":"https:\/\/wp.kristdemokraterna.se\/leksand\/var-politik\/motioner\/yrkande-om-funktionsnedsatta\/","name":"Yrkande om funktionsnedsatta - Kristdemokraterna Leksand","isPartOf":{"@id":"https:\/\/wp.kristdemokraterna.se\/leksand\/#website"},"datePublished":"2023-05-21T09:57:40+00:00","dateModified":"2025-02-07T10:59:30+00:00","breadcrumb":{"@id":"https:\/\/wp.kristdemokraterna.se\/leksand\/var-politik\/motioner\/yrkande-om-funktionsnedsatta\/#breadcrumb"},"inLanguage":"sv-SE","potentialAction":[{"@type":"ReadAction","target":["https:\/\/wp.kristdemokraterna.se\/leksand\/var-politik\/motioner\/yrkande-om-funktionsnedsatta\/"]}]},{"@type":"BreadcrumbList","@id":"https:\/\/wp.kristdemokraterna.se\/leksand\/var-politik\/motioner\/yrkande-om-funktionsnedsatta\/#breadcrumb","itemListElement":[{"@type":"ListItem","position":1,"name":"Hem","item":"https:\/\/wp.kristdemokraterna.se\/leksand\/"},{"@type":"ListItem","position":2,"name":"V\u00e5r politik","item":"https:\/\/wp.kristdemokraterna.se\/leksand\/var-politik\/"},{"@type":"ListItem","position":3,"name":"Motioner och \u00f6vrigt","item":"https:\/\/wp.kristdemokraterna.se\/leksand\/var-politik\/motioner\/"},{"@type":"ListItem","position":4,"name":"Yrkande om funktionsnedsatta"}]},{"@type":"WebSite","@id":"https:\/\/wp.kristdemokraterna.se\/leksand\/#website","url":"https:\/\/wp.kristdemokraterna.se\/leksand\/","name":"Kristdemokraterna Leksand","description":"Kristdemokratiska lokalavdelningen i Leksand","inLanguage":"sv-SE"}]}},"_links":{"self":[{"href":"https:\/\/wp.kristdemokraterna.se\/leksand\/wp-json\/wp\/v2\/pages\/1364","targetHints":{"allow":["GET"]}}],"collection":[{"href":"https:\/\/wp.kristdemokraterna.se\/leksand\/wp-json\/wp\/v2\/pages"}],"about":[{"href":"https:\/\/wp.kristdemokraterna.se\/leksand\/wp-json\/wp\/v2\/types\/page"}],"author":[{"embeddable":true,"href":"https:\/\/wp.kristdemokraterna.se\/leksand\/wp-json\/wp\/v2\/users\/958"}],"replies":[{"embeddable":true,"href":"https:\/\/wp.kristdemokraterna.se\/leksand\/wp-json\/wp\/v2\/comments?post=1364"}],"version-history":[{"count":1,"href":"https:\/\/wp.kristdemokraterna.se\/leksand\/wp-json\/wp\/v2\/pages\/1364\/revisions"}],"predecessor-version":[{"id":1366,"href":"https:\/\/wp.kristdemokraterna.se\/leksand\/wp-json\/wp\/v2\/pages\/1364\/revisions\/1366"}],"up":[{"embeddable":true,"href":"https:\/\/wp.kristdemokraterna.se\/leksand\/wp-json\/wp\/v2\/pages\/1144"}],"wp:attachment":[{"href":"https:\/\/wp.kristdemokraterna.se\/leksand\/wp-json\/wp\/v2\/media?parent=1364"}],"curies":[{"name":"wp","href":"https:\/\/api.w.org\/{rel}","templated":true}]}}