{"id":2,"date":"2014-03-04T12:02:58","date_gmt":"2014-03-04T11:02:58","guid":{"rendered":"http:\/\/wp.kristdemokraterna.se\/leksand\/?page_id=2"},"modified":"2022-07-06T23:05:00","modified_gmt":"2022-07-06T21:05:00","slug":"var-politik","status":"publish","type":"page","link":"https:\/\/wp.kristdemokraterna.se\/leksand\/var-politik\/","title":{"rendered":"V\u00e5r politik"},"content":{"rendered":"<p dir=\"auto\">Kristdemokraterna Leksand vill i f\u00f6rsta hand ta ansvar f\u00f6r kommunens ekonomi och v\u00e4lf\u00e4rd. D\u00e4rf\u00f6r lovar vi inte allt till alla. V\u00e5ra prioriteringar \u00e4r v\u00e4lf\u00e4rdens k\u00e4rnomr\u00e5den i Leksand: skolan och \u00e4ldreomsorgen. Vi vill ocks\u00e5 ta v\u00e5rt ansvar f\u00f6r klimatet.<\/p>\n<p dir=\"auto\">Mer information om v\u00e5r politik och v\u00e5ra f\u00f6rslag hittar du under <a href=\"https:\/\/wp.kristdemokraterna.se\/leksand\/var-politik\/vara-viktigaste-fragor\/\">v\u00e5ra viktigaste fr\u00e5gor<\/a>\u00a0och <a href=\"https:\/\/wp.kristdemokraterna.se\/leksand\/var-politik\/politikomraden\/\">politikomr\u00e5den<\/a>.\u00a0Du kan ocks\u00e5 l\u00e4sa mer om v\u00e5r <a href=\"https:\/\/wp.kristdemokraterna.se\/leksand\/var-politik\/vardegrund\">v\u00e4rdegrund<\/a>.<\/p>\n","protected":false},"excerpt":{"rendered":"<p>Kristdemokraterna Leksand vill i f\u00f6rsta hand ta ansvar f\u00f6r kommunens ekonomi och v\u00e4lf\u00e4rd. D\u00e4rf\u00f6r lovar vi inte allt till alla. V\u00e5ra prioriteringar \u00e4r v\u00e4lf\u00e4rdens k\u00e4rnomr\u00e5den i Leksand: skolan och \u00e4ldreomsorgen. Vi vill ocks\u00e5 ta v\u00e5rt ansvar f\u00f6r klimatet. Mer information om v\u00e5r politik och v\u00e5ra f\u00f6rslag hittar du under v\u00e5ra viktigaste fr\u00e5gor\u00a0och politikomr\u00e5den.\u00a0Du kan ocks\u00e5 <a class=\"read-more-link\" href=\"https:\/\/wp.kristdemokraterna.se\/leksand\/var-politik\/\">Read More<\/a><\/p>\n","protected":false},"author":615,"featured_media":0,"parent":0,"menu_order":9,"comment_status":"closed","ping_status":"closed","template":"","meta":{"_acf_changed":false,"footnotes":""},"class_list":["post-2","page","type-page","status-publish","hentry"],"acf":[],"yoast_head":"<!-- This site is optimized with the Yoast SEO plugin v27.3 - https:\/\/yoast.com\/product\/yoast-seo-wordpress\/ -->\n<title>V\u00e5r politik - Kristdemokraterna Leksand<\/title>\n<meta name=\"robots\" content=\"index, follow, max-snippet:-1, max-image-preview:large, max-video-preview:-1\" \/>\n<link rel=\"canonical\" href=\"https:\/\/wp.kristdemokraterna.se\/leksand\/var-politik\/\" \/>\n<meta property=\"og:locale\" content=\"sv_SE\" \/>\n<meta property=\"og:type\" content=\"article\" \/>\n<meta property=\"og:title\" content=\"V\u00e5r politik - Kristdemokraterna Leksand\" \/>\n<meta property=\"og:description\" content=\"Kristdemokraterna Leksand vill i f\u00f6rsta hand ta ansvar f\u00f6r kommunens ekonomi och v\u00e4lf\u00e4rd. D\u00e4rf\u00f6r lovar vi inte allt till alla. V\u00e5ra prioriteringar \u00e4r v\u00e4lf\u00e4rdens k\u00e4rnomr\u00e5den i Leksand: skolan och \u00e4ldreomsorgen. Vi vill ocks\u00e5 ta v\u00e5rt ansvar f\u00f6r klimatet. Mer information om v\u00e5r politik och v\u00e5ra f\u00f6rslag hittar du under v\u00e5ra viktigaste fr\u00e5gor\u00a0och politikomr\u00e5den.\u00a0Du kan ocks\u00e5 Read More\" \/>\n<meta property=\"og:url\" content=\"https:\/\/wp.kristdemokraterna.se\/leksand\/var-politik\/\" \/>\n<meta property=\"og:site_name\" content=\"Kristdemokraterna Leksand\" \/>\n<meta property=\"article:modified_time\" content=\"2022-07-06T21:05:00+00:00\" \/>\n<meta name=\"twitter:card\" content=\"summary_large_image\" \/>\n<meta name=\"twitter:label1\" content=\"Ber\u00e4knad l\u00e4stid\" \/>\n\t<meta name=\"twitter:data1\" content=\"1 minut\" \/>\n<script type=\"application\/ld+json\" class=\"yoast-schema-graph\">{\"@context\":\"https:\\\/\\\/schema.org\",\"@graph\":[{\"@type\":\"WebPage\",\"@id\":\"https:\\\/\\\/wp.kristdemokraterna.se\\\/leksand\\\/var-politik\\\/\",\"url\":\"https:\\\/\\\/wp.kristdemokraterna.se\\\/leksand\\\/var-politik\\\/\",\"name\":\"V\u00e5r politik - Kristdemokraterna Leksand\",\"isPartOf\":{\"@id\":\"https:\\\/\\\/wp.kristdemokraterna.se\\\/leksand\\\/#website\"},\"datePublished\":\"2014-03-04T11:02:58+00:00\",\"dateModified\":\"2022-07-06T21:05:00+00:00\",\"breadcrumb\":{\"@id\":\"https:\\\/\\\/wp.kristdemokraterna.se\\\/leksand\\\/var-politik\\\/#breadcrumb\"},\"inLanguage\":\"sv-SE\",\"potentialAction\":[{\"@type\":\"ReadAction\",\"target\":[\"https:\\\/\\\/wp.kristdemokraterna.se\\\/leksand\\\/var-politik\\\/\"]}]},{\"@type\":\"BreadcrumbList\",\"@id\":\"https:\\\/\\\/wp.kristdemokraterna.se\\\/leksand\\\/var-politik\\\/#breadcrumb\",\"itemListElement\":[{\"@type\":\"ListItem\",\"position\":1,\"name\":\"Hem\",\"item\":\"https:\\\/\\\/wp.kristdemokraterna.se\\\/leksand\\\/\"},{\"@type\":\"ListItem\",\"position\":2,\"name\":\"V\u00e5r politik\"}]},{\"@type\":\"WebSite\",\"@id\":\"https:\\\/\\\/wp.kristdemokraterna.se\\\/leksand\\\/#website\",\"url\":\"https:\\\/\\\/wp.kristdemokraterna.se\\\/leksand\\\/\",\"name\":\"Kristdemokraterna Leksand\",\"description\":\"Kristdemokratiska lokalavdelningen i Leksand\",\"inLanguage\":\"sv-SE\"}]}<\/script>\n<!-- \/ Yoast SEO plugin. -->","yoast_head_json":{"title":"V\u00e5r politik - Kristdemokraterna Leksand","robots":{"index":"index","follow":"follow","max-snippet":"max-snippet:-1","max-image-preview":"max-image-preview:large","max-video-preview":"max-video-preview:-1"},"canonical":"https:\/\/wp.kristdemokraterna.se\/leksand\/var-politik\/","og_locale":"sv_SE","og_type":"article","og_title":"V\u00e5r politik - Kristdemokraterna Leksand","og_description":"Kristdemokraterna Leksand vill i f\u00f6rsta hand ta ansvar f\u00f6r kommunens ekonomi och v\u00e4lf\u00e4rd. D\u00e4rf\u00f6r lovar vi inte allt till alla. V\u00e5ra prioriteringar \u00e4r v\u00e4lf\u00e4rdens k\u00e4rnomr\u00e5den i Leksand: skolan och \u00e4ldreomsorgen. Vi vill ocks\u00e5 ta v\u00e5rt ansvar f\u00f6r klimatet. Mer information om v\u00e5r politik och v\u00e5ra f\u00f6rslag hittar du under v\u00e5ra viktigaste fr\u00e5gor\u00a0och politikomr\u00e5den.\u00a0Du kan ocks\u00e5 Read More","og_url":"https:\/\/wp.kristdemokraterna.se\/leksand\/var-politik\/","og_site_name":"Kristdemokraterna Leksand","article_modified_time":"2022-07-06T21:05:00+00:00","twitter_card":"summary_large_image","twitter_misc":{"Ber\u00e4knad l\u00e4stid":"1 minut"},"schema":{"@context":"https:\/\/schema.org","@graph":[{"@type":"WebPage","@id":"https:\/\/wp.kristdemokraterna.se\/leksand\/var-politik\/","url":"https:\/\/wp.kristdemokraterna.se\/leksand\/var-politik\/","name":"V\u00e5r politik - Kristdemokraterna Leksand","isPartOf":{"@id":"https:\/\/wp.kristdemokraterna.se\/leksand\/#website"},"datePublished":"2014-03-04T11:02:58+00:00","dateModified":"2022-07-06T21:05:00+00:00","breadcrumb":{"@id":"https:\/\/wp.kristdemokraterna.se\/leksand\/var-politik\/#breadcrumb"},"inLanguage":"sv-SE","potentialAction":[{"@type":"ReadAction","target":["https:\/\/wp.kristdemokraterna.se\/leksand\/var-politik\/"]}]},{"@type":"BreadcrumbList","@id":"https:\/\/wp.kristdemokraterna.se\/leksand\/var-politik\/#breadcrumb","itemListElement":[{"@type":"ListItem","position":1,"name":"Hem","item":"https:\/\/wp.kristdemokraterna.se\/leksand\/"},{"@type":"ListItem","position":2,"name":"V\u00e5r politik"}]},{"@type":"WebSite","@id":"https:\/\/wp.kristdemokraterna.se\/leksand\/#website","url":"https:\/\/wp.kristdemokraterna.se\/leksand\/","name":"Kristdemokraterna Leksand","description":"Kristdemokratiska lokalavdelningen i Leksand","inLanguage":"sv-SE"}]}},"_links":{"self":[{"href":"https:\/\/wp.kristdemokraterna.se\/leksand\/wp-json\/wp\/v2\/pages\/2","targetHints":{"allow":["GET"]}}],"collection":[{"href":"https:\/\/wp.kristdemokraterna.se\/leksand\/wp-json\/wp\/v2\/pages"}],"about":[{"href":"https:\/\/wp.kristdemokraterna.se\/leksand\/wp-json\/wp\/v2\/types\/page"}],"author":[{"embeddable":true,"href":"https:\/\/wp.kristdemokraterna.se\/leksand\/wp-json\/wp\/v2\/users\/615"}],"replies":[{"embeddable":true,"href":"https:\/\/wp.kristdemokraterna.se\/leksand\/wp-json\/wp\/v2\/comments?post=2"}],"version-history":[{"count":19,"href":"https:\/\/wp.kristdemokraterna.se\/leksand\/wp-json\/wp\/v2\/pages\/2\/revisions"}],"predecessor-version":[{"id":1051,"href":"https:\/\/wp.kristdemokraterna.se\/leksand\/wp-json\/wp\/v2\/pages\/2\/revisions\/1051"}],"wp:attachment":[{"href":"https:\/\/wp.kristdemokraterna.se\/leksand\/wp-json\/wp\/v2\/media?parent=2"}],"curies":[{"name":"wp","href":"https:\/\/api.w.org\/{rel}","templated":true}]}}