{"id":833,"date":"2021-04-21T18:52:39","date_gmt":"2021-04-21T16:52:39","guid":{"rendered":"https:\/\/wp.kristdemokraterna.se\/leksand\/?page_id=833"},"modified":"2022-07-06T21:36:28","modified_gmt":"2022-07-06T19:36:28","slug":"vardegrund","status":"publish","type":"page","link":"https:\/\/wp.kristdemokraterna.se\/leksand\/var-politik\/vardegrund\/","title":{"rendered":"V\u00e4rdegrund"},"content":{"rendered":"<div class=\"kvgmc6g5 cxmmr5t8 oygrvhab hcukyx3x c1et5uql ii04i59q\">\n<p dir=\"auto\">Kristdemokraterna Leksand tillh\u00f6r en av v\u00e4rldens st\u00f6rsta politiska r\u00f6relser &#8211; den internationella kristdemokratin.<\/p>\n<p dir=\"auto\">F\u00f6r oss \u00e4r v\u00e5r ideologi och v\u00e4rdegrund mycket viktig. Det \u00e4r v\u00e5ra v\u00e4rderingar som ligger till grund f\u00f6r v\u00e5r politik. Allra viktigast \u00e4r att vi s\u00e4tter m\u00e4nniskov\u00e4rdet och familjen h\u00f6gt. Vi vill prioritera det som \u00e4r n\u00f6dv\u00e4ndigt f\u00f6r att bygga ett samh\u00e4lle som h\u00e5ller ihop och d\u00e4r ingen l\u00e4mnas utanf\u00f6r.<\/p>\n<p dir=\"auto\">Kristdemokrati st\u00e5r f\u00f6r demokrati byggd p\u00e5 kristen m\u00e4nniskosyn och v\u00e4rdegrund. Det \u00e4r dessa v\u00e4rderingar som under en l\u00e5ng tid byggt upp v\u00e5rt land. En vanlig missuppfattning \u00e4r att man m\u00e5ste vara troende f\u00f6r att sympatisera med KD. Det \u00e4r fel. Alla som delar v\u00e5ra id\u00e9er \u00e4r v\u00e4lkomna i partiet.<\/p>\n<p dir=\"auto\">Den kristdemokratiska m\u00e4nniskosynen utg\u00e5r ifr\u00e5n att varje m\u00e4nniska \u00e4r unik och v\u00e4rdefull. M\u00e4nniskan \u00e4r moraliskt medveten och ansvarig f\u00f6r sina egna handlingar. V\u00e4rdet ger henne r\u00e4ttigheter och ansvaret ger henne skyldigheter. Dessa r\u00e4ttigheter och skyldigheter b\u00f6r alltid respekteras och tas h\u00e4nsyn till.<\/p>\n<p dir=\"auto\">F\u00f6r att en m\u00e4nniska ska kunna leva och utvecklas beh\u00f6vs gemenskap med andra. Den viktigaste gemenskapen och den grund som hela samh\u00e4llet st\u00e5r p\u00e5 \u00e4r familjen. I denna grupp f\u00e5r familjemedlemmarna m\u00f6jlighet att m\u00f6ta k\u00e4rlek, omtanke och f\u00f6rst\u00e5else, men ocks\u00e5 att st\u00e4llas inf\u00f6r krav och ta ansvar. Politiken ska g\u00f6ra allt f\u00f6r att st\u00f6dja familjer och ge dem st\u00f6rre m\u00f6jlighet att sj\u00e4lva best\u00e4mma \u00f6ver sin vardag. KD efterstr\u00e4var att alla beslut fattas p\u00e5 s\u00e5 l\u00e5g \u00e4ndam\u00e5lsenlig niv\u00e5 som m\u00f6jligt. Att erbjuda familjer mer sj\u00e4lvbest\u00e4mmande och st\u00f6rre valfrihet \u00e4r en del av detta.<\/p>\n<p dir=\"auto\">Som kristdemokrater v\u00e4nder vi oss mot s\u00e5v\u00e4l individualismen som kollektivismen. Den liberala individualismen betonar individen p\u00e5 bekostnad av det gemensamma och kollektivismen hotar den enskilda m\u00e4nniskans frihet. KD motarbetar alla former av totalitarism och efterstr\u00e4var ingen utopi. Ist\u00e4llet vill vi utifr\u00e5n v\u00e5r v\u00e4rdegrund och r\u00e5dande omst\u00e4ndigheter ta beslut som bidrar till ett b\u00e4ttre samh\u00e4lle f\u00f6r alla.<\/p>\n<\/div>\n","protected":false},"excerpt":{"rendered":"<p>Kristdemokraterna Leksand tillh\u00f6r en av v\u00e4rldens st\u00f6rsta politiska r\u00f6relser &#8211; den internationella kristdemokratin. F\u00f6r oss \u00e4r v\u00e5r ideologi och v\u00e4rdegrund mycket viktig. Det \u00e4r v\u00e5ra v\u00e4rderingar som ligger till grund f\u00f6r v\u00e5r politik. Allra viktigast \u00e4r att vi s\u00e4tter m\u00e4nniskov\u00e4rdet och familjen h\u00f6gt. Vi vill prioritera det som \u00e4r n\u00f6dv\u00e4ndigt f\u00f6r att bygga ett samh\u00e4lle <a class=\"read-more-link\" href=\"https:\/\/wp.kristdemokraterna.se\/leksand\/var-politik\/vardegrund\/\">Read More<\/a><\/p>\n","protected":false},"author":958,"featured_media":0,"parent":2,"menu_order":3,"comment_status":"closed","ping_status":"closed","template":"","meta":{"_acf_changed":false,"footnotes":""},"class_list":["post-833","page","type-page","status-publish","hentry"],"acf":[],"yoast_head":"<!-- This site is optimized with the Yoast SEO plugin v27.4 - https:\/\/yoast.com\/product\/yoast-seo-wordpress\/ -->\n<title>V\u00e4rdegrund - Kristdemokraterna Leksand<\/title>\n<meta name=\"robots\" content=\"index, follow, max-snippet:-1, max-image-preview:large, max-video-preview:-1\" \/>\n<link rel=\"canonical\" href=\"https:\/\/wp.kristdemokraterna.se\/leksand\/var-politik\/vardegrund\/\" \/>\n<meta property=\"og:locale\" content=\"sv_SE\" \/>\n<meta property=\"og:type\" content=\"article\" \/>\n<meta property=\"og:title\" content=\"V\u00e4rdegrund - Kristdemokraterna Leksand\" \/>\n<meta property=\"og:description\" content=\"Kristdemokraterna Leksand tillh\u00f6r en av v\u00e4rldens st\u00f6rsta politiska r\u00f6relser &#8211; den internationella kristdemokratin. F\u00f6r oss \u00e4r v\u00e5r ideologi och v\u00e4rdegrund mycket viktig. Det \u00e4r v\u00e5ra v\u00e4rderingar som ligger till grund f\u00f6r v\u00e5r politik. Allra viktigast \u00e4r att vi s\u00e4tter m\u00e4nniskov\u00e4rdet och familjen h\u00f6gt. Vi vill prioritera det som \u00e4r n\u00f6dv\u00e4ndigt f\u00f6r att bygga ett samh\u00e4lle Read More\" \/>\n<meta property=\"og:url\" content=\"https:\/\/wp.kristdemokraterna.se\/leksand\/var-politik\/vardegrund\/\" \/>\n<meta property=\"og:site_name\" content=\"Kristdemokraterna Leksand\" \/>\n<meta property=\"article:modified_time\" content=\"2022-07-06T19:36:28+00:00\" \/>\n<meta name=\"twitter:card\" content=\"summary_large_image\" \/>\n<meta name=\"twitter:label1\" content=\"Ber\u00e4knad l\u00e4stid\" \/>\n\t<meta name=\"twitter:data1\" content=\"2 minuter\" \/>\n<script type=\"application\/ld+json\" class=\"yoast-schema-graph\">{\"@context\":\"https:\\\/\\\/schema.org\",\"@graph\":[{\"@type\":\"WebPage\",\"@id\":\"https:\\\/\\\/wp.kristdemokraterna.se\\\/leksand\\\/var-politik\\\/vardegrund\\\/\",\"url\":\"https:\\\/\\\/wp.kristdemokraterna.se\\\/leksand\\\/var-politik\\\/vardegrund\\\/\",\"name\":\"V\u00e4rdegrund - Kristdemokraterna Leksand\",\"isPartOf\":{\"@id\":\"https:\\\/\\\/wp.kristdemokraterna.se\\\/leksand\\\/#website\"},\"datePublished\":\"2021-04-21T16:52:39+00:00\",\"dateModified\":\"2022-07-06T19:36:28+00:00\",\"breadcrumb\":{\"@id\":\"https:\\\/\\\/wp.kristdemokraterna.se\\\/leksand\\\/var-politik\\\/vardegrund\\\/#breadcrumb\"},\"inLanguage\":\"sv-SE\",\"potentialAction\":[{\"@type\":\"ReadAction\",\"target\":[\"https:\\\/\\\/wp.kristdemokraterna.se\\\/leksand\\\/var-politik\\\/vardegrund\\\/\"]}]},{\"@type\":\"BreadcrumbList\",\"@id\":\"https:\\\/\\\/wp.kristdemokraterna.se\\\/leksand\\\/var-politik\\\/vardegrund\\\/#breadcrumb\",\"itemListElement\":[{\"@type\":\"ListItem\",\"position\":1,\"name\":\"Hem\",\"item\":\"https:\\\/\\\/wp.kristdemokraterna.se\\\/leksand\\\/\"},{\"@type\":\"ListItem\",\"position\":2,\"name\":\"V\u00e5r politik\",\"item\":\"https:\\\/\\\/wp.kristdemokraterna.se\\\/leksand\\\/var-politik\\\/\"},{\"@type\":\"ListItem\",\"position\":3,\"name\":\"V\u00e4rdegrund\"}]},{\"@type\":\"WebSite\",\"@id\":\"https:\\\/\\\/wp.kristdemokraterna.se\\\/leksand\\\/#website\",\"url\":\"https:\\\/\\\/wp.kristdemokraterna.se\\\/leksand\\\/\",\"name\":\"Kristdemokraterna Leksand\",\"description\":\"Kristdemokratiska lokalavdelningen i Leksand\",\"inLanguage\":\"sv-SE\"}]}<\/script>\n<!-- \/ Yoast SEO plugin. -->","yoast_head_json":{"title":"V\u00e4rdegrund - Kristdemokraterna Leksand","robots":{"index":"index","follow":"follow","max-snippet":"max-snippet:-1","max-image-preview":"max-image-preview:large","max-video-preview":"max-video-preview:-1"},"canonical":"https:\/\/wp.kristdemokraterna.se\/leksand\/var-politik\/vardegrund\/","og_locale":"sv_SE","og_type":"article","og_title":"V\u00e4rdegrund - Kristdemokraterna Leksand","og_description":"Kristdemokraterna Leksand tillh\u00f6r en av v\u00e4rldens st\u00f6rsta politiska r\u00f6relser &#8211; den internationella kristdemokratin. F\u00f6r oss \u00e4r v\u00e5r ideologi och v\u00e4rdegrund mycket viktig. Det \u00e4r v\u00e5ra v\u00e4rderingar som ligger till grund f\u00f6r v\u00e5r politik. Allra viktigast \u00e4r att vi s\u00e4tter m\u00e4nniskov\u00e4rdet och familjen h\u00f6gt. Vi vill prioritera det som \u00e4r n\u00f6dv\u00e4ndigt f\u00f6r att bygga ett samh\u00e4lle Read More","og_url":"https:\/\/wp.kristdemokraterna.se\/leksand\/var-politik\/vardegrund\/","og_site_name":"Kristdemokraterna Leksand","article_modified_time":"2022-07-06T19:36:28+00:00","twitter_card":"summary_large_image","twitter_misc":{"Ber\u00e4knad l\u00e4stid":"2 minuter"},"schema":{"@context":"https:\/\/schema.org","@graph":[{"@type":"WebPage","@id":"https:\/\/wp.kristdemokraterna.se\/leksand\/var-politik\/vardegrund\/","url":"https:\/\/wp.kristdemokraterna.se\/leksand\/var-politik\/vardegrund\/","name":"V\u00e4rdegrund - Kristdemokraterna Leksand","isPartOf":{"@id":"https:\/\/wp.kristdemokraterna.se\/leksand\/#website"},"datePublished":"2021-04-21T16:52:39+00:00","dateModified":"2022-07-06T19:36:28+00:00","breadcrumb":{"@id":"https:\/\/wp.kristdemokraterna.se\/leksand\/var-politik\/vardegrund\/#breadcrumb"},"inLanguage":"sv-SE","potentialAction":[{"@type":"ReadAction","target":["https:\/\/wp.kristdemokraterna.se\/leksand\/var-politik\/vardegrund\/"]}]},{"@type":"BreadcrumbList","@id":"https:\/\/wp.kristdemokraterna.se\/leksand\/var-politik\/vardegrund\/#breadcrumb","itemListElement":[{"@type":"ListItem","position":1,"name":"Hem","item":"https:\/\/wp.kristdemokraterna.se\/leksand\/"},{"@type":"ListItem","position":2,"name":"V\u00e5r politik","item":"https:\/\/wp.kristdemokraterna.se\/leksand\/var-politik\/"},{"@type":"ListItem","position":3,"name":"V\u00e4rdegrund"}]},{"@type":"WebSite","@id":"https:\/\/wp.kristdemokraterna.se\/leksand\/#website","url":"https:\/\/wp.kristdemokraterna.se\/leksand\/","name":"Kristdemokraterna Leksand","description":"Kristdemokratiska lokalavdelningen i Leksand","inLanguage":"sv-SE"}]}},"_links":{"self":[{"href":"https:\/\/wp.kristdemokraterna.se\/leksand\/wp-json\/wp\/v2\/pages\/833","targetHints":{"allow":["GET"]}}],"collection":[{"href":"https:\/\/wp.kristdemokraterna.se\/leksand\/wp-json\/wp\/v2\/pages"}],"about":[{"href":"https:\/\/wp.kristdemokraterna.se\/leksand\/wp-json\/wp\/v2\/types\/page"}],"author":[{"embeddable":true,"href":"https:\/\/wp.kristdemokraterna.se\/leksand\/wp-json\/wp\/v2\/users\/958"}],"replies":[{"embeddable":true,"href":"https:\/\/wp.kristdemokraterna.se\/leksand\/wp-json\/wp\/v2\/comments?post=833"}],"version-history":[{"count":4,"href":"https:\/\/wp.kristdemokraterna.se\/leksand\/wp-json\/wp\/v2\/pages\/833\/revisions"}],"predecessor-version":[{"id":854,"href":"https:\/\/wp.kristdemokraterna.se\/leksand\/wp-json\/wp\/v2\/pages\/833\/revisions\/854"}],"up":[{"embeddable":true,"href":"https:\/\/wp.kristdemokraterna.se\/leksand\/wp-json\/wp\/v2\/pages\/2"}],"wp:attachment":[{"href":"https:\/\/wp.kristdemokraterna.se\/leksand\/wp-json\/wp\/v2\/media?parent=833"}],"curies":[{"name":"wp","href":"https:\/\/api.w.org\/{rel}","templated":true}]}}