{"id":17,"date":"2014-05-13T20:34:30","date_gmt":"2014-05-13T18:34:30","guid":{"rendered":"http:\/\/wp.kristdemokraterna.se\/lidingo\/?page_id=17"},"modified":"2024-11-25T20:04:52","modified_gmt":"2024-11-25T19:04:52","slug":"kontakta-oss","status":"publish","type":"page","link":"https:\/\/wp.kristdemokraterna.se\/lidingo\/kontakta-oss\/","title":{"rendered":"Kontakta oss"},"content":{"rendered":"<p><strong>Kristdemokraterna Liding\u00f6<\/strong><\/p>\n<p>H\u00f6r g\u00e4rna av dig om du har tankar kring hur vi tillsammans kan g\u00f6ra Liding\u00f6 till en b\u00e4ttre plats att leva och bo p\u00e5!<\/p>\n<p>Erica Magnerg\u00e5rd, Gruppledare KD-Liding\u00f6<\/p>\n<p>Kontaktuppgifter finner ni h\u00e4r: <a href=\"https:\/\/wp.kristdemokraterna.se\/lidingo\/vara-foretradare\/\">https:\/\/wp.kristdemokraterna.se\/lidingo\/vara-foretradare\/<\/a><\/p>\n<p>&nbsp;<\/p>\n<div id=\"svid12_68e39ecb17ede8bc2d92b553\" class=\"sv-text-portlet sv-use-margins\">\n<div class=\"sv-text-portlet-content\">\n<p id=\"h-Blimedlem\" class=\"font-heading-1\"><strong>Bli medlem!<\/strong><\/p>\n<\/div>\n<\/div>\n<div id=\"svid12_68e39ecb17ede8bc2d92b554\" class=\"sv-text-portlet sv-use-margins\">\n<div id=\"Ingress\">Att st\u00f6dja KD-Liding\u00f6 f\u00f6r att Liding\u00f6 ska bli en \u00e4nnu b\u00e4ttre plats att bo och leva p\u00e5 \u00e4r otroligt viktigt. Vi beh\u00f6ver dig som medlem, ju fler vi \u00e4r, desto mer kan vi p\u00e5verka och g\u00f6ra skillnad. Varmt v\u00e4lkommen till KD p\u00e5 Liding\u00f6!<\/div>\n<\/div>\n<div id=\"svid12_7e87a1dd18113f5e7a6342\" class=\"sv-text-portlet sv-use-margins\">\n<div class=\"sv-text-portlet-content\">\n<p id=\"h-Ommedlemsskap\" class=\"font-heading-2\"><strong>Om medlemsskap<\/strong><\/p>\n<p class=\"font-normal\">Medlemsavgiften \u00e4r 200 kronor per \u00e5r. Vill du bli medlem registrerar du dig<a href=\"https:\/\/kristdemokraterna.se\/engagera-dig\/bli-medlem\"> h\u00e4r.\u00a0<\/a><\/p>\n<p class=\"font-normal\">\n<\/div>\n<\/div>\n","protected":false},"excerpt":{"rendered":"<p>Kristdemokraterna Liding\u00f6 H\u00f6r g\u00e4rna av dig om du har tankar kring hur vi tillsammans kan g\u00f6ra Liding\u00f6 till en b\u00e4ttre plats att leva och bo p\u00e5! Erica Magnerg\u00e5rd, Gruppledare KD-Liding\u00f6 Kontaktuppgifter finner ni h\u00e4r: https:\/\/wp.kristdemokraterna.se\/lidingo\/vara-foretradare\/ &nbsp; Bli medlem! Att st\u00f6dja KD-Liding\u00f6 f\u00f6r att Liding\u00f6 ska bli en \u00e4nnu b\u00e4ttre plats att bo och leva p\u00e5 <a class=\"read-more-link\" href=\"https:\/\/wp.kristdemokraterna.se\/lidingo\/kontakta-oss\/\">Read More<\/a><\/p>\n","protected":false},"author":444,"featured_media":0,"parent":0,"menu_order":0,"comment_status":"closed","ping_status":"closed","template":"","meta":{"_acf_changed":false,"footnotes":""},"class_list":["post-17","page","type-page","status-publish","hentry"],"acf":[],"yoast_head":"<!-- This site is optimized with the Yoast SEO plugin v27.5 - https:\/\/yoast.com\/product\/yoast-seo-wordpress\/ -->\n<title>Kontakta oss - Liding\u00f6<\/title>\n<meta name=\"robots\" content=\"index, follow, max-snippet:-1, max-image-preview:large, max-video-preview:-1\" \/>\n<link rel=\"canonical\" href=\"https:\/\/wp.kristdemokraterna.se\/lidingo\/kontakta-oss\/\" \/>\n<meta property=\"og:locale\" content=\"sv_SE\" \/>\n<meta property=\"og:type\" content=\"article\" \/>\n<meta property=\"og:title\" content=\"Kontakta oss - Liding\u00f6\" \/>\n<meta property=\"og:description\" content=\"Kristdemokraterna Liding\u00f6 H\u00f6r g\u00e4rna av dig om du har tankar kring hur vi tillsammans kan g\u00f6ra Liding\u00f6 till en b\u00e4ttre plats att leva och bo p\u00e5! Erica Magnerg\u00e5rd, Gruppledare KD-Liding\u00f6 Kontaktuppgifter finner ni h\u00e4r: https:\/\/wp.kristdemokraterna.se\/lidingo\/vara-foretradare\/ &nbsp; Bli medlem! Att st\u00f6dja KD-Liding\u00f6 f\u00f6r att Liding\u00f6 ska bli en \u00e4nnu b\u00e4ttre plats att bo och leva p\u00e5 Read More\" \/>\n<meta property=\"og:url\" content=\"https:\/\/wp.kristdemokraterna.se\/lidingo\/kontakta-oss\/\" \/>\n<meta property=\"og:site_name\" content=\"Liding\u00f6\" \/>\n<meta property=\"article:modified_time\" content=\"2024-11-25T19:04:52+00:00\" \/>\n<meta name=\"twitter:card\" content=\"summary_large_image\" \/>\n<meta name=\"twitter:label1\" content=\"Ber\u00e4knad l\u00e4stid\" \/>\n\t<meta name=\"twitter:data1\" content=\"1 minut\" \/>\n<script type=\"application\/ld+json\" class=\"yoast-schema-graph\">{\"@context\":\"https:\\\/\\\/schema.org\",\"@graph\":[{\"@type\":\"WebPage\",\"@id\":\"https:\\\/\\\/wp.kristdemokraterna.se\\\/lidingo\\\/kontakta-oss\\\/\",\"url\":\"https:\\\/\\\/wp.kristdemokraterna.se\\\/lidingo\\\/kontakta-oss\\\/\",\"name\":\"Kontakta oss - Liding\u00f6\",\"isPartOf\":{\"@id\":\"https:\\\/\\\/wp.kristdemokraterna.se\\\/lidingo\\\/#website\"},\"datePublished\":\"2014-05-13T18:34:30+00:00\",\"dateModified\":\"2024-11-25T19:04:52+00:00\",\"breadcrumb\":{\"@id\":\"https:\\\/\\\/wp.kristdemokraterna.se\\\/lidingo\\\/kontakta-oss\\\/#breadcrumb\"},\"inLanguage\":\"sv-SE\",\"potentialAction\":[{\"@type\":\"ReadAction\",\"target\":[\"https:\\\/\\\/wp.kristdemokraterna.se\\\/lidingo\\\/kontakta-oss\\\/\"]}]},{\"@type\":\"BreadcrumbList\",\"@id\":\"https:\\\/\\\/wp.kristdemokraterna.se\\\/lidingo\\\/kontakta-oss\\\/#breadcrumb\",\"itemListElement\":[{\"@type\":\"ListItem\",\"position\":1,\"name\":\"Hem\",\"item\":\"https:\\\/\\\/wp.kristdemokraterna.se\\\/lidingo\\\/\"},{\"@type\":\"ListItem\",\"position\":2,\"name\":\"Kontakta oss\"}]},{\"@type\":\"WebSite\",\"@id\":\"https:\\\/\\\/wp.kristdemokraterna.se\\\/lidingo\\\/#website\",\"url\":\"https:\\\/\\\/wp.kristdemokraterna.se\\\/lidingo\\\/\",\"name\":\"Liding\u00f6\",\"description\":\"\",\"inLanguage\":\"sv-SE\"}]}<\/script>\n<!-- \/ Yoast SEO plugin. -->","yoast_head_json":{"title":"Kontakta oss - Liding\u00f6","robots":{"index":"index","follow":"follow","max-snippet":"max-snippet:-1","max-image-preview":"max-image-preview:large","max-video-preview":"max-video-preview:-1"},"canonical":"https:\/\/wp.kristdemokraterna.se\/lidingo\/kontakta-oss\/","og_locale":"sv_SE","og_type":"article","og_title":"Kontakta oss - Liding\u00f6","og_description":"Kristdemokraterna Liding\u00f6 H\u00f6r g\u00e4rna av dig om du har tankar kring hur vi tillsammans kan g\u00f6ra Liding\u00f6 till en b\u00e4ttre plats att leva och bo p\u00e5! Erica Magnerg\u00e5rd, Gruppledare KD-Liding\u00f6 Kontaktuppgifter finner ni h\u00e4r: https:\/\/wp.kristdemokraterna.se\/lidingo\/vara-foretradare\/ &nbsp; Bli medlem! Att st\u00f6dja KD-Liding\u00f6 f\u00f6r att Liding\u00f6 ska bli en \u00e4nnu b\u00e4ttre plats att bo och leva p\u00e5 Read More","og_url":"https:\/\/wp.kristdemokraterna.se\/lidingo\/kontakta-oss\/","og_site_name":"Liding\u00f6","article_modified_time":"2024-11-25T19:04:52+00:00","twitter_card":"summary_large_image","twitter_misc":{"Ber\u00e4knad l\u00e4stid":"1 minut"},"schema":{"@context":"https:\/\/schema.org","@graph":[{"@type":"WebPage","@id":"https:\/\/wp.kristdemokraterna.se\/lidingo\/kontakta-oss\/","url":"https:\/\/wp.kristdemokraterna.se\/lidingo\/kontakta-oss\/","name":"Kontakta oss - Liding\u00f6","isPartOf":{"@id":"https:\/\/wp.kristdemokraterna.se\/lidingo\/#website"},"datePublished":"2014-05-13T18:34:30+00:00","dateModified":"2024-11-25T19:04:52+00:00","breadcrumb":{"@id":"https:\/\/wp.kristdemokraterna.se\/lidingo\/kontakta-oss\/#breadcrumb"},"inLanguage":"sv-SE","potentialAction":[{"@type":"ReadAction","target":["https:\/\/wp.kristdemokraterna.se\/lidingo\/kontakta-oss\/"]}]},{"@type":"BreadcrumbList","@id":"https:\/\/wp.kristdemokraterna.se\/lidingo\/kontakta-oss\/#breadcrumb","itemListElement":[{"@type":"ListItem","position":1,"name":"Hem","item":"https:\/\/wp.kristdemokraterna.se\/lidingo\/"},{"@type":"ListItem","position":2,"name":"Kontakta oss"}]},{"@type":"WebSite","@id":"https:\/\/wp.kristdemokraterna.se\/lidingo\/#website","url":"https:\/\/wp.kristdemokraterna.se\/lidingo\/","name":"Liding\u00f6","description":"","inLanguage":"sv-SE"}]}},"_links":{"self":[{"href":"https:\/\/wp.kristdemokraterna.se\/lidingo\/wp-json\/wp\/v2\/pages\/17","targetHints":{"allow":["GET"]}}],"collection":[{"href":"https:\/\/wp.kristdemokraterna.se\/lidingo\/wp-json\/wp\/v2\/pages"}],"about":[{"href":"https:\/\/wp.kristdemokraterna.se\/lidingo\/wp-json\/wp\/v2\/types\/page"}],"author":[{"embeddable":true,"href":"https:\/\/wp.kristdemokraterna.se\/lidingo\/wp-json\/wp\/v2\/users\/444"}],"replies":[{"embeddable":true,"href":"https:\/\/wp.kristdemokraterna.se\/lidingo\/wp-json\/wp\/v2\/comments?post=17"}],"version-history":[{"count":12,"href":"https:\/\/wp.kristdemokraterna.se\/lidingo\/wp-json\/wp\/v2\/pages\/17\/revisions"}],"predecessor-version":[{"id":64,"href":"https:\/\/wp.kristdemokraterna.se\/lidingo\/wp-json\/wp\/v2\/pages\/17\/revisions\/64"}],"wp:attachment":[{"href":"https:\/\/wp.kristdemokraterna.se\/lidingo\/wp-json\/wp\/v2\/media?parent=17"}],"curies":[{"name":"wp","href":"https:\/\/api.w.org\/{rel}","templated":true}]}}