{"id":305,"date":"2018-06-10T00:34:44","date_gmt":"2018-06-09T22:34:44","guid":{"rendered":"http:\/\/wp.kristdemokraterna.se\/lidingo\/?page_id=305"},"modified":"2022-05-23T16:11:56","modified_gmt":"2022-05-23T14:11:56","slug":"utbildning","status":"publish","type":"page","link":"https:\/\/wp.kristdemokraterna.se\/lidingo\/var-politik\/utbildning\/","title":{"rendered":"\u00c4ldreomsorg och Sjukv\u00e5rd"},"content":{"rendered":"<h3><span style=\"color: #015ea1\">Tryggare och b\u00e4ttre \u00e4ldreomsorg<\/span><\/h3>\n<p><a href=\"http:\/\/wp.kristdemokraterna.se\/lidingo\/files\/2022\/04\/skola-kd-lidingo-scaled.jpg\"><img loading=\"lazy\" decoding=\"async\" class=\"alignnone size-medium wp-image-586\" src=\"http:\/\/wp.kristdemokraterna.se\/lidingo\/files\/2022\/04\/skola-kd-lidingo-300x204.jpg\" alt=\"\" width=\"300\" height=\"204\" srcset=\"https:\/\/wp.kristdemokraterna.se\/lidingo\/files\/2022\/04\/skola-kd-lidingo-300x204.jpg 300w, https:\/\/wp.kristdemokraterna.se\/lidingo\/files\/2022\/04\/skola-kd-lidingo-1024x697.jpg 1024w, https:\/\/wp.kristdemokraterna.se\/lidingo\/files\/2022\/04\/skola-kd-lidingo-768x522.jpg 768w, https:\/\/wp.kristdemokraterna.se\/lidingo\/files\/2022\/04\/skola-kd-lidingo-1536x1045.jpg 1536w, https:\/\/wp.kristdemokraterna.se\/lidingo\/files\/2022\/04\/skola-kd-lidingo-2048x1393.jpg 2048w, https:\/\/wp.kristdemokraterna.se\/lidingo\/files\/2022\/04\/skola-kd-lidingo-294x200.jpg 294w, https:\/\/wp.kristdemokraterna.se\/lidingo\/files\/2022\/04\/skola-kd-lidingo-370x252.jpg 370w, https:\/\/wp.kristdemokraterna.se\/lidingo\/files\/2022\/04\/skola-kd-lidingo-770x524.jpg 770w, https:\/\/wp.kristdemokraterna.se\/lidingo\/files\/2022\/04\/skola-kd-lidingo-450x306.jpg 450w, https:\/\/wp.kristdemokraterna.se\/lidingo\/files\/2022\/04\/skola-kd-lidingo-280x190.jpg 280w, https:\/\/wp.kristdemokraterna.se\/lidingo\/files\/2022\/04\/skola-kd-lidingo-340x231.jpg 340w, https:\/\/wp.kristdemokraterna.se\/lidingo\/files\/2022\/04\/skola-kd-lidingo-200x136.jpg 200w, https:\/\/wp.kristdemokraterna.se\/lidingo\/files\/2022\/04\/skola-kd-lidingo-82x56.jpg 82w\" sizes=\"auto, (max-width: 300px) 100vw, 300px\" \/><\/a><\/p>\n<p><strong>Pandemin har visat p\u00e5 behovet av fortsatta satsningar inom \u00e4ldreomsorgen.<\/strong><\/p>\n<p>\u00b7 Den medicinska ledningen av \u00e4ldreboendena m\u00e5ste st\u00e4rkas. Alla \u00e4ldre ska ha en egen namngiven l\u00e4kare. Samtidigt m\u00e5ste bemanningen ut\u00f6kas med fler v\u00e4lutbildade undersk\u00f6terskor s\u00e5 att de boende kan f\u00e5 en v\u00e4rdig omsorg med god kvalitet. Arbetsmilj\u00f6n m\u00e5ste f\u00f6rb\u00e4ttras och fler undersk\u00f6terskor ska erbjudas fast anst\u00e4llning.<\/p>\n<p>\u00b7 Kontinuiteten inom hemtj\u00e4nsten m\u00e5ste f\u00f6rb\u00e4ttras. Alla omsorgstagare ska ha en egen kontaktperson och ingen ska beh\u00f6va m\u00f6ta fler \u00e4n 8 olika personer fr\u00e5n hemtj\u00e4nsten.<\/p>\n<p>\u00b7 Anh\u00f6rigst\u00f6det ska st\u00e4rkas och dagverksamheten ut\u00f6kas. Dagverksamheten \u00e4r av stor betydelse f\u00f6r demenssjuka som h\u00e4r f\u00e5r kognitiv, social och fysisk tr\u00e4ning samtidigt som anh\u00f6riga avlastas.<\/p>\n<p>\u00b7 Ofrivillig ensamhet ska motverkas. Fler m\u00f6tesplatser och \u00f6kat f\u00f6reningsbidrag blir viktiga \u00e5tg\u00e4rder. Samtidigt b\u00f6r fler attraktiva seniorboenden och trygghetsboenden byggas och bist\u00e5ndsbed\u00f6mningen ska bli mer gener\u00f6s f\u00f6r de som \u00e4r \u00e4ldre \u00e4n 80 \u00e5r.<\/p>\n<p>\u00b7 Samverkan med regionen ska f\u00f6rdjupas inom flera omr\u00e5den. F\u00f6rebyggande \u00e5tg\u00e4rder med regelbundna h\u00e4lsokontroller av de som \u00e4r \u00e4ldre \u00e4n 70 \u00e5r \u00e4r en viktig \u00e5tg\u00e4rd f\u00f6r att i tid uppt\u00e4cka sjukdomar som tarm- och prostatacancer och hj\u00e4rt-k\u00e4rlsjukdom.<\/p>\n<p>\u00b7 ASIH (avancerad sjukv\u00e5rd i hemmet) m\u00e5ste ges \u00f6kade resurser f\u00f6r att i samverkan med hemtj\u00e4nst kunna erbjuda fler som s\u00e5 \u00f6nskar att f\u00e5 v\u00e5rdas i hemmet. ASIH ska ocks\u00e5 kunna vara ett medicinskt st\u00f6d vid v\u00e5ra \u00e4ldreboenden.<\/p>\n<p><strong>N\u00e4ra v\u00e5rd &#8211; jourcentral p\u00e5 Liding\u00f6<\/strong><\/p>\n<p>Prim\u00e4rv\u00e5rden ska vara navet i h\u00e4lso- och sjukv\u00e5rden. Alla Liding\u00f6bor ska ha en egen namngiven husl\u00e4kare som ska vara tillg\u00e4nglig s\u00e5v\u00e4l f\u00f6r akutbes\u00f6k som planerade bes\u00f6k. P\u00e5 jourtid kl 17-22 och helger ska det finnas en jourcentral p\u00e5 Liding\u00f6 dit man kan v\u00e4nda sig f\u00f6r olycksfall och akuta sjukdomstillst\u00e5nd som inte kr\u00e4ver akutsjukhusets resurser. Jourcentralen ska liksom husl\u00e4karen \u00e4ven kunna ge v\u00e5rdkontakt via n\u00e4tet. I samverkan med regionen ska vi verka f\u00f6r att<\/p>\n<p>\u00b7 Liding\u00f6 ska ha en egen jourcentral<\/p>\n<h2><span style=\"color: #015ea1\"><em>Kristdemokraterna Liding\u00f6\u2013 vi g\u00f6r det b\u00e4ttre!<\/em><\/span><\/h2>\n","protected":false},"excerpt":{"rendered":"<p>Tryggare och b\u00e4ttre \u00e4ldreomsorg Pandemin har visat p\u00e5 behovet av fortsatta satsningar inom \u00e4ldreomsorgen. \u00b7 Den medicinska ledningen av \u00e4ldreboendena m\u00e5ste st\u00e4rkas. Alla \u00e4ldre ska ha en egen namngiven l\u00e4kare. Samtidigt m\u00e5ste bemanningen ut\u00f6kas med fler v\u00e4lutbildade undersk\u00f6terskor s\u00e5 att de boende kan f\u00e5 en v\u00e4rdig omsorg med god kvalitet. Arbetsmilj\u00f6n m\u00e5ste f\u00f6rb\u00e4ttras och fler <a class=\"read-more-link\" href=\"https:\/\/wp.kristdemokraterna.se\/lidingo\/var-politik\/utbildning\/\">Read More<\/a><\/p>\n","protected":false},"author":421,"featured_media":0,"parent":2,"menu_order":2,"comment_status":"closed","ping_status":"closed","template":"","meta":{"_acf_changed":false,"footnotes":""},"class_list":["post-305","page","type-page","status-publish","hentry"],"acf":[],"yoast_head":"<!-- This site is optimized with the Yoast SEO plugin v27.3 - https:\/\/yoast.com\/product\/yoast-seo-wordpress\/ -->\n<title>\u00c4ldreomsorg och Sjukv\u00e5rd - Liding\u00f6<\/title>\n<meta name=\"robots\" content=\"index, follow, max-snippet:-1, max-image-preview:large, max-video-preview:-1\" \/>\n<link rel=\"canonical\" href=\"https:\/\/wp.kristdemokraterna.se\/lidingo\/var-politik\/utbildning\/\" \/>\n<meta property=\"og:locale\" content=\"sv_SE\" \/>\n<meta property=\"og:type\" content=\"article\" \/>\n<meta property=\"og:title\" content=\"\u00c4ldreomsorg och Sjukv\u00e5rd - Liding\u00f6\" \/>\n<meta property=\"og:description\" content=\"Tryggare och b\u00e4ttre \u00e4ldreomsorg Pandemin har visat p\u00e5 behovet av fortsatta satsningar inom \u00e4ldreomsorgen. \u00b7 Den medicinska ledningen av \u00e4ldreboendena m\u00e5ste st\u00e4rkas. Alla \u00e4ldre ska ha en egen namngiven l\u00e4kare. Samtidigt m\u00e5ste bemanningen ut\u00f6kas med fler v\u00e4lutbildade undersk\u00f6terskor s\u00e5 att de boende kan f\u00e5 en v\u00e4rdig omsorg med god kvalitet. Arbetsmilj\u00f6n m\u00e5ste f\u00f6rb\u00e4ttras och fler Read More\" \/>\n<meta property=\"og:url\" content=\"https:\/\/wp.kristdemokraterna.se\/lidingo\/var-politik\/utbildning\/\" \/>\n<meta property=\"og:site_name\" content=\"Liding\u00f6\" \/>\n<meta property=\"article:modified_time\" content=\"2022-05-23T14:11:56+00:00\" \/>\n<meta property=\"og:image\" content=\"http:\/\/wp.kristdemokraterna.se\/lidingo\/files\/2022\/04\/skola-kd-lidingo-300x204.jpg\" \/>\n<meta name=\"twitter:card\" content=\"summary_large_image\" \/>\n<meta name=\"twitter:label1\" content=\"Ber\u00e4knad l\u00e4stid\" \/>\n\t<meta name=\"twitter:data1\" content=\"2 minuter\" \/>\n<script type=\"application\/ld+json\" class=\"yoast-schema-graph\">{\"@context\":\"https:\\\/\\\/schema.org\",\"@graph\":[{\"@type\":\"WebPage\",\"@id\":\"https:\\\/\\\/wp.kristdemokraterna.se\\\/lidingo\\\/var-politik\\\/utbildning\\\/\",\"url\":\"https:\\\/\\\/wp.kristdemokraterna.se\\\/lidingo\\\/var-politik\\\/utbildning\\\/\",\"name\":\"\u00c4ldreomsorg och Sjukv\u00e5rd - Liding\u00f6\",\"isPartOf\":{\"@id\":\"https:\\\/\\\/wp.kristdemokraterna.se\\\/lidingo\\\/#website\"},\"primaryImageOfPage\":{\"@id\":\"https:\\\/\\\/wp.kristdemokraterna.se\\\/lidingo\\\/var-politik\\\/utbildning\\\/#primaryimage\"},\"image\":{\"@id\":\"https:\\\/\\\/wp.kristdemokraterna.se\\\/lidingo\\\/var-politik\\\/utbildning\\\/#primaryimage\"},\"thumbnailUrl\":\"http:\\\/\\\/wp.kristdemokraterna.se\\\/lidingo\\\/files\\\/2022\\\/04\\\/skola-kd-lidingo-300x204.jpg\",\"datePublished\":\"2018-06-09T22:34:44+00:00\",\"dateModified\":\"2022-05-23T14:11:56+00:00\",\"breadcrumb\":{\"@id\":\"https:\\\/\\\/wp.kristdemokraterna.se\\\/lidingo\\\/var-politik\\\/utbildning\\\/#breadcrumb\"},\"inLanguage\":\"sv-SE\",\"potentialAction\":[{\"@type\":\"ReadAction\",\"target\":[\"https:\\\/\\\/wp.kristdemokraterna.se\\\/lidingo\\\/var-politik\\\/utbildning\\\/\"]}]},{\"@type\":\"ImageObject\",\"inLanguage\":\"sv-SE\",\"@id\":\"https:\\\/\\\/wp.kristdemokraterna.se\\\/lidingo\\\/var-politik\\\/utbildning\\\/#primaryimage\",\"url\":\"http:\\\/\\\/wp.kristdemokraterna.se\\\/lidingo\\\/files\\\/2022\\\/04\\\/skola-kd-lidingo-300x204.jpg\",\"contentUrl\":\"http:\\\/\\\/wp.kristdemokraterna.se\\\/lidingo\\\/files\\\/2022\\\/04\\\/skola-kd-lidingo-300x204.jpg\"},{\"@type\":\"BreadcrumbList\",\"@id\":\"https:\\\/\\\/wp.kristdemokraterna.se\\\/lidingo\\\/var-politik\\\/utbildning\\\/#breadcrumb\",\"itemListElement\":[{\"@type\":\"ListItem\",\"position\":1,\"name\":\"Hem\",\"item\":\"https:\\\/\\\/wp.kristdemokraterna.se\\\/lidingo\\\/\"},{\"@type\":\"ListItem\",\"position\":2,\"name\":\"V\u00e5r politik\",\"item\":\"https:\\\/\\\/wp.kristdemokraterna.se\\\/lidingo\\\/var-politik\\\/\"},{\"@type\":\"ListItem\",\"position\":3,\"name\":\"\u00c4ldreomsorg och Sjukv\u00e5rd\"}]},{\"@type\":\"WebSite\",\"@id\":\"https:\\\/\\\/wp.kristdemokraterna.se\\\/lidingo\\\/#website\",\"url\":\"https:\\\/\\\/wp.kristdemokraterna.se\\\/lidingo\\\/\",\"name\":\"Liding\u00f6\",\"description\":\"\",\"inLanguage\":\"sv-SE\"}]}<\/script>\n<!-- \/ Yoast SEO plugin. -->","yoast_head_json":{"title":"\u00c4ldreomsorg och Sjukv\u00e5rd - Liding\u00f6","robots":{"index":"index","follow":"follow","max-snippet":"max-snippet:-1","max-image-preview":"max-image-preview:large","max-video-preview":"max-video-preview:-1"},"canonical":"https:\/\/wp.kristdemokraterna.se\/lidingo\/var-politik\/utbildning\/","og_locale":"sv_SE","og_type":"article","og_title":"\u00c4ldreomsorg och Sjukv\u00e5rd - Liding\u00f6","og_description":"Tryggare och b\u00e4ttre \u00e4ldreomsorg Pandemin har visat p\u00e5 behovet av fortsatta satsningar inom \u00e4ldreomsorgen. \u00b7 Den medicinska ledningen av \u00e4ldreboendena m\u00e5ste st\u00e4rkas. Alla \u00e4ldre ska ha en egen namngiven l\u00e4kare. Samtidigt m\u00e5ste bemanningen ut\u00f6kas med fler v\u00e4lutbildade undersk\u00f6terskor s\u00e5 att de boende kan f\u00e5 en v\u00e4rdig omsorg med god kvalitet. Arbetsmilj\u00f6n m\u00e5ste f\u00f6rb\u00e4ttras och fler Read More","og_url":"https:\/\/wp.kristdemokraterna.se\/lidingo\/var-politik\/utbildning\/","og_site_name":"Liding\u00f6","article_modified_time":"2022-05-23T14:11:56+00:00","og_image":[{"url":"http:\/\/wp.kristdemokraterna.se\/lidingo\/files\/2022\/04\/skola-kd-lidingo-300x204.jpg","type":"","width":"","height":""}],"twitter_card":"summary_large_image","twitter_misc":{"Ber\u00e4knad l\u00e4stid":"2 minuter"},"schema":{"@context":"https:\/\/schema.org","@graph":[{"@type":"WebPage","@id":"https:\/\/wp.kristdemokraterna.se\/lidingo\/var-politik\/utbildning\/","url":"https:\/\/wp.kristdemokraterna.se\/lidingo\/var-politik\/utbildning\/","name":"\u00c4ldreomsorg och Sjukv\u00e5rd - Liding\u00f6","isPartOf":{"@id":"https:\/\/wp.kristdemokraterna.se\/lidingo\/#website"},"primaryImageOfPage":{"@id":"https:\/\/wp.kristdemokraterna.se\/lidingo\/var-politik\/utbildning\/#primaryimage"},"image":{"@id":"https:\/\/wp.kristdemokraterna.se\/lidingo\/var-politik\/utbildning\/#primaryimage"},"thumbnailUrl":"http:\/\/wp.kristdemokraterna.se\/lidingo\/files\/2022\/04\/skola-kd-lidingo-300x204.jpg","datePublished":"2018-06-09T22:34:44+00:00","dateModified":"2022-05-23T14:11:56+00:00","breadcrumb":{"@id":"https:\/\/wp.kristdemokraterna.se\/lidingo\/var-politik\/utbildning\/#breadcrumb"},"inLanguage":"sv-SE","potentialAction":[{"@type":"ReadAction","target":["https:\/\/wp.kristdemokraterna.se\/lidingo\/var-politik\/utbildning\/"]}]},{"@type":"ImageObject","inLanguage":"sv-SE","@id":"https:\/\/wp.kristdemokraterna.se\/lidingo\/var-politik\/utbildning\/#primaryimage","url":"http:\/\/wp.kristdemokraterna.se\/lidingo\/files\/2022\/04\/skola-kd-lidingo-300x204.jpg","contentUrl":"http:\/\/wp.kristdemokraterna.se\/lidingo\/files\/2022\/04\/skola-kd-lidingo-300x204.jpg"},{"@type":"BreadcrumbList","@id":"https:\/\/wp.kristdemokraterna.se\/lidingo\/var-politik\/utbildning\/#breadcrumb","itemListElement":[{"@type":"ListItem","position":1,"name":"Hem","item":"https:\/\/wp.kristdemokraterna.se\/lidingo\/"},{"@type":"ListItem","position":2,"name":"V\u00e5r politik","item":"https:\/\/wp.kristdemokraterna.se\/lidingo\/var-politik\/"},{"@type":"ListItem","position":3,"name":"\u00c4ldreomsorg och Sjukv\u00e5rd"}]},{"@type":"WebSite","@id":"https:\/\/wp.kristdemokraterna.se\/lidingo\/#website","url":"https:\/\/wp.kristdemokraterna.se\/lidingo\/","name":"Liding\u00f6","description":"","inLanguage":"sv-SE"}]}},"_links":{"self":[{"href":"https:\/\/wp.kristdemokraterna.se\/lidingo\/wp-json\/wp\/v2\/pages\/305","targetHints":{"allow":["GET"]}}],"collection":[{"href":"https:\/\/wp.kristdemokraterna.se\/lidingo\/wp-json\/wp\/v2\/pages"}],"about":[{"href":"https:\/\/wp.kristdemokraterna.se\/lidingo\/wp-json\/wp\/v2\/types\/page"}],"author":[{"embeddable":true,"href":"https:\/\/wp.kristdemokraterna.se\/lidingo\/wp-json\/wp\/v2\/users\/421"}],"replies":[{"embeddable":true,"href":"https:\/\/wp.kristdemokraterna.se\/lidingo\/wp-json\/wp\/v2\/comments?post=305"}],"version-history":[{"count":6,"href":"https:\/\/wp.kristdemokraterna.se\/lidingo\/wp-json\/wp\/v2\/pages\/305\/revisions"}],"predecessor-version":[{"id":674,"href":"https:\/\/wp.kristdemokraterna.se\/lidingo\/wp-json\/wp\/v2\/pages\/305\/revisions\/674"}],"up":[{"embeddable":true,"href":"https:\/\/wp.kristdemokraterna.se\/lidingo\/wp-json\/wp\/v2\/pages\/2"}],"wp:attachment":[{"href":"https:\/\/wp.kristdemokraterna.se\/lidingo\/wp-json\/wp\/v2\/media?parent=305"}],"curies":[{"name":"wp","href":"https:\/\/api.w.org\/{rel}","templated":true}]}}