{"id":319,"date":"2018-06-18T22:59:25","date_gmt":"2018-06-18T20:59:25","guid":{"rendered":"http:\/\/wp.kristdemokraterna.se\/lidingo\/?page_id=319"},"modified":"2022-05-23T16:32:41","modified_gmt":"2022-05-23T14:32:41","slug":"miljo","status":"publish","type":"page","link":"https:\/\/wp.kristdemokraterna.se\/lidingo\/var-politik\/miljo\/","title":{"rendered":"Liding\u00f6 ska vara h\u00e4lsans \u00f6 &#8211; tillg\u00e4nglig och trygg"},"content":{"rendered":"<h3><span style=\"color: #015ea1\">Liding\u00f6: H\u00e4lsans \u00f6 &#8211; tillg\u00e4nglig och trygg<\/span><\/h3>\n<p><a href=\"http:\/\/wp.kristdemokraterna.se\/lidingo\/files\/2022\/04\/byggande-kd-scaled.jpg\"><img loading=\"lazy\" decoding=\"async\" class=\"alignnone wp-image-605\" src=\"http:\/\/wp.kristdemokraterna.se\/lidingo\/files\/2022\/04\/byggande-kd-scaled.jpg\" alt=\"\" width=\"279\" height=\"157\" srcset=\"https:\/\/wp.kristdemokraterna.se\/lidingo\/files\/2022\/04\/byggande-kd-scaled.jpg 2560w, https:\/\/wp.kristdemokraterna.se\/lidingo\/files\/2022\/04\/byggande-kd-300x169.jpg 300w, https:\/\/wp.kristdemokraterna.se\/lidingo\/files\/2022\/04\/byggande-kd-1024x576.jpg 1024w, https:\/\/wp.kristdemokraterna.se\/lidingo\/files\/2022\/04\/byggande-kd-768x432.jpg 768w, https:\/\/wp.kristdemokraterna.se\/lidingo\/files\/2022\/04\/byggande-kd-1536x864.jpg 1536w, https:\/\/wp.kristdemokraterna.se\/lidingo\/files\/2022\/04\/byggande-kd-2048x1152.jpg 2048w, https:\/\/wp.kristdemokraterna.se\/lidingo\/files\/2022\/04\/byggande-kd-356x200.jpg 356w, https:\/\/wp.kristdemokraterna.se\/lidingo\/files\/2022\/04\/byggande-kd-370x208.jpg 370w, https:\/\/wp.kristdemokraterna.se\/lidingo\/files\/2022\/04\/byggande-kd-770x433.jpg 770w, https:\/\/wp.kristdemokraterna.se\/lidingo\/files\/2022\/04\/byggande-kd-450x253.jpg 450w, https:\/\/wp.kristdemokraterna.se\/lidingo\/files\/2022\/04\/byggande-kd-280x158.jpg 280w, https:\/\/wp.kristdemokraterna.se\/lidingo\/files\/2022\/04\/byggande-kd-340x191.jpg 340w, https:\/\/wp.kristdemokraterna.se\/lidingo\/files\/2022\/04\/byggande-kd-200x113.jpg 200w, https:\/\/wp.kristdemokraterna.se\/lidingo\/files\/2022\/04\/byggande-kd-100x56.jpg 100w\" sizes=\"auto, (max-width: 279px) 100vw, 279px\" \/><\/a><\/p>\n<p>Liding\u00f6s s\u00e4rpr\u00e4gel som en gr\u00f6n oas n\u00e4ra storstaden ska bibeh\u00e5llas. H\u00e4lso- och milj\u00f6perspektiven ska styra v\u00e5r samh\u00e4llsplanering. Liding\u00f6 ska vara h\u00e4lsans \u00f6. V\u00e5ra vackra naturomr\u00e5den m\u00e5ste v\u00e4rnas och de ska vara tillg\u00e4ngliga f\u00f6r naturupplevelser och friluftsliv f\u00f6r s\u00e5v\u00e4l unga som \u00e4ldre och f\u00f6r personer med funktionsneds\u00e4ttning. Infrastrukturen ska utvecklas med b\u00e4ttre kommunikationer och upprustade n\u00e4rcentra. Under den kommande mandatperioden vill KD g\u00f6ra f\u00f6ljande satsningar.<\/p>\n<p>\u00b7 \u00d6ka st\u00f6det till f\u00f6reningsverksamheten f\u00f6r att fr\u00e4mja fysisk aktivitet och social gemenskap. Ofrivillig ensamhet och psykisk oh\u00e4lsa hos s\u00e5v\u00e4l unga som \u00e4ldre motverkas d\u00e5 fler f\u00e5r m\u00f6jlighet att k\u00e4nna identitet och sammanhang i en idrottsf\u00f6rening eller ideell f\u00f6rening.<\/p>\n<p>\u00b7 Beakta funktionshinderperspektivet i samh\u00e4llsplaneringen<\/p>\n<p>\u00b7 Ungdomar och \u00e4ldre med funktionshinder ska ges \u00f6kade resurser med st\u00f6d till \u00d6-gruppen och dagverksamheterna. Fler attraktiva gruppbost\u00e4der ska byggas.<\/p>\n<p>\u00b7 Anl\u00e4gga fler promenadstr\u00e5k med bra belysning tillg\u00e4ngliga f\u00f6r s\u00e5v\u00e4l \u00e4ldre som yngre och personer med funktionsneds\u00e4ttning. Det ska vara tryggt att promenera p\u00e5 Liding\u00f6. Tillg\u00e4nglighetsanpassa fler bryggor och badplatser.<\/p>\n<p>\u00b7 Verka f\u00f6r att Liding\u00f6 f\u00e5r fler poliser med god lokalk\u00e4nnedom. Fler trygghetskameror ska installeras.<\/p>\n<p>\u00b7 Satsningen p\u00e5 Liding\u00f6 kvinnojour och nattvandrarna ska fullf\u00f6ljas och verksamheten med f\u00e4ltkuratorer utvecklas.<\/p>\n<p>\u00b7 F\u00f6rhandla med regionen om b\u00e4ttre kommunikationer mellan s\u00f6dra \u00f6n och centrum och mellan norra och s\u00f6dra \u00f6n. Det \u00e4r en klimatsmart \u00e5tg\u00e4rd d\u00e5 dagens d\u00e5liga kommunala kommunikationer tvingar m\u00e5nga att i on\u00f6dan ta egen bil eller f\u00e4rdtj\u00e4nst.<\/p>\n<p>\u00b7 F\u00f6rhandla med regionen om b\u00e4ttre f\u00e4rdtj\u00e4nstavtal f\u00f6r Liding\u00f6. F\u00e4rdtj\u00e4nsten kommer idag ofta f\u00f6r sent.<\/p>\n<p>\u00b7 Verka f\u00f6r att tr\u00e4ngselskatten till Ropsten avskaffas.<\/p>\n<h2><span style=\"color: #015ea1\"><em>Kristdemokraterna Liding\u00f6\u2013 vi g\u00f6r det b\u00e4ttre!<\/em><\/span><\/h2>\n","protected":false},"excerpt":{"rendered":"<p>Liding\u00f6: H\u00e4lsans \u00f6 &#8211; tillg\u00e4nglig och trygg Liding\u00f6s s\u00e4rpr\u00e4gel som en gr\u00f6n oas n\u00e4ra storstaden ska bibeh\u00e5llas. H\u00e4lso- och milj\u00f6perspektiven ska styra v\u00e5r samh\u00e4llsplanering. Liding\u00f6 ska vara h\u00e4lsans \u00f6. V\u00e5ra vackra naturomr\u00e5den m\u00e5ste v\u00e4rnas och de ska vara tillg\u00e4ngliga f\u00f6r naturupplevelser och friluftsliv f\u00f6r s\u00e5v\u00e4l unga som \u00e4ldre och f\u00f6r personer med funktionsneds\u00e4ttning. Infrastrukturen ska <a class=\"read-more-link\" href=\"https:\/\/wp.kristdemokraterna.se\/lidingo\/var-politik\/miljo\/\">Read More<\/a><\/p>\n","protected":false},"author":421,"featured_media":0,"parent":2,"menu_order":5,"comment_status":"closed","ping_status":"closed","template":"","meta":{"_acf_changed":false,"footnotes":""},"class_list":["post-319","page","type-page","status-publish","hentry"],"acf":[],"yoast_head":"<!-- This site is optimized with the Yoast SEO plugin v27.3 - https:\/\/yoast.com\/product\/yoast-seo-wordpress\/ -->\n<title>Liding\u00f6 ska vara h\u00e4lsans \u00f6 - tillg\u00e4nglig och trygg - Liding\u00f6<\/title>\n<meta name=\"robots\" content=\"index, follow, max-snippet:-1, max-image-preview:large, max-video-preview:-1\" \/>\n<link rel=\"canonical\" href=\"https:\/\/wp.kristdemokraterna.se\/lidingo\/var-politik\/miljo\/\" \/>\n<meta property=\"og:locale\" content=\"sv_SE\" \/>\n<meta property=\"og:type\" content=\"article\" \/>\n<meta property=\"og:title\" content=\"Liding\u00f6 ska vara h\u00e4lsans \u00f6 - tillg\u00e4nglig och trygg - Liding\u00f6\" \/>\n<meta property=\"og:description\" content=\"Liding\u00f6: H\u00e4lsans \u00f6 &#8211; tillg\u00e4nglig och trygg Liding\u00f6s s\u00e4rpr\u00e4gel som en gr\u00f6n oas n\u00e4ra storstaden ska bibeh\u00e5llas. H\u00e4lso- och milj\u00f6perspektiven ska styra v\u00e5r samh\u00e4llsplanering. Liding\u00f6 ska vara h\u00e4lsans \u00f6. V\u00e5ra vackra naturomr\u00e5den m\u00e5ste v\u00e4rnas och de ska vara tillg\u00e4ngliga f\u00f6r naturupplevelser och friluftsliv f\u00f6r s\u00e5v\u00e4l unga som \u00e4ldre och f\u00f6r personer med funktionsneds\u00e4ttning. Infrastrukturen ska Read More\" \/>\n<meta property=\"og:url\" content=\"https:\/\/wp.kristdemokraterna.se\/lidingo\/var-politik\/miljo\/\" \/>\n<meta property=\"og:site_name\" content=\"Liding\u00f6\" \/>\n<meta property=\"article:modified_time\" content=\"2022-05-23T14:32:41+00:00\" \/>\n<meta property=\"og:image\" content=\"http:\/\/wp.kristdemokraterna.se\/lidingo\/files\/2022\/04\/byggande-kd-scaled.jpg\" \/>\n<meta name=\"twitter:card\" content=\"summary_large_image\" \/>\n<meta name=\"twitter:label1\" content=\"Ber\u00e4knad l\u00e4stid\" \/>\n\t<meta name=\"twitter:data1\" content=\"2 minuter\" \/>\n<script type=\"application\/ld+json\" class=\"yoast-schema-graph\">{\"@context\":\"https:\\\/\\\/schema.org\",\"@graph\":[{\"@type\":\"WebPage\",\"@id\":\"https:\\\/\\\/wp.kristdemokraterna.se\\\/lidingo\\\/var-politik\\\/miljo\\\/\",\"url\":\"https:\\\/\\\/wp.kristdemokraterna.se\\\/lidingo\\\/var-politik\\\/miljo\\\/\",\"name\":\"Liding\u00f6 ska vara h\u00e4lsans \u00f6 - tillg\u00e4nglig och trygg - Liding\u00f6\",\"isPartOf\":{\"@id\":\"https:\\\/\\\/wp.kristdemokraterna.se\\\/lidingo\\\/#website\"},\"primaryImageOfPage\":{\"@id\":\"https:\\\/\\\/wp.kristdemokraterna.se\\\/lidingo\\\/var-politik\\\/miljo\\\/#primaryimage\"},\"image\":{\"@id\":\"https:\\\/\\\/wp.kristdemokraterna.se\\\/lidingo\\\/var-politik\\\/miljo\\\/#primaryimage\"},\"thumbnailUrl\":\"http:\\\/\\\/wp.kristdemokraterna.se\\\/lidingo\\\/files\\\/2022\\\/04\\\/byggande-kd-scaled.jpg\",\"datePublished\":\"2018-06-18T20:59:25+00:00\",\"dateModified\":\"2022-05-23T14:32:41+00:00\",\"breadcrumb\":{\"@id\":\"https:\\\/\\\/wp.kristdemokraterna.se\\\/lidingo\\\/var-politik\\\/miljo\\\/#breadcrumb\"},\"inLanguage\":\"sv-SE\",\"potentialAction\":[{\"@type\":\"ReadAction\",\"target\":[\"https:\\\/\\\/wp.kristdemokraterna.se\\\/lidingo\\\/var-politik\\\/miljo\\\/\"]}]},{\"@type\":\"ImageObject\",\"inLanguage\":\"sv-SE\",\"@id\":\"https:\\\/\\\/wp.kristdemokraterna.se\\\/lidingo\\\/var-politik\\\/miljo\\\/#primaryimage\",\"url\":\"http:\\\/\\\/wp.kristdemokraterna.se\\\/lidingo\\\/files\\\/2022\\\/04\\\/byggande-kd-scaled.jpg\",\"contentUrl\":\"http:\\\/\\\/wp.kristdemokraterna.se\\\/lidingo\\\/files\\\/2022\\\/04\\\/byggande-kd-scaled.jpg\"},{\"@type\":\"BreadcrumbList\",\"@id\":\"https:\\\/\\\/wp.kristdemokraterna.se\\\/lidingo\\\/var-politik\\\/miljo\\\/#breadcrumb\",\"itemListElement\":[{\"@type\":\"ListItem\",\"position\":1,\"name\":\"Hem\",\"item\":\"https:\\\/\\\/wp.kristdemokraterna.se\\\/lidingo\\\/\"},{\"@type\":\"ListItem\",\"position\":2,\"name\":\"V\u00e5r politik\",\"item\":\"https:\\\/\\\/wp.kristdemokraterna.se\\\/lidingo\\\/var-politik\\\/\"},{\"@type\":\"ListItem\",\"position\":3,\"name\":\"Liding\u00f6 ska vara h\u00e4lsans \u00f6 &#8211; tillg\u00e4nglig och trygg\"}]},{\"@type\":\"WebSite\",\"@id\":\"https:\\\/\\\/wp.kristdemokraterna.se\\\/lidingo\\\/#website\",\"url\":\"https:\\\/\\\/wp.kristdemokraterna.se\\\/lidingo\\\/\",\"name\":\"Liding\u00f6\",\"description\":\"\",\"inLanguage\":\"sv-SE\"}]}<\/script>\n<!-- \/ Yoast SEO plugin. -->","yoast_head_json":{"title":"Liding\u00f6 ska vara h\u00e4lsans \u00f6 - tillg\u00e4nglig och trygg - Liding\u00f6","robots":{"index":"index","follow":"follow","max-snippet":"max-snippet:-1","max-image-preview":"max-image-preview:large","max-video-preview":"max-video-preview:-1"},"canonical":"https:\/\/wp.kristdemokraterna.se\/lidingo\/var-politik\/miljo\/","og_locale":"sv_SE","og_type":"article","og_title":"Liding\u00f6 ska vara h\u00e4lsans \u00f6 - tillg\u00e4nglig och trygg - Liding\u00f6","og_description":"Liding\u00f6: H\u00e4lsans \u00f6 &#8211; tillg\u00e4nglig och trygg Liding\u00f6s s\u00e4rpr\u00e4gel som en gr\u00f6n oas n\u00e4ra storstaden ska bibeh\u00e5llas. H\u00e4lso- och milj\u00f6perspektiven ska styra v\u00e5r samh\u00e4llsplanering. Liding\u00f6 ska vara h\u00e4lsans \u00f6. V\u00e5ra vackra naturomr\u00e5den m\u00e5ste v\u00e4rnas och de ska vara tillg\u00e4ngliga f\u00f6r naturupplevelser och friluftsliv f\u00f6r s\u00e5v\u00e4l unga som \u00e4ldre och f\u00f6r personer med funktionsneds\u00e4ttning. Infrastrukturen ska Read More","og_url":"https:\/\/wp.kristdemokraterna.se\/lidingo\/var-politik\/miljo\/","og_site_name":"Liding\u00f6","article_modified_time":"2022-05-23T14:32:41+00:00","og_image":[{"url":"http:\/\/wp.kristdemokraterna.se\/lidingo\/files\/2022\/04\/byggande-kd-scaled.jpg","type":"","width":"","height":""}],"twitter_card":"summary_large_image","twitter_misc":{"Ber\u00e4knad l\u00e4stid":"2 minuter"},"schema":{"@context":"https:\/\/schema.org","@graph":[{"@type":"WebPage","@id":"https:\/\/wp.kristdemokraterna.se\/lidingo\/var-politik\/miljo\/","url":"https:\/\/wp.kristdemokraterna.se\/lidingo\/var-politik\/miljo\/","name":"Liding\u00f6 ska vara h\u00e4lsans \u00f6 - tillg\u00e4nglig och trygg - Liding\u00f6","isPartOf":{"@id":"https:\/\/wp.kristdemokraterna.se\/lidingo\/#website"},"primaryImageOfPage":{"@id":"https:\/\/wp.kristdemokraterna.se\/lidingo\/var-politik\/miljo\/#primaryimage"},"image":{"@id":"https:\/\/wp.kristdemokraterna.se\/lidingo\/var-politik\/miljo\/#primaryimage"},"thumbnailUrl":"http:\/\/wp.kristdemokraterna.se\/lidingo\/files\/2022\/04\/byggande-kd-scaled.jpg","datePublished":"2018-06-18T20:59:25+00:00","dateModified":"2022-05-23T14:32:41+00:00","breadcrumb":{"@id":"https:\/\/wp.kristdemokraterna.se\/lidingo\/var-politik\/miljo\/#breadcrumb"},"inLanguage":"sv-SE","potentialAction":[{"@type":"ReadAction","target":["https:\/\/wp.kristdemokraterna.se\/lidingo\/var-politik\/miljo\/"]}]},{"@type":"ImageObject","inLanguage":"sv-SE","@id":"https:\/\/wp.kristdemokraterna.se\/lidingo\/var-politik\/miljo\/#primaryimage","url":"http:\/\/wp.kristdemokraterna.se\/lidingo\/files\/2022\/04\/byggande-kd-scaled.jpg","contentUrl":"http:\/\/wp.kristdemokraterna.se\/lidingo\/files\/2022\/04\/byggande-kd-scaled.jpg"},{"@type":"BreadcrumbList","@id":"https:\/\/wp.kristdemokraterna.se\/lidingo\/var-politik\/miljo\/#breadcrumb","itemListElement":[{"@type":"ListItem","position":1,"name":"Hem","item":"https:\/\/wp.kristdemokraterna.se\/lidingo\/"},{"@type":"ListItem","position":2,"name":"V\u00e5r politik","item":"https:\/\/wp.kristdemokraterna.se\/lidingo\/var-politik\/"},{"@type":"ListItem","position":3,"name":"Liding\u00f6 ska vara h\u00e4lsans \u00f6 &#8211; tillg\u00e4nglig och trygg"}]},{"@type":"WebSite","@id":"https:\/\/wp.kristdemokraterna.se\/lidingo\/#website","url":"https:\/\/wp.kristdemokraterna.se\/lidingo\/","name":"Liding\u00f6","description":"","inLanguage":"sv-SE"}]}},"_links":{"self":[{"href":"https:\/\/wp.kristdemokraterna.se\/lidingo\/wp-json\/wp\/v2\/pages\/319","targetHints":{"allow":["GET"]}}],"collection":[{"href":"https:\/\/wp.kristdemokraterna.se\/lidingo\/wp-json\/wp\/v2\/pages"}],"about":[{"href":"https:\/\/wp.kristdemokraterna.se\/lidingo\/wp-json\/wp\/v2\/types\/page"}],"author":[{"embeddable":true,"href":"https:\/\/wp.kristdemokraterna.se\/lidingo\/wp-json\/wp\/v2\/users\/421"}],"replies":[{"embeddable":true,"href":"https:\/\/wp.kristdemokraterna.se\/lidingo\/wp-json\/wp\/v2\/comments?post=319"}],"version-history":[{"count":8,"href":"https:\/\/wp.kristdemokraterna.se\/lidingo\/wp-json\/wp\/v2\/pages\/319\/revisions"}],"predecessor-version":[{"id":682,"href":"https:\/\/wp.kristdemokraterna.se\/lidingo\/wp-json\/wp\/v2\/pages\/319\/revisions\/682"}],"up":[{"embeddable":true,"href":"https:\/\/wp.kristdemokraterna.se\/lidingo\/wp-json\/wp\/v2\/pages\/2"}],"wp:attachment":[{"href":"https:\/\/wp.kristdemokraterna.se\/lidingo\/wp-json\/wp\/v2\/media?parent=319"}],"curies":[{"name":"wp","href":"https:\/\/api.w.org\/{rel}","templated":true}]}}