{"id":333,"date":"2018-06-19T00:09:01","date_gmt":"2018-06-18T22:09:01","guid":{"rendered":"http:\/\/wp.kristdemokraterna.se\/lidingo\/?page_id=333"},"modified":"2022-05-23T16:21:54","modified_gmt":"2022-05-23T14:21:54","slug":"stod-omsorg-och-trygghet","status":"publish","type":"page","link":"https:\/\/wp.kristdemokraterna.se\/lidingo\/var-politik\/stod-omsorg-och-trygghet\/","title":{"rendered":"Milj\u00f6 och klimat"},"content":{"rendered":"<h3><span style=\"color: #015ea1\">Milj\u00f6 och klimat<\/span><\/h3>\n<p><a href=\"http:\/\/wp.kristdemokraterna.se\/lidingo\/files\/2018\/06\/wood-anemone-3255_960_720.jpg\"><img loading=\"lazy\" decoding=\"async\" class=\"alignnone wp-image-320\" src=\"http:\/\/wp.kristdemokraterna.se\/lidingo\/files\/2018\/06\/wood-anemone-3255_960_720.jpg\" alt=\"\" width=\"215\" height=\"161\" srcset=\"https:\/\/wp.kristdemokraterna.se\/lidingo\/files\/2018\/06\/wood-anemone-3255_960_720.jpg 960w, https:\/\/wp.kristdemokraterna.se\/lidingo\/files\/2018\/06\/wood-anemone-3255_960_720-300x225.jpg 300w, https:\/\/wp.kristdemokraterna.se\/lidingo\/files\/2018\/06\/wood-anemone-3255_960_720-768x576.jpg 768w, https:\/\/wp.kristdemokraterna.se\/lidingo\/files\/2018\/06\/wood-anemone-3255_960_720-267x200.jpg 267w, https:\/\/wp.kristdemokraterna.se\/lidingo\/files\/2018\/06\/wood-anemone-3255_960_720-370x278.jpg 370w, https:\/\/wp.kristdemokraterna.se\/lidingo\/files\/2018\/06\/wood-anemone-3255_960_720-770x578.jpg 770w, https:\/\/wp.kristdemokraterna.se\/lidingo\/files\/2018\/06\/wood-anemone-3255_960_720-450x338.jpg 450w, https:\/\/wp.kristdemokraterna.se\/lidingo\/files\/2018\/06\/wood-anemone-3255_960_720-280x210.jpg 280w, https:\/\/wp.kristdemokraterna.se\/lidingo\/files\/2018\/06\/wood-anemone-3255_960_720-340x255.jpg 340w, https:\/\/wp.kristdemokraterna.se\/lidingo\/files\/2018\/06\/wood-anemone-3255_960_720-200x150.jpg 200w, https:\/\/wp.kristdemokraterna.se\/lidingo\/files\/2018\/06\/wood-anemone-3255_960_720-75x56.jpg 75w\" sizes=\"auto, (max-width: 215px) 100vw, 215px\" \/><\/a><\/p>\n<p>Allt fler Liding\u00f6bor engagerar sig och g\u00f6r aktiva val f\u00f6r milj\u00f6n och klimatet. Det st\u00e4ller ocks\u00e5 \u00f6kade krav p\u00e5 Liding\u00f6 stad vilket \u00e4r positivt. KD vill se \u00f6kade m\u00f6jligheter f\u00f6r Liding\u00f6bor som bor i flerfamiljshus att skaffa en elbil och uppl\u00e5ta mark till offentliga laddplatser i flerfamiljsomr\u00e5den och p\u00e5 \u00f6ns infartsparkeringar.<\/p>\n<p>Liding\u00f6s kuster och natur \u00e4r skr\u00e4piga. D\u00e4rf\u00f6r ska projektet med att rena Kyrkviken fr\u00e5n f\u00f6roreningar prioriteras och nya dagvattendammar byggas. Privata initiativ som vill bidra ska v\u00e4lkomnas. Likas\u00e5 ska skr\u00e4p i naturen och i vattnet plockas upp och tas om hand. En ny plats f\u00f6r sn\u00f6tippning p\u00e5 s\u00f6dra \u00f6n ska iordningsst\u00e4llas f\u00f6r att undvika att sn\u00f6 och d\u00e4rigenom skr\u00e4p dumpas i vattnet.<\/p>\n<p>P\u00e5 flera av kommunens fastigheter \u00e4r solceller installerade. Samtliga tak som \u00e4r l\u00e4mpliga b\u00f6r utrustas med solceller.<\/p>\n<p>Allt fler Liding\u00f6bor sorterar sitt matavfall. Det \u00e4r bra men det g\u00e5r f\u00f6r l\u00e5ngsamt. M\u00e5nga kommuner runtom i Sverige har obligatorisk matavfallsinsamling vilket \u00e4ven b\u00f6r inf\u00f6ras p\u00e5 Liding\u00f6.<\/p>\n<p>Liding\u00f6s stora naturomr\u00e5den \u00e4r en ov\u00e4rderlig resurs i v\u00e5r t\u00e4tt befolkade region. D\u00e4rf\u00f6r vill vi ut\u00f6ka naturskyddsomr\u00e5dena f\u00f6r att s\u00e4kerst\u00e4lla Liding\u00f6s gr\u00f6na karakt\u00e4r till kommande generationer och skapa goda milj\u00f6er f\u00f6r m\u00e5nga olika djur och den biologiska m\u00e5ngfalden.<\/p>\n<p>\u00b7 Skydda mer natur p\u00e5 Liding\u00f6.<\/p>\n<p>\u00b7 R\u00e4dda Kyrkviken genom effektiv dagvattenrening.<\/p>\n<p>\u00b7 Rensa Liding\u00f6s kuster fr\u00e5n skr\u00e4p ovanf\u00f6r och under vattenytan.<\/p>\n<p>\u00b7 Uppl\u00e5ta mark till laddstolpar p\u00e5 infartsparkeringar och i flerfamiljsomr\u00e5den.<\/p>\n<p>\u00b7 Bygga ut solcellerna p\u00e5 kommunens fastigheter.<\/p>\n<p>\u00b7 Inf\u00f6ra obligatorisk insamling av matavfall.<\/p>\n<p>\u00b7 Tillvarata engagerade Liding\u00f6bors id\u00e9er r\u00f6rande milj\u00f6 och klimat.<\/p>\n<h2><span style=\"color: #015ea1\"><em>Kristdemokraterna Liding\u00f6\u2013 vi g\u00f6r det b\u00e4ttre!<\/em><\/span><\/h2>\n<p>&nbsp;<\/p>\n<p>&nbsp;<\/p>\n","protected":false},"excerpt":{"rendered":"<p>Milj\u00f6 och klimat Allt fler Liding\u00f6bor engagerar sig och g\u00f6r aktiva val f\u00f6r milj\u00f6n och klimatet. Det st\u00e4ller ocks\u00e5 \u00f6kade krav p\u00e5 Liding\u00f6 stad vilket \u00e4r positivt. KD vill se \u00f6kade m\u00f6jligheter f\u00f6r Liding\u00f6bor som bor i flerfamiljshus att skaffa en elbil och uppl\u00e5ta mark till offentliga laddplatser i flerfamiljsomr\u00e5den och p\u00e5 \u00f6ns infartsparkeringar. Liding\u00f6s <a class=\"read-more-link\" href=\"https:\/\/wp.kristdemokraterna.se\/lidingo\/var-politik\/stod-omsorg-och-trygghet\/\">Read More<\/a><\/p>\n","protected":false},"author":421,"featured_media":0,"parent":2,"menu_order":8,"comment_status":"closed","ping_status":"closed","template":"","meta":{"_acf_changed":false,"footnotes":""},"class_list":["post-333","page","type-page","status-publish","hentry"],"acf":[],"yoast_head":"<!-- This site is optimized with the Yoast SEO plugin v27.4 - https:\/\/yoast.com\/product\/yoast-seo-wordpress\/ -->\n<title>Milj\u00f6 och klimat - Liding\u00f6<\/title>\n<meta name=\"robots\" content=\"index, follow, max-snippet:-1, max-image-preview:large, max-video-preview:-1\" \/>\n<link rel=\"canonical\" href=\"https:\/\/wp.kristdemokraterna.se\/lidingo\/var-politik\/stod-omsorg-och-trygghet\/\" \/>\n<meta property=\"og:locale\" content=\"sv_SE\" \/>\n<meta property=\"og:type\" content=\"article\" \/>\n<meta property=\"og:title\" content=\"Milj\u00f6 och klimat - Liding\u00f6\" \/>\n<meta property=\"og:description\" content=\"Milj\u00f6 och klimat Allt fler Liding\u00f6bor engagerar sig och g\u00f6r aktiva val f\u00f6r milj\u00f6n och klimatet. Det st\u00e4ller ocks\u00e5 \u00f6kade krav p\u00e5 Liding\u00f6 stad vilket \u00e4r positivt. KD vill se \u00f6kade m\u00f6jligheter f\u00f6r Liding\u00f6bor som bor i flerfamiljshus att skaffa en elbil och uppl\u00e5ta mark till offentliga laddplatser i flerfamiljsomr\u00e5den och p\u00e5 \u00f6ns infartsparkeringar. Liding\u00f6s Read More\" \/>\n<meta property=\"og:url\" content=\"https:\/\/wp.kristdemokraterna.se\/lidingo\/var-politik\/stod-omsorg-och-trygghet\/\" \/>\n<meta property=\"og:site_name\" content=\"Liding\u00f6\" \/>\n<meta property=\"article:modified_time\" content=\"2022-05-23T14:21:54+00:00\" \/>\n<meta property=\"og:image\" content=\"http:\/\/wp.kristdemokraterna.se\/lidingo\/files\/2018\/06\/wood-anemone-3255_960_720.jpg\" \/>\n<meta name=\"twitter:card\" content=\"summary_large_image\" \/>\n<meta name=\"twitter:label1\" content=\"Ber\u00e4knad l\u00e4stid\" \/>\n\t<meta name=\"twitter:data1\" content=\"2 minuter\" \/>\n<script type=\"application\/ld+json\" class=\"yoast-schema-graph\">{\"@context\":\"https:\\\/\\\/schema.org\",\"@graph\":[{\"@type\":\"WebPage\",\"@id\":\"https:\\\/\\\/wp.kristdemokraterna.se\\\/lidingo\\\/var-politik\\\/stod-omsorg-och-trygghet\\\/\",\"url\":\"https:\\\/\\\/wp.kristdemokraterna.se\\\/lidingo\\\/var-politik\\\/stod-omsorg-och-trygghet\\\/\",\"name\":\"Milj\u00f6 och klimat - Liding\u00f6\",\"isPartOf\":{\"@id\":\"https:\\\/\\\/wp.kristdemokraterna.se\\\/lidingo\\\/#website\"},\"primaryImageOfPage\":{\"@id\":\"https:\\\/\\\/wp.kristdemokraterna.se\\\/lidingo\\\/var-politik\\\/stod-omsorg-och-trygghet\\\/#primaryimage\"},\"image\":{\"@id\":\"https:\\\/\\\/wp.kristdemokraterna.se\\\/lidingo\\\/var-politik\\\/stod-omsorg-och-trygghet\\\/#primaryimage\"},\"thumbnailUrl\":\"http:\\\/\\\/wp.kristdemokraterna.se\\\/lidingo\\\/files\\\/2018\\\/06\\\/wood-anemone-3255_960_720.jpg\",\"datePublished\":\"2018-06-18T22:09:01+00:00\",\"dateModified\":\"2022-05-23T14:21:54+00:00\",\"breadcrumb\":{\"@id\":\"https:\\\/\\\/wp.kristdemokraterna.se\\\/lidingo\\\/var-politik\\\/stod-omsorg-och-trygghet\\\/#breadcrumb\"},\"inLanguage\":\"sv-SE\",\"potentialAction\":[{\"@type\":\"ReadAction\",\"target\":[\"https:\\\/\\\/wp.kristdemokraterna.se\\\/lidingo\\\/var-politik\\\/stod-omsorg-och-trygghet\\\/\"]}]},{\"@type\":\"ImageObject\",\"inLanguage\":\"sv-SE\",\"@id\":\"https:\\\/\\\/wp.kristdemokraterna.se\\\/lidingo\\\/var-politik\\\/stod-omsorg-och-trygghet\\\/#primaryimage\",\"url\":\"http:\\\/\\\/wp.kristdemokraterna.se\\\/lidingo\\\/files\\\/2018\\\/06\\\/wood-anemone-3255_960_720.jpg\",\"contentUrl\":\"http:\\\/\\\/wp.kristdemokraterna.se\\\/lidingo\\\/files\\\/2018\\\/06\\\/wood-anemone-3255_960_720.jpg\"},{\"@type\":\"BreadcrumbList\",\"@id\":\"https:\\\/\\\/wp.kristdemokraterna.se\\\/lidingo\\\/var-politik\\\/stod-omsorg-och-trygghet\\\/#breadcrumb\",\"itemListElement\":[{\"@type\":\"ListItem\",\"position\":1,\"name\":\"Hem\",\"item\":\"https:\\\/\\\/wp.kristdemokraterna.se\\\/lidingo\\\/\"},{\"@type\":\"ListItem\",\"position\":2,\"name\":\"V\u00e5r politik\",\"item\":\"https:\\\/\\\/wp.kristdemokraterna.se\\\/lidingo\\\/var-politik\\\/\"},{\"@type\":\"ListItem\",\"position\":3,\"name\":\"Milj\u00f6 och klimat\"}]},{\"@type\":\"WebSite\",\"@id\":\"https:\\\/\\\/wp.kristdemokraterna.se\\\/lidingo\\\/#website\",\"url\":\"https:\\\/\\\/wp.kristdemokraterna.se\\\/lidingo\\\/\",\"name\":\"Liding\u00f6\",\"description\":\"\",\"inLanguage\":\"sv-SE\"}]}<\/script>\n<!-- \/ Yoast SEO plugin. -->","yoast_head_json":{"title":"Milj\u00f6 och klimat - Liding\u00f6","robots":{"index":"index","follow":"follow","max-snippet":"max-snippet:-1","max-image-preview":"max-image-preview:large","max-video-preview":"max-video-preview:-1"},"canonical":"https:\/\/wp.kristdemokraterna.se\/lidingo\/var-politik\/stod-omsorg-och-trygghet\/","og_locale":"sv_SE","og_type":"article","og_title":"Milj\u00f6 och klimat - Liding\u00f6","og_description":"Milj\u00f6 och klimat Allt fler Liding\u00f6bor engagerar sig och g\u00f6r aktiva val f\u00f6r milj\u00f6n och klimatet. Det st\u00e4ller ocks\u00e5 \u00f6kade krav p\u00e5 Liding\u00f6 stad vilket \u00e4r positivt. KD vill se \u00f6kade m\u00f6jligheter f\u00f6r Liding\u00f6bor som bor i flerfamiljshus att skaffa en elbil och uppl\u00e5ta mark till offentliga laddplatser i flerfamiljsomr\u00e5den och p\u00e5 \u00f6ns infartsparkeringar. Liding\u00f6s Read More","og_url":"https:\/\/wp.kristdemokraterna.se\/lidingo\/var-politik\/stod-omsorg-och-trygghet\/","og_site_name":"Liding\u00f6","article_modified_time":"2022-05-23T14:21:54+00:00","og_image":[{"url":"http:\/\/wp.kristdemokraterna.se\/lidingo\/files\/2018\/06\/wood-anemone-3255_960_720.jpg","type":"","width":"","height":""}],"twitter_card":"summary_large_image","twitter_misc":{"Ber\u00e4knad l\u00e4stid":"2 minuter"},"schema":{"@context":"https:\/\/schema.org","@graph":[{"@type":"WebPage","@id":"https:\/\/wp.kristdemokraterna.se\/lidingo\/var-politik\/stod-omsorg-och-trygghet\/","url":"https:\/\/wp.kristdemokraterna.se\/lidingo\/var-politik\/stod-omsorg-och-trygghet\/","name":"Milj\u00f6 och klimat - Liding\u00f6","isPartOf":{"@id":"https:\/\/wp.kristdemokraterna.se\/lidingo\/#website"},"primaryImageOfPage":{"@id":"https:\/\/wp.kristdemokraterna.se\/lidingo\/var-politik\/stod-omsorg-och-trygghet\/#primaryimage"},"image":{"@id":"https:\/\/wp.kristdemokraterna.se\/lidingo\/var-politik\/stod-omsorg-och-trygghet\/#primaryimage"},"thumbnailUrl":"http:\/\/wp.kristdemokraterna.se\/lidingo\/files\/2018\/06\/wood-anemone-3255_960_720.jpg","datePublished":"2018-06-18T22:09:01+00:00","dateModified":"2022-05-23T14:21:54+00:00","breadcrumb":{"@id":"https:\/\/wp.kristdemokraterna.se\/lidingo\/var-politik\/stod-omsorg-och-trygghet\/#breadcrumb"},"inLanguage":"sv-SE","potentialAction":[{"@type":"ReadAction","target":["https:\/\/wp.kristdemokraterna.se\/lidingo\/var-politik\/stod-omsorg-och-trygghet\/"]}]},{"@type":"ImageObject","inLanguage":"sv-SE","@id":"https:\/\/wp.kristdemokraterna.se\/lidingo\/var-politik\/stod-omsorg-och-trygghet\/#primaryimage","url":"http:\/\/wp.kristdemokraterna.se\/lidingo\/files\/2018\/06\/wood-anemone-3255_960_720.jpg","contentUrl":"http:\/\/wp.kristdemokraterna.se\/lidingo\/files\/2018\/06\/wood-anemone-3255_960_720.jpg"},{"@type":"BreadcrumbList","@id":"https:\/\/wp.kristdemokraterna.se\/lidingo\/var-politik\/stod-omsorg-och-trygghet\/#breadcrumb","itemListElement":[{"@type":"ListItem","position":1,"name":"Hem","item":"https:\/\/wp.kristdemokraterna.se\/lidingo\/"},{"@type":"ListItem","position":2,"name":"V\u00e5r politik","item":"https:\/\/wp.kristdemokraterna.se\/lidingo\/var-politik\/"},{"@type":"ListItem","position":3,"name":"Milj\u00f6 och klimat"}]},{"@type":"WebSite","@id":"https:\/\/wp.kristdemokraterna.se\/lidingo\/#website","url":"https:\/\/wp.kristdemokraterna.se\/lidingo\/","name":"Liding\u00f6","description":"","inLanguage":"sv-SE"}]}},"_links":{"self":[{"href":"https:\/\/wp.kristdemokraterna.se\/lidingo\/wp-json\/wp\/v2\/pages\/333","targetHints":{"allow":["GET"]}}],"collection":[{"href":"https:\/\/wp.kristdemokraterna.se\/lidingo\/wp-json\/wp\/v2\/pages"}],"about":[{"href":"https:\/\/wp.kristdemokraterna.se\/lidingo\/wp-json\/wp\/v2\/types\/page"}],"author":[{"embeddable":true,"href":"https:\/\/wp.kristdemokraterna.se\/lidingo\/wp-json\/wp\/v2\/users\/421"}],"replies":[{"embeddable":true,"href":"https:\/\/wp.kristdemokraterna.se\/lidingo\/wp-json\/wp\/v2\/comments?post=333"}],"version-history":[{"count":12,"href":"https:\/\/wp.kristdemokraterna.se\/lidingo\/wp-json\/wp\/v2\/pages\/333\/revisions"}],"predecessor-version":[{"id":678,"href":"https:\/\/wp.kristdemokraterna.se\/lidingo\/wp-json\/wp\/v2\/pages\/333\/revisions\/678"}],"up":[{"embeddable":true,"href":"https:\/\/wp.kristdemokraterna.se\/lidingo\/wp-json\/wp\/v2\/pages\/2"}],"wp:attachment":[{"href":"https:\/\/wp.kristdemokraterna.se\/lidingo\/wp-json\/wp\/v2\/media?parent=333"}],"curies":[{"name":"wp","href":"https:\/\/api.w.org\/{rel}","templated":true}]}}