{"id":493,"date":"2020-04-18T21:16:31","date_gmt":"2020-04-18T19:16:31","guid":{"rendered":"http:\/\/wp.kristdemokraterna.se\/lidingo\/?page_id=493"},"modified":"2026-04-14T10:05:40","modified_gmt":"2026-04-14T08:05:40","slug":"styrelsen","status":"publish","type":"page","link":"https:\/\/wp.kristdemokraterna.se\/lidingo\/vara-foretradare\/styrelsen\/","title":{"rendered":"Styrelsen"},"content":{"rendered":"<p><strong>Styrelsen KD-Liding\u00f6<br \/>\n<\/strong><\/p>\n<p><a href=\"http:\/\/wp.kristdemokraterna.se\/lidingo\/files\/2026\/04\/dsc7336-scaled.jpg\"><img loading=\"lazy\" decoding=\"async\" class=\"alignnone size-full wp-image-881\" src=\"http:\/\/wp.kristdemokraterna.se\/lidingo\/files\/2026\/04\/dsc7336-scaled.jpg\" alt=\"\" width=\"2560\" height=\"1705\" srcset=\"https:\/\/wp.kristdemokraterna.se\/lidingo\/files\/2026\/04\/dsc7336-scaled.jpg 2560w, https:\/\/wp.kristdemokraterna.se\/lidingo\/files\/2026\/04\/dsc7336-300x200.jpg 300w, https:\/\/wp.kristdemokraterna.se\/lidingo\/files\/2026\/04\/dsc7336-1024x682.jpg 1024w, https:\/\/wp.kristdemokraterna.se\/lidingo\/files\/2026\/04\/dsc7336-768x512.jpg 768w, https:\/\/wp.kristdemokraterna.se\/lidingo\/files\/2026\/04\/dsc7336-1536x1023.jpg 1536w, https:\/\/wp.kristdemokraterna.se\/lidingo\/files\/2026\/04\/dsc7336-2048x1364.jpg 2048w, https:\/\/wp.kristdemokraterna.se\/lidingo\/files\/2026\/04\/dsc7336-370x246.jpg 370w, https:\/\/wp.kristdemokraterna.se\/lidingo\/files\/2026\/04\/dsc7336-770x513.jpg 770w, https:\/\/wp.kristdemokraterna.se\/lidingo\/files\/2026\/04\/dsc7336-450x300.jpg 450w, https:\/\/wp.kristdemokraterna.se\/lidingo\/files\/2026\/04\/dsc7336-280x187.jpg 280w, https:\/\/wp.kristdemokraterna.se\/lidingo\/files\/2026\/04\/dsc7336-340x226.jpg 340w, https:\/\/wp.kristdemokraterna.se\/lidingo\/files\/2026\/04\/dsc7336-200x133.jpg 200w, https:\/\/wp.kristdemokraterna.se\/lidingo\/files\/2026\/04\/dsc7336-84x56.jpg 84w\" sizes=\"auto, (max-width: 2560px) 100vw, 2560px\" \/><\/a><\/p>\n<div id=\"attachment_707\" style=\"width: 160px\" class=\"wp-caption alignleft\"><a href=\"http:\/\/wp.kristdemokraterna.se\/lidingo\/files\/2022\/06\/fredrik-ekman-press.jpg\"><img loading=\"lazy\" decoding=\"async\" aria-describedby=\"caption-attachment-707\" class=\"wp-image-707 size-thumbnail\" src=\"http:\/\/wp.kristdemokraterna.se\/lidingo\/files\/2022\/06\/fredrik-ekman-press-150x150.jpg\" alt=\"\" width=\"150\" height=\"150\" srcset=\"https:\/\/wp.kristdemokraterna.se\/lidingo\/files\/2022\/06\/fredrik-ekman-press-150x150.jpg 150w, https:\/\/wp.kristdemokraterna.se\/lidingo\/files\/2022\/06\/fredrik-ekman-press-300x300.jpg 300w, https:\/\/wp.kristdemokraterna.se\/lidingo\/files\/2022\/06\/fredrik-ekman-press-200x200.jpg 200w, https:\/\/wp.kristdemokraterna.se\/lidingo\/files\/2022\/06\/fredrik-ekman-press-370x370.jpg 370w, https:\/\/wp.kristdemokraterna.se\/lidingo\/files\/2022\/06\/fredrik-ekman-press-90x90.jpg 90w, https:\/\/wp.kristdemokraterna.se\/lidingo\/files\/2022\/06\/fredrik-ekman-press-450x450.jpg 450w, https:\/\/wp.kristdemokraterna.se\/lidingo\/files\/2022\/06\/fredrik-ekman-press-280x280.jpg 280w, https:\/\/wp.kristdemokraterna.se\/lidingo\/files\/2022\/06\/fredrik-ekman-press-340x340.jpg 340w, https:\/\/wp.kristdemokraterna.se\/lidingo\/files\/2022\/06\/fredrik-ekman-press-56x56.jpg 56w, https:\/\/wp.kristdemokraterna.se\/lidingo\/files\/2022\/06\/fredrik-ekman-press.jpg 480w\" sizes=\"auto, (max-width: 150px) 100vw, 150px\" \/><\/a><p id=\"caption-attachment-707\" class=\"wp-caption-text\">Fredrik Ekman, Ordf\u00f6rande,<a href=\"https:\/\/wp.kristdemokraterna.se\/lidingo\/706-2\/\"> L\u00e4s mer<\/a><\/p><\/div>\n<div id=\"attachment_632\" style=\"width: 160px\" class=\"wp-caption alignleft\"><a href=\"http:\/\/wp.kristdemokraterna.se\/lidingo\/files\/2022\/05\/thorbjorn-press-scaled.jpg\"><img loading=\"lazy\" decoding=\"async\" aria-describedby=\"caption-attachment-632\" class=\"wp-image-632 size-thumbnail\" src=\"http:\/\/wp.kristdemokraterna.se\/lidingo\/files\/2022\/05\/thorbjorn-press-150x150.jpg\" alt=\"\" width=\"150\" height=\"150\" srcset=\"https:\/\/wp.kristdemokraterna.se\/lidingo\/files\/2022\/05\/thorbjorn-press-150x150.jpg 150w, https:\/\/wp.kristdemokraterna.se\/lidingo\/files\/2022\/05\/thorbjorn-press-90x90.jpg 90w\" sizes=\"auto, (max-width: 150px) 100vw, 150px\" \/><\/a><p id=\"caption-attachment-632\" class=\"wp-caption-text\">Thor-Bj\u00f6rn Schiller,\u00a0 \u00a0 Kass\u00f6r, <a href=\"https:\/\/wp.kristdemokraterna.se\/lidingo\/thor-bjorn-schiller\/\">L\u00e4s mer<\/a><\/p><\/div>\n<div id=\"attachment_700\" style=\"width: 160px\" class=\"wp-caption alignleft\"><a href=\"http:\/\/wp.kristdemokraterna.se\/lidingo\/files\/2022\/06\/erica-magne-gard-press-scaled-e1675180370230.jpg\"><img loading=\"lazy\" decoding=\"async\" aria-describedby=\"caption-attachment-700\" class=\"wp-image-700 size-thumbnail\" src=\"http:\/\/wp.kristdemokraterna.se\/lidingo\/files\/2022\/06\/erica-magne-gard-press-scaled-e1675180370230-150x150.jpg\" alt=\"\" width=\"150\" height=\"150\" srcset=\"https:\/\/wp.kristdemokraterna.se\/lidingo\/files\/2022\/06\/erica-magne-gard-press-scaled-e1675180370230-150x150.jpg 150w, https:\/\/wp.kristdemokraterna.se\/lidingo\/files\/2022\/06\/erica-magne-gard-press-scaled-e1675180370230-90x90.jpg 90w\" sizes=\"auto, (max-width: 150px) 100vw, 150px\" \/><\/a><p id=\"caption-attachment-700\" class=\"wp-caption-text\">Erica Magnerg\u00e5rd, Ledamot, <a href=\"https:\/\/wp.kristdemokraterna.se\/lidingo\/erica-magnergard\/\">L\u00e4s mer<\/a><\/p><\/div>\n<div id=\"attachment_738\" style=\"width: 160px\" class=\"wp-caption alignleft\"><a href=\"http:\/\/wp.kristdemokraterna.se\/lidingo\/files\/2022\/07\/christer-akerhielm-press-scaled.jpg\"><img loading=\"lazy\" decoding=\"async\" aria-describedby=\"caption-attachment-738\" class=\"wp-image-738 size-thumbnail\" src=\"http:\/\/wp.kristdemokraterna.se\/lidingo\/files\/2022\/07\/christer-akerhielm-press-150x150.jpg\" alt=\"\" width=\"150\" height=\"150\" srcset=\"https:\/\/wp.kristdemokraterna.se\/lidingo\/files\/2022\/07\/christer-akerhielm-press-150x150.jpg 150w, https:\/\/wp.kristdemokraterna.se\/lidingo\/files\/2022\/07\/christer-akerhielm-press-90x90.jpg 90w\" sizes=\"auto, (max-width: 150px) 100vw, 150px\" \/><\/a><p id=\"caption-attachment-738\" class=\"wp-caption-text\">Christer \u00c5kerhielm, Vice ordf\u00f6rande, <a href=\"https:\/\/wp.kristdemokraterna.se\/lidingo\/christer-akerhielm\/\">L\u00e4s mer<\/a><\/p><\/div>\n<div id=\"attachment_714\" style=\"width: 160px\" class=\"wp-caption alignleft\"><a href=\"http:\/\/wp.kristdemokraterna.se\/lidingo\/files\/2022\/06\/kristian-kornell-press.jpg\"><img loading=\"lazy\" decoding=\"async\" aria-describedby=\"caption-attachment-714\" class=\"wp-image-714 size-thumbnail\" src=\"http:\/\/wp.kristdemokraterna.se\/lidingo\/files\/2022\/06\/kristian-kornell-press-150x150.jpg\" alt=\"\" width=\"150\" height=\"150\" srcset=\"https:\/\/wp.kristdemokraterna.se\/lidingo\/files\/2022\/06\/kristian-kornell-press-150x150.jpg 150w, https:\/\/wp.kristdemokraterna.se\/lidingo\/files\/2022\/06\/kristian-kornell-press-300x300.jpg 300w, https:\/\/wp.kristdemokraterna.se\/lidingo\/files\/2022\/06\/kristian-kornell-press-768x768.jpg 768w, https:\/\/wp.kristdemokraterna.se\/lidingo\/files\/2022\/06\/kristian-kornell-press-200x200.jpg 200w, https:\/\/wp.kristdemokraterna.se\/lidingo\/files\/2022\/06\/kristian-kornell-press-370x370.jpg 370w, https:\/\/wp.kristdemokraterna.se\/lidingo\/files\/2022\/06\/kristian-kornell-press-90x90.jpg 90w, https:\/\/wp.kristdemokraterna.se\/lidingo\/files\/2022\/06\/kristian-kornell-press-770x770.jpg 770w, https:\/\/wp.kristdemokraterna.se\/lidingo\/files\/2022\/06\/kristian-kornell-press-450x450.jpg 450w, https:\/\/wp.kristdemokraterna.se\/lidingo\/files\/2022\/06\/kristian-kornell-press-280x280.jpg 280w, https:\/\/wp.kristdemokraterna.se\/lidingo\/files\/2022\/06\/kristian-kornell-press-340x340.jpg 340w, https:\/\/wp.kristdemokraterna.se\/lidingo\/files\/2022\/06\/kristian-kornell-press-56x56.jpg 56w, https:\/\/wp.kristdemokraterna.se\/lidingo\/files\/2022\/06\/kristian-kornell-press.jpg 843w\" sizes=\"auto, (max-width: 150px) 100vw, 150px\" \/><\/a><p id=\"caption-attachment-714\" class=\"wp-caption-text\">Kristian Cornell, Ledamot, <a href=\"https:\/\/wp.kristdemokraterna.se\/lidingo\/kristian-cornell\/\">L\u00e4s mer<\/a><\/p><\/div>\n<p>&nbsp;<\/p>\n","protected":false},"excerpt":{"rendered":"<p>Styrelsen KD-Liding\u00f6 &nbsp;<\/p>\n","protected":false},"author":421,"featured_media":0,"parent":213,"menu_order":0,"comment_status":"closed","ping_status":"closed","template":"","meta":{"_acf_changed":false,"footnotes":""},"class_list":["post-493","page","type-page","status-publish","hentry"],"acf":[],"yoast_head":"<!-- This site is optimized with the Yoast SEO plugin v27.5 - https:\/\/yoast.com\/product\/yoast-seo-wordpress\/ -->\n<title>Styrelsen - Liding\u00f6<\/title>\n<meta name=\"robots\" content=\"index, follow, max-snippet:-1, max-image-preview:large, max-video-preview:-1\" \/>\n<link rel=\"canonical\" href=\"https:\/\/wp.kristdemokraterna.se\/lidingo\/vara-foretradare\/styrelsen\/\" \/>\n<meta property=\"og:locale\" content=\"sv_SE\" \/>\n<meta property=\"og:type\" content=\"article\" \/>\n<meta property=\"og:title\" content=\"Styrelsen - Liding\u00f6\" \/>\n<meta property=\"og:description\" content=\"Styrelsen KD-Liding\u00f6 &nbsp;\" \/>\n<meta property=\"og:url\" content=\"https:\/\/wp.kristdemokraterna.se\/lidingo\/vara-foretradare\/styrelsen\/\" \/>\n<meta property=\"og:site_name\" content=\"Liding\u00f6\" \/>\n<meta property=\"article:modified_time\" content=\"2026-04-14T08:05:40+00:00\" \/>\n<meta property=\"og:image\" content=\"https:\/\/wp.kristdemokraterna.se\/lidingo\/files\/2026\/04\/dsc7336-1024x682.jpg\" \/>\n\t<meta property=\"og:image:width\" content=\"1024\" \/>\n\t<meta property=\"og:image:height\" content=\"682\" \/>\n\t<meta property=\"og:image:type\" content=\"image\/jpeg\" \/>\n<meta name=\"twitter:card\" content=\"summary_large_image\" \/>\n<meta name=\"twitter:label1\" content=\"Ber\u00e4knad l\u00e4stid\" \/>\n\t<meta name=\"twitter:data1\" content=\"2 minuter\" \/>\n<script type=\"application\/ld+json\" class=\"yoast-schema-graph\">{\"@context\":\"https:\\\/\\\/schema.org\",\"@graph\":[{\"@type\":\"WebPage\",\"@id\":\"https:\\\/\\\/wp.kristdemokraterna.se\\\/lidingo\\\/vara-foretradare\\\/styrelsen\\\/\",\"url\":\"https:\\\/\\\/wp.kristdemokraterna.se\\\/lidingo\\\/vara-foretradare\\\/styrelsen\\\/\",\"name\":\"Styrelsen - Liding\u00f6\",\"isPartOf\":{\"@id\":\"https:\\\/\\\/wp.kristdemokraterna.se\\\/lidingo\\\/#website\"},\"primaryImageOfPage\":{\"@id\":\"https:\\\/\\\/wp.kristdemokraterna.se\\\/lidingo\\\/vara-foretradare\\\/styrelsen\\\/#primaryimage\"},\"image\":{\"@id\":\"https:\\\/\\\/wp.kristdemokraterna.se\\\/lidingo\\\/vara-foretradare\\\/styrelsen\\\/#primaryimage\"},\"thumbnailUrl\":\"http:\\\/\\\/wp.kristdemokraterna.se\\\/lidingo\\\/files\\\/2026\\\/04\\\/dsc7336-scaled.jpg\",\"datePublished\":\"2020-04-18T19:16:31+00:00\",\"dateModified\":\"2026-04-14T08:05:40+00:00\",\"breadcrumb\":{\"@id\":\"https:\\\/\\\/wp.kristdemokraterna.se\\\/lidingo\\\/vara-foretradare\\\/styrelsen\\\/#breadcrumb\"},\"inLanguage\":\"sv-SE\",\"potentialAction\":[{\"@type\":\"ReadAction\",\"target\":[\"https:\\\/\\\/wp.kristdemokraterna.se\\\/lidingo\\\/vara-foretradare\\\/styrelsen\\\/\"]}]},{\"@type\":\"ImageObject\",\"inLanguage\":\"sv-SE\",\"@id\":\"https:\\\/\\\/wp.kristdemokraterna.se\\\/lidingo\\\/vara-foretradare\\\/styrelsen\\\/#primaryimage\",\"url\":\"http:\\\/\\\/wp.kristdemokraterna.se\\\/lidingo\\\/files\\\/2026\\\/04\\\/dsc7336-scaled.jpg\",\"contentUrl\":\"http:\\\/\\\/wp.kristdemokraterna.se\\\/lidingo\\\/files\\\/2026\\\/04\\\/dsc7336-scaled.jpg\"},{\"@type\":\"BreadcrumbList\",\"@id\":\"https:\\\/\\\/wp.kristdemokraterna.se\\\/lidingo\\\/vara-foretradare\\\/styrelsen\\\/#breadcrumb\",\"itemListElement\":[{\"@type\":\"ListItem\",\"position\":1,\"name\":\"Hem\",\"item\":\"https:\\\/\\\/wp.kristdemokraterna.se\\\/lidingo\\\/\"},{\"@type\":\"ListItem\",\"position\":2,\"name\":\"V\u00e5ra f\u00f6retr\u00e4dare\",\"item\":\"https:\\\/\\\/wp.kristdemokraterna.se\\\/lidingo\\\/vara-foretradare\\\/\"},{\"@type\":\"ListItem\",\"position\":3,\"name\":\"Styrelsen\"}]},{\"@type\":\"WebSite\",\"@id\":\"https:\\\/\\\/wp.kristdemokraterna.se\\\/lidingo\\\/#website\",\"url\":\"https:\\\/\\\/wp.kristdemokraterna.se\\\/lidingo\\\/\",\"name\":\"Liding\u00f6\",\"description\":\"\",\"inLanguage\":\"sv-SE\"}]}<\/script>\n<!-- \/ Yoast SEO plugin. -->","yoast_head_json":{"title":"Styrelsen - Liding\u00f6","robots":{"index":"index","follow":"follow","max-snippet":"max-snippet:-1","max-image-preview":"max-image-preview:large","max-video-preview":"max-video-preview:-1"},"canonical":"https:\/\/wp.kristdemokraterna.se\/lidingo\/vara-foretradare\/styrelsen\/","og_locale":"sv_SE","og_type":"article","og_title":"Styrelsen - Liding\u00f6","og_description":"Styrelsen KD-Liding\u00f6 &nbsp;","og_url":"https:\/\/wp.kristdemokraterna.se\/lidingo\/vara-foretradare\/styrelsen\/","og_site_name":"Liding\u00f6","article_modified_time":"2026-04-14T08:05:40+00:00","og_image":[{"width":1024,"height":682,"url":"https:\/\/wp.kristdemokraterna.se\/lidingo\/files\/2026\/04\/dsc7336-1024x682.jpg","type":"image\/jpeg"}],"twitter_card":"summary_large_image","twitter_misc":{"Ber\u00e4knad l\u00e4stid":"2 minuter"},"schema":{"@context":"https:\/\/schema.org","@graph":[{"@type":"WebPage","@id":"https:\/\/wp.kristdemokraterna.se\/lidingo\/vara-foretradare\/styrelsen\/","url":"https:\/\/wp.kristdemokraterna.se\/lidingo\/vara-foretradare\/styrelsen\/","name":"Styrelsen - Liding\u00f6","isPartOf":{"@id":"https:\/\/wp.kristdemokraterna.se\/lidingo\/#website"},"primaryImageOfPage":{"@id":"https:\/\/wp.kristdemokraterna.se\/lidingo\/vara-foretradare\/styrelsen\/#primaryimage"},"image":{"@id":"https:\/\/wp.kristdemokraterna.se\/lidingo\/vara-foretradare\/styrelsen\/#primaryimage"},"thumbnailUrl":"http:\/\/wp.kristdemokraterna.se\/lidingo\/files\/2026\/04\/dsc7336-scaled.jpg","datePublished":"2020-04-18T19:16:31+00:00","dateModified":"2026-04-14T08:05:40+00:00","breadcrumb":{"@id":"https:\/\/wp.kristdemokraterna.se\/lidingo\/vara-foretradare\/styrelsen\/#breadcrumb"},"inLanguage":"sv-SE","potentialAction":[{"@type":"ReadAction","target":["https:\/\/wp.kristdemokraterna.se\/lidingo\/vara-foretradare\/styrelsen\/"]}]},{"@type":"ImageObject","inLanguage":"sv-SE","@id":"https:\/\/wp.kristdemokraterna.se\/lidingo\/vara-foretradare\/styrelsen\/#primaryimage","url":"http:\/\/wp.kristdemokraterna.se\/lidingo\/files\/2026\/04\/dsc7336-scaled.jpg","contentUrl":"http:\/\/wp.kristdemokraterna.se\/lidingo\/files\/2026\/04\/dsc7336-scaled.jpg"},{"@type":"BreadcrumbList","@id":"https:\/\/wp.kristdemokraterna.se\/lidingo\/vara-foretradare\/styrelsen\/#breadcrumb","itemListElement":[{"@type":"ListItem","position":1,"name":"Hem","item":"https:\/\/wp.kristdemokraterna.se\/lidingo\/"},{"@type":"ListItem","position":2,"name":"V\u00e5ra f\u00f6retr\u00e4dare","item":"https:\/\/wp.kristdemokraterna.se\/lidingo\/vara-foretradare\/"},{"@type":"ListItem","position":3,"name":"Styrelsen"}]},{"@type":"WebSite","@id":"https:\/\/wp.kristdemokraterna.se\/lidingo\/#website","url":"https:\/\/wp.kristdemokraterna.se\/lidingo\/","name":"Liding\u00f6","description":"","inLanguage":"sv-SE"}]}},"_links":{"self":[{"href":"https:\/\/wp.kristdemokraterna.se\/lidingo\/wp-json\/wp\/v2\/pages\/493","targetHints":{"allow":["GET"]}}],"collection":[{"href":"https:\/\/wp.kristdemokraterna.se\/lidingo\/wp-json\/wp\/v2\/pages"}],"about":[{"href":"https:\/\/wp.kristdemokraterna.se\/lidingo\/wp-json\/wp\/v2\/types\/page"}],"author":[{"embeddable":true,"href":"https:\/\/wp.kristdemokraterna.se\/lidingo\/wp-json\/wp\/v2\/users\/421"}],"replies":[{"embeddable":true,"href":"https:\/\/wp.kristdemokraterna.se\/lidingo\/wp-json\/wp\/v2\/comments?post=493"}],"version-history":[{"count":18,"href":"https:\/\/wp.kristdemokraterna.se\/lidingo\/wp-json\/wp\/v2\/pages\/493\/revisions"}],"predecessor-version":[{"id":882,"href":"https:\/\/wp.kristdemokraterna.se\/lidingo\/wp-json\/wp\/v2\/pages\/493\/revisions\/882"}],"up":[{"embeddable":true,"href":"https:\/\/wp.kristdemokraterna.se\/lidingo\/wp-json\/wp\/v2\/pages\/213"}],"wp:attachment":[{"href":"https:\/\/wp.kristdemokraterna.se\/lidingo\/wp-json\/wp\/v2\/media?parent=493"}],"curies":[{"name":"wp","href":"https:\/\/api.w.org\/{rel}","templated":true}]}}