{"id":280,"date":"2015-01-20T16:12:44","date_gmt":"2015-01-20T15:12:44","guid":{"rendered":"http:\/\/wp.kristdemokraterna.se\/lidkoping\/?page_id=280"},"modified":"2018-03-14T14:56:36","modified_gmt":"2018-03-14T13:56:36","slug":"vara-kommunpolitiker-2","status":"publish","type":"page","link":"https:\/\/wp.kristdemokraterna.se\/lidkoping\/vara-kommunpolitiker-2\/","title":{"rendered":"V\u00e5ra kommunpolitiker"},"content":{"rendered":"<p><em><strong><span style=\"color: #000000\">Fullm\u00e4ktigeledam\u00f6ter:<\/span><\/strong><\/em><br style=\"color: #000000\" \/>Stefan Gustafsson, gruppledare<br style=\"color: #000000\" \/><span style=\"color: #000000\">Sten-Erik Lager<br \/>\nMaria Edstr\u00f6m<\/span><\/p>\n<p><span style=\"color: #000000\">Ers\u00e4ttare:<br \/>\n<\/span>Tommy Larsson<br \/>\nMaj Ader<\/p>\n<p><em><strong>Kommunstyrelsen:<br \/>\n<\/strong><\/em>Stefan Gustafsson, ledamot<\/p>\n<p><em><strong><span style=\"color: #000000\">N\u00e4mndsledam\u00f6ter:<\/span><\/strong><\/em><br style=\"color: #000000\" \/><em><span style=\"color: #000000\">Barn- och skoln\u00e4mnd:<\/span><\/em><br style=\"color: #000000\" \/><span style=\"color: #000000\">Maria Edstr\u00f6m, ers\u00e4ttare<\/span><br style=\"color: #000000\" \/><br style=\"color: #000000\" \/><em><span style=\"color: #000000\">Kultur- \u00a0och fritidsn\u00e4mnd:<\/span><\/em><br style=\"color: #000000\" \/><span style=\"color: #000000\">Tommy Larsson, ledamot<\/span><br style=\"color: #000000\" \/><br style=\"color: #000000\" \/><em><span style=\"color: #000000\">Milj\u00f6- och byggn\u00e4mnd:<\/span><\/em><br style=\"color: #000000\" \/><span style=\"color: #000000\">Kenneth Holgersson,\u00a0ledamot<\/span><br style=\"color: #000000\" \/><br style=\"color: #000000\" \/><em><span style=\"color: #000000\">Social- och arbetsmarknadsn\u00e4mnd:<\/span><\/em><br style=\"color: #000000\" \/><span style=\"color: #000000\">Annacarin Lager, ers\u00e4ttare<\/span><br style=\"color: #000000\" \/><br style=\"color: #000000\" \/><em><span style=\"color: #000000\">Samh\u00e4llsbyggnadsn\u00e4mnd:<\/span><\/em><br style=\"color: #000000\" \/><span style=\"color: #000000\">Sten-Eric Lager,\u00a02:e vice ordf\u00f6rande<\/span><br style=\"color: #000000\" \/><br style=\"color: #000000\" \/><em><span style=\"color: #000000\">Utbildningsn\u00e4mnd:<\/span><\/em><br style=\"color: #000000\" \/><span style=\"color: #000000\">G\u00f6ran Svensson, ers\u00e4ttare<\/span><br style=\"color: #000000\" \/><br style=\"color: #000000\" \/><em><span style=\"color: #000000\">V\u00e5rd- och omsorgsn\u00e4mnd:<\/span><\/em><br style=\"color: #000000\" \/><span style=\"color: #000000\">Maj Ader, ledamot<\/span><br style=\"color: #000000\" \/><br style=\"color: #000000\" \/><em><span style=\"color: #000000\">Teknisk servicen\u00e4mnd:\u00a0<\/span><\/em><br style=\"color: #000000\" \/><span style=\"color: #000000\">Jerry Nyberg, ledamot<\/span><\/p>\n<p><em>R\u00e4ddningsn\u00e4mnd:<\/em><br \/>\nJerry Nyberg,\u00a0ledamot<\/p>\n<p><em>Kommunens revisorer:<\/em><br \/>\nYngve Nordenstam, ledamot<br style=\"color: #000000\" \/><br style=\"color: #000000\" \/><em><strong><span style=\"color: #000000\">\u00d6vriga kommunala uppdrag:<\/span><\/strong><\/em><br style=\"color: #000000\" \/><span style=\"color: #000000\">Yngve Nordenstam, Lidk\u00f6pings V\u00e4rmeverk AB, revisor<br \/>\n<\/span>Sten-Eric Lager, Lidk\u00f6pings V\u00e4rmeverk AB, vice ordf\u00f6rande<br \/>\nSten-Eric Lager, Lidk\u00f6ping Hovby Flygplats AB, ers\u00e4ttare<br \/>\nJerry Nyberg, AB Bost\u00e4ders, ledamot<br \/>\nIngemar Sixtensson, Lidk\u00f6pings\u00a0N\u00e4ringslivsfastigheter AB, ledamot<br \/>\nAnna Vernersson, Ro\u0308rstrands Porslinssamlingar, ledamot<\/p>\n","protected":false},"excerpt":{"rendered":"<p>Fullm\u00e4ktigeledam\u00f6ter:Stefan Gustafsson, gruppledareSten-Erik Lager Maria Edstr\u00f6m Ers\u00e4ttare: Tommy Larsson Maj Ader Kommunstyrelsen: Stefan Gustafsson, ledamot N\u00e4mndsledam\u00f6ter:Barn- och skoln\u00e4mnd:Maria Edstr\u00f6m, ers\u00e4ttareKultur- \u00a0och fritidsn\u00e4mnd:Tommy Larsson, ledamotMilj\u00f6- och byggn\u00e4mnd:Kenneth Holgersson,\u00a0ledamotSocial- och arbetsmarknadsn\u00e4mnd:Annacarin Lager, ers\u00e4ttareSamh\u00e4llsbyggnadsn\u00e4mnd:Sten-Eric Lager,\u00a02:e vice ordf\u00f6randeUtbildningsn\u00e4mnd:G\u00f6ran Svensson, ers\u00e4ttareV\u00e5rd- och omsorgsn\u00e4mnd:Maj Ader, ledamotTeknisk servicen\u00e4mnd:\u00a0Jerry Nyberg, ledamot R\u00e4ddningsn\u00e4mnd: Jerry Nyberg,\u00a0ledamot Kommunens revisorer: Yngve Nordenstam, ledamot\u00d6vriga kommunala uppdrag:Yngve Nordenstam, Lidk\u00f6pings <a class=\"read-more-link\" href=\"https:\/\/wp.kristdemokraterna.se\/lidkoping\/vara-kommunpolitiker-2\/\">Read More<\/a><\/p>\n","protected":false},"author":490,"featured_media":0,"parent":0,"menu_order":0,"comment_status":"closed","ping_status":"closed","template":"","meta":{"_acf_changed":false,"footnotes":""},"class_list":["post-280","page","type-page","status-publish","hentry"],"acf":[],"yoast_head":"<!-- This site is optimized with the Yoast SEO plugin v27.5 - https:\/\/yoast.com\/product\/yoast-seo-wordpress\/ -->\n<title>V\u00e5ra kommunpolitiker - KRISTDEMOKRATERNA I LIDK\u00d6PING<\/title>\n<meta name=\"robots\" content=\"index, follow, max-snippet:-1, max-image-preview:large, max-video-preview:-1\" \/>\n<link rel=\"canonical\" href=\"https:\/\/wp.kristdemokraterna.se\/lidkoping\/vara-kommunpolitiker-2\/\" \/>\n<meta property=\"og:locale\" content=\"sv_SE\" \/>\n<meta property=\"og:type\" content=\"article\" \/>\n<meta property=\"og:title\" content=\"V\u00e5ra kommunpolitiker - KRISTDEMOKRATERNA I LIDK\u00d6PING\" \/>\n<meta property=\"og:description\" content=\"Fullm\u00e4ktigeledam\u00f6ter:Stefan Gustafsson, gruppledareSten-Erik Lager Maria Edstr\u00f6m Ers\u00e4ttare: Tommy Larsson Maj Ader Kommunstyrelsen: Stefan Gustafsson, ledamot N\u00e4mndsledam\u00f6ter:Barn- och skoln\u00e4mnd:Maria Edstr\u00f6m, ers\u00e4ttareKultur- \u00a0och fritidsn\u00e4mnd:Tommy Larsson, ledamotMilj\u00f6- och byggn\u00e4mnd:Kenneth Holgersson,\u00a0ledamotSocial- och arbetsmarknadsn\u00e4mnd:Annacarin Lager, ers\u00e4ttareSamh\u00e4llsbyggnadsn\u00e4mnd:Sten-Eric Lager,\u00a02:e vice ordf\u00f6randeUtbildningsn\u00e4mnd:G\u00f6ran Svensson, ers\u00e4ttareV\u00e5rd- och omsorgsn\u00e4mnd:Maj Ader, ledamotTeknisk servicen\u00e4mnd:\u00a0Jerry Nyberg, ledamot R\u00e4ddningsn\u00e4mnd: Jerry Nyberg,\u00a0ledamot Kommunens revisorer: Yngve Nordenstam, ledamot\u00d6vriga kommunala uppdrag:Yngve Nordenstam, Lidk\u00f6pings Read More\" \/>\n<meta property=\"og:url\" content=\"https:\/\/wp.kristdemokraterna.se\/lidkoping\/vara-kommunpolitiker-2\/\" \/>\n<meta property=\"og:site_name\" content=\"KRISTDEMOKRATERNA I LIDK\u00d6PING\" \/>\n<meta property=\"article:modified_time\" content=\"2018-03-14T13:56:36+00:00\" \/>\n<meta name=\"twitter:card\" content=\"summary_large_image\" \/>\n<meta name=\"twitter:label1\" content=\"Ber\u00e4knad l\u00e4stid\" \/>\n\t<meta name=\"twitter:data1\" content=\"1 minut\" \/>\n<script type=\"application\/ld+json\" class=\"yoast-schema-graph\">{\"@context\":\"https:\\\/\\\/schema.org\",\"@graph\":[{\"@type\":\"WebPage\",\"@id\":\"https:\\\/\\\/wp.kristdemokraterna.se\\\/lidkoping\\\/vara-kommunpolitiker-2\\\/\",\"url\":\"https:\\\/\\\/wp.kristdemokraterna.se\\\/lidkoping\\\/vara-kommunpolitiker-2\\\/\",\"name\":\"V\u00e5ra kommunpolitiker - KRISTDEMOKRATERNA I LIDK\u00d6PING\",\"isPartOf\":{\"@id\":\"https:\\\/\\\/wp.kristdemokraterna.se\\\/lidkoping\\\/#website\"},\"datePublished\":\"2015-01-20T15:12:44+00:00\",\"dateModified\":\"2018-03-14T13:56:36+00:00\",\"breadcrumb\":{\"@id\":\"https:\\\/\\\/wp.kristdemokraterna.se\\\/lidkoping\\\/vara-kommunpolitiker-2\\\/#breadcrumb\"},\"inLanguage\":\"sv-SE\",\"potentialAction\":[{\"@type\":\"ReadAction\",\"target\":[\"https:\\\/\\\/wp.kristdemokraterna.se\\\/lidkoping\\\/vara-kommunpolitiker-2\\\/\"]}]},{\"@type\":\"BreadcrumbList\",\"@id\":\"https:\\\/\\\/wp.kristdemokraterna.se\\\/lidkoping\\\/vara-kommunpolitiker-2\\\/#breadcrumb\",\"itemListElement\":[{\"@type\":\"ListItem\",\"position\":1,\"name\":\"Hem\",\"item\":\"https:\\\/\\\/wp.kristdemokraterna.se\\\/lidkoping\\\/\"},{\"@type\":\"ListItem\",\"position\":2,\"name\":\"V\u00e5ra kommunpolitiker\"}]},{\"@type\":\"WebSite\",\"@id\":\"https:\\\/\\\/wp.kristdemokraterna.se\\\/lidkoping\\\/#website\",\"url\":\"https:\\\/\\\/wp.kristdemokraterna.se\\\/lidkoping\\\/\",\"name\":\"KRISTDEMOKRATERNA I LIDK\u00d6PING\",\"description\":\"Kristdemokraterna Lidk\u00f6pings webbplats\",\"inLanguage\":\"sv-SE\"}]}<\/script>\n<!-- \/ Yoast SEO plugin. -->","yoast_head_json":{"title":"V\u00e5ra kommunpolitiker - KRISTDEMOKRATERNA I LIDK\u00d6PING","robots":{"index":"index","follow":"follow","max-snippet":"max-snippet:-1","max-image-preview":"max-image-preview:large","max-video-preview":"max-video-preview:-1"},"canonical":"https:\/\/wp.kristdemokraterna.se\/lidkoping\/vara-kommunpolitiker-2\/","og_locale":"sv_SE","og_type":"article","og_title":"V\u00e5ra kommunpolitiker - KRISTDEMOKRATERNA I LIDK\u00d6PING","og_description":"Fullm\u00e4ktigeledam\u00f6ter:Stefan Gustafsson, gruppledareSten-Erik Lager Maria Edstr\u00f6m Ers\u00e4ttare: Tommy Larsson Maj Ader Kommunstyrelsen: Stefan Gustafsson, ledamot N\u00e4mndsledam\u00f6ter:Barn- och skoln\u00e4mnd:Maria Edstr\u00f6m, ers\u00e4ttareKultur- \u00a0och fritidsn\u00e4mnd:Tommy Larsson, ledamotMilj\u00f6- och byggn\u00e4mnd:Kenneth Holgersson,\u00a0ledamotSocial- och arbetsmarknadsn\u00e4mnd:Annacarin Lager, ers\u00e4ttareSamh\u00e4llsbyggnadsn\u00e4mnd:Sten-Eric Lager,\u00a02:e vice ordf\u00f6randeUtbildningsn\u00e4mnd:G\u00f6ran Svensson, ers\u00e4ttareV\u00e5rd- och omsorgsn\u00e4mnd:Maj Ader, ledamotTeknisk servicen\u00e4mnd:\u00a0Jerry Nyberg, ledamot R\u00e4ddningsn\u00e4mnd: Jerry Nyberg,\u00a0ledamot Kommunens revisorer: Yngve Nordenstam, ledamot\u00d6vriga kommunala uppdrag:Yngve Nordenstam, Lidk\u00f6pings Read More","og_url":"https:\/\/wp.kristdemokraterna.se\/lidkoping\/vara-kommunpolitiker-2\/","og_site_name":"KRISTDEMOKRATERNA I LIDK\u00d6PING","article_modified_time":"2018-03-14T13:56:36+00:00","twitter_card":"summary_large_image","twitter_misc":{"Ber\u00e4knad l\u00e4stid":"1 minut"},"schema":{"@context":"https:\/\/schema.org","@graph":[{"@type":"WebPage","@id":"https:\/\/wp.kristdemokraterna.se\/lidkoping\/vara-kommunpolitiker-2\/","url":"https:\/\/wp.kristdemokraterna.se\/lidkoping\/vara-kommunpolitiker-2\/","name":"V\u00e5ra kommunpolitiker - KRISTDEMOKRATERNA I LIDK\u00d6PING","isPartOf":{"@id":"https:\/\/wp.kristdemokraterna.se\/lidkoping\/#website"},"datePublished":"2015-01-20T15:12:44+00:00","dateModified":"2018-03-14T13:56:36+00:00","breadcrumb":{"@id":"https:\/\/wp.kristdemokraterna.se\/lidkoping\/vara-kommunpolitiker-2\/#breadcrumb"},"inLanguage":"sv-SE","potentialAction":[{"@type":"ReadAction","target":["https:\/\/wp.kristdemokraterna.se\/lidkoping\/vara-kommunpolitiker-2\/"]}]},{"@type":"BreadcrumbList","@id":"https:\/\/wp.kristdemokraterna.se\/lidkoping\/vara-kommunpolitiker-2\/#breadcrumb","itemListElement":[{"@type":"ListItem","position":1,"name":"Hem","item":"https:\/\/wp.kristdemokraterna.se\/lidkoping\/"},{"@type":"ListItem","position":2,"name":"V\u00e5ra kommunpolitiker"}]},{"@type":"WebSite","@id":"https:\/\/wp.kristdemokraterna.se\/lidkoping\/#website","url":"https:\/\/wp.kristdemokraterna.se\/lidkoping\/","name":"KRISTDEMOKRATERNA I LIDK\u00d6PING","description":"Kristdemokraterna Lidk\u00f6pings webbplats","inLanguage":"sv-SE"}]}},"_links":{"self":[{"href":"https:\/\/wp.kristdemokraterna.se\/lidkoping\/wp-json\/wp\/v2\/pages\/280","targetHints":{"allow":["GET"]}}],"collection":[{"href":"https:\/\/wp.kristdemokraterna.se\/lidkoping\/wp-json\/wp\/v2\/pages"}],"about":[{"href":"https:\/\/wp.kristdemokraterna.se\/lidkoping\/wp-json\/wp\/v2\/types\/page"}],"author":[{"embeddable":true,"href":"https:\/\/wp.kristdemokraterna.se\/lidkoping\/wp-json\/wp\/v2\/users\/490"}],"replies":[{"embeddable":true,"href":"https:\/\/wp.kristdemokraterna.se\/lidkoping\/wp-json\/wp\/v2\/comments?post=280"}],"version-history":[{"count":4,"href":"https:\/\/wp.kristdemokraterna.se\/lidkoping\/wp-json\/wp\/v2\/pages\/280\/revisions"}],"predecessor-version":[{"id":371,"href":"https:\/\/wp.kristdemokraterna.se\/lidkoping\/wp-json\/wp\/v2\/pages\/280\/revisions\/371"}],"wp:attachment":[{"href":"https:\/\/wp.kristdemokraterna.se\/lidkoping\/wp-json\/wp\/v2\/media?parent=280"}],"curies":[{"name":"wp","href":"https:\/\/api.w.org\/{rel}","templated":true}]}}

Våra kommunpolitiker

<p><em><strong><span style="color: #000000">Fullmäktigeledamöter:</span></strong></em><br style="color: #000000" />Stefan Gustafsson, gruppledare<br style="color: #000000" /><span style="color: #000000">Sten-Erik Lager<br />
Maria Edström</span></p>
<p><span style="color: #000000">Ersättare:<br />
</span>Tommy Larsson<br />
Maj Ader</p>
<p><em><strong>Kommunstyrelsen:<br />
</strong></em>Stefan Gustafsson, ledamot</p>
<p><em><strong><span style="color: #000000">Nämndsledamöter:</span></strong></em><br style="color: #000000" /><em><span style="color: #000000">Barn- och skolnämnd:</span></em><br style="color: #000000" /><span style="color: #000000">Maria Edström, ersättare</span><br style="color: #000000" /><br style="color: #000000" /><em><span style="color: #000000">Kultur-  och fritidsnämnd:</span></em><br style="color: #000000" /><span style="color: #000000">Tommy Larsson, ledamot</span><br style="color: #000000" /><br style="color: #000000" /><em><span style="color: #000000">Miljö- och byggnämnd:</span></em><br style="color: #000000" /><span style="color: #000000">Kenneth Holgersson, ledamot</span><br style="color: #000000" /><br style="color: #000000" /><em><span style="color: #000000">Social- och arbetsmarknadsnämnd:</span></em><br style="color: #000000" /><span style="color: #000000">Annacarin Lager, ersättare</span><br style="color: #000000" /><br style="color: #000000" /><em><span style="color: #000000">Samhällsbyggnadsnämnd:</span></em><br style="color: #000000" /><span style="color: #000000">Sten-Eric Lager, 2:e vice ordförande</span><br style="color: #000000" /><br style="color: #000000" /><em><span style="color: #000000">Utbildningsnämnd:</span></em><br style="color: #000000" /><span style="color: #000000">Göran Svensson, ersättare</span><br style="color: #000000" /><br style="color: #000000" /><em><span style="color: #000000">Vård- och omsorgsnämnd:</span></em><br style="color: #000000" /><span style="color: #000000">Maj Ader, ledamot</span><br style="color: #000000" /><br style="color: #000000" /><em><span style="color: #000000">Teknisk servicenämnd: </span></em><br style="color: #000000" /><span style="color: #000000">Jerry Nyberg, ledamot</span></p>
<p><em>Räddningsnämnd:</em><br />
Jerry Nyberg, ledamot</p>
<p><em>Kommunens revisorer:</em><br />
Yngve Nordenstam, ledamot<br style="color: #000000" /><br style="color: #000000" /><em><strong><span style="color: #000000">Övriga kommunala uppdrag:</span></strong></em><br style="color: #000000" /><span style="color: #000000">Yngve Nordenstam, Lidköpings Värmeverk AB, revisor<br />
</span>Sten-Eric Lager, Lidköpings Värmeverk AB, vice ordförande<br />
Sten-Eric Lager, Lidköping Hovby Flygplats AB, ersättare<br />
Jerry Nyberg, AB Bostäders, ledamot<br />
Ingemar Sixtensson, Lidköpings Näringslivsfastigheter AB, ledamot<br />
Anna Vernersson, Rörstrands Porslinssamlingar, ledamot</p>

<p>Fullmäktigeledamöter:Stefan Gustafsson, gruppledareSten-Erik Lager Maria Edström Ersättare: Tommy Larsson Maj Ader Kommunstyrelsen: Stefan Gustafsson, ledamot Nämndsledamöter:Barn- och skolnämnd:Maria Edström, ersättareKultur-  och fritidsnämnd:Tommy Larsson, ledamotMiljö- och byggnämnd:Kenneth Holgersson, ledamotSocial- och arbetsmarknadsnämnd:Annacarin Lager, ersättareSamhällsbyggnadsnämnd:Sten-Eric Lager, 2:e vice ordförandeUtbildningsnämnd:Göran Svensson, ersättareVård- och omsorgsnämnd:Maj Ader, ledamotTeknisk servicenämnd: Jerry Nyberg, ledamot Räddningsnämnd: Jerry Nyberg, ledamot Kommunens revisorer: Yngve Nordenstam, ledamotÖvriga kommunala uppdrag:Yngve Nordenstam, Lidköpings <a class="read-more-link" href="https://wp.kristdemokraterna.se/lidkoping/vara-kommunpolitiker-2/">Read More</a></p>

<!-- This site is optimized with the Yoast SEO plugin v27.5 - https://yoast.com/product/yoast-seo-wordpress/ -->
<title>Våra kommunpolitiker - KRISTDEMOKRATERNA I LIDKÖPING</title>
<meta name="robots" content="index, follow, max-snippet:-1, max-image-preview:large, max-video-preview:-1" />
<link rel="canonical" href="https://wp.kristdemokraterna.se/lidkoping/vara-kommunpolitiker-2/" />
<meta property="og:locale" content="sv_SE" />
<meta property="og:type" content="article" />
<meta property="og:title" content="Våra kommunpolitiker - KRISTDEMOKRATERNA I LIDKÖPING" />
<meta property="og:description" content="Fullmäktigeledamöter:Stefan Gustafsson, gruppledareSten-Erik Lager Maria Edström Ersättare: Tommy Larsson Maj Ader Kommunstyrelsen: Stefan Gustafsson, ledamot Nämndsledamöter:Barn- och skolnämnd:Maria Edström, ersättareKultur-  och fritidsnämnd:Tommy Larsson, ledamotMiljö- och byggnämnd:Kenneth Holgersson, ledamotSocial- och arbetsmarknadsnämnd:Annacarin Lager, ersättareSamhällsbyggnadsnämnd:Sten-Eric Lager, 2:e vice ordförandeUtbildningsnämnd:Göran Svensson, ersättareVård- och omsorgsnämnd:Maj Ader, ledamotTeknisk servicenämnd: Jerry Nyberg, ledamot Räddningsnämnd: Jerry Nyberg, ledamot Kommunens revisorer: Yngve Nordenstam, ledamotÖvriga kommunala uppdrag:Yngve Nordenstam, Lidköpings Read More" />
<meta property="og:url" content="https://wp.kristdemokraterna.se/lidkoping/vara-kommunpolitiker-2/" />
<meta property="og:site_name" content="KRISTDEMOKRATERNA I LIDKÖPING" />
<meta property="article:modified_time" content="2018-03-14T13:56:36+00:00" />
<meta name="twitter:card" content="summary_large_image" />
<meta name="twitter:label1" content="Beräknad lästid" />
	<meta name="twitter:data1" content="1 minut" />
<script type="application/ld+json" class="yoast-schema-graph">{"@context":"https:\/\/schema.org","@graph":[{"@type":"WebPage","@id":"https:\/\/wp.kristdemokraterna.se\/lidkoping\/vara-kommunpolitiker-2\/","url":"https:\/\/wp.kristdemokraterna.se\/lidkoping\/vara-kommunpolitiker-2\/","name":"Våra kommunpolitiker - KRISTDEMOKRATERNA I LIDKÖPING","isPartOf":{"@id":"https:\/\/wp.kristdemokraterna.se\/lidkoping\/#website"},"datePublished":"2015-01-20T15:12:44+00:00","dateModified":"2018-03-14T13:56:36+00:00","breadcrumb":{"@id":"https:\/\/wp.kristdemokraterna.se\/lidkoping\/vara-kommunpolitiker-2\/#breadcrumb"},"inLanguage":"sv-SE","potentialAction":[{"@type":"ReadAction","target":["https:\/\/wp.kristdemokraterna.se\/lidkoping\/vara-kommunpolitiker-2\/"]}]},{"@type":"BreadcrumbList","@id":"https:\/\/wp.kristdemokraterna.se\/lidkoping\/vara-kommunpolitiker-2\/#breadcrumb","itemListElement":[{"@type":"ListItem","position":1,"name":"Hem","item":"https:\/\/wp.kristdemokraterna.se\/lidkoping\/"},{"@type":"ListItem","position":2,"name":"Våra kommunpolitiker"}]},{"@type":"WebSite","@id":"https:\/\/wp.kristdemokraterna.se\/lidkoping\/#website","url":"https:\/\/wp.kristdemokraterna.se\/lidkoping\/","name":"KRISTDEMOKRATERNA I LIDKÖPING","description":"Kristdemokraterna Lidköpings webbplats","inLanguage":"sv-SE"}]}</script>
<!-- / Yoast SEO plugin. -->

Våra kommunpolitiker - KRISTDEMOKRATERNA I LIDKÖPING

Fullmäktigeledamöter:Stefan Gustafsson, gruppledareSten-Erik Lager Maria Edström Ersättare: Tommy Larsson Maj Ader Kommunstyrelsen: Stefan Gustafsson, ledamot Nämndsledamöter:Barn- och skolnämnd:Maria Edström, ersättareKultur-  och fritidsnämnd:Tommy Larsson, ledamotMiljö- och byggnämnd:Kenneth Holgersson, ledamotSocial- och arbetsmarknadsnämnd:Annacarin Lager, ersättareSamhällsbyggnadsnämnd:Sten-Eric Lager, 2:e vice ordförandeUtbildningsnämnd:Göran Svensson, ersättareVård- och omsorgsnämnd:Maj Ader, ledamotTeknisk servicenämnd: Jerry Nyberg, ledamot Räddningsnämnd: Jerry Nyberg, ledamot Kommunens revisorer: Yngve Nordenstam, ledamotÖvriga kommunala uppdrag:Yngve Nordenstam, Lidköpings Read More

KRISTDEMOKRATERNA I LIDKÖPING

Kristdemokraterna Lidköpings webbplats
